000
CXUS56 KLOX 011155
CF6SDB
PRELIMINARY LOCAL CLIMATOLOGICAL DATA (WS FORM: F-6)
STATION: SANDBERG CA
MONTH: APRIL
YEAR: 2023
LATITUDE: 34 45 N
LONGITUDE: 118 44 W
TEMPERATURE IN F: :PCPN: SNOW: WIND :SUNSHINE: SKY :PK WND
================================================================================
1 2 3 4 5 6A 6B 7 8 9 10 11 12 13 14 15 16 17 18
12Z AVG MX 2MIN
DY MAX MIN AVG DEP HDD CDD WTR SNW DPTH SPD SPD DIR MIN PSBL S-S WX SPD DR
================================================================================
1 57 37 47 -3 18 0 0.00 M M 12.0 25 320 M M 0 31 330
2 59 39 49 -1 16 0 T M M 13.5 29 320 M M M 2 37 310
3 42 29 36 -14 29 0 T M M 26.9 41 320 M M M 2 60 300
4 40 27 34 -17 31 0 0.00 M M 15.5 31 330 M M M 1 44 330
5 52 30 41 -10 24 0 0.00 M M 12.4 33 330 M M M 41 340
6 57 38 48 -3 17 0 0.00 M M 12.4 25 70 M M 0 43 70
7 60 45 53 2 12 0 0.00 M M 9.7 24 320 M M 2 31 320
8 60 42 51 0 14 0 0.00 M M 14.0 24 310 M M 0 12 33 310
9 70 48 59 8 6 0 0.00 M M 10.7 17 60 M M 0 33 60
10 75 58 67 16 0 2 0.00 M M 10.4 18 190 M M 0 26 200
11 71 50 61 10 4 0 0.00 M M 12.4 21 330 M M 0 35 330
12 58 43 51 -1 14 0 0.00 M M 15.2 28 330 M M 1 18 39 320
13 49 36 43 -9 22 0 0.00 M M 16.8 23 320 M M 3 12 45 300
14 56 38 47 -5 18 0 0.00 M M 16.5 32 320 M M 0 39 300
15 66 44 55 3 10 0 0.00 M M 13.3 20 320 M M 0 31 170
16 66 49 58 6 7 0 0.00 M M 11.8 21 330 M M 0 35 330
17 58 42 50 -2 15 0 0.00 M M 18.6 31 330 M M 1 1 41 330
18 49 35 42 -10 23 0 T M M 18.2 24 320 M M 3 12 40 350
19 49 32 41 -12 24 0 0.00 M M 18.8 35 330 M M 0 52 340
20 66 38 52 -1 13 0 0.00 M M 18.8 33 320 M M 0 49 330
21 75 47 61 8 4 0 0.00 M M 13.6 24 310 M M 0 44 300
22 75 52 64 11 1 0 0.00 M M 17.7 32 320 M M 0 41 330
23 70 52 61 7 4 0 0.00 M M 21.7 43 320 M M 0 59 300
24 67 50 59 5 6 0 0.00 M M 21.9 45 320 M M 2 1 66 300
25 76 50 63 9 2 0 0.00 M M 15.0 24 340 M M 0 37 340
26 79 56 68 14 0 3 0.00 M M 12.7 24 70 M M 0 33 90
27 81 58 70 16 0 5 0.00 M M 10.0 21 330 M M 0 27 330
28 83 61 72 17 0 7 0.00 M M 11.9 18 90 M M 0 32 70
29 84 63 74 19 0 9 0.00 M M 10.1 21 200 M M 0 31 210
30 75 49 62 7 3 0 0.00 M M 11.3 20 160 M M 0 1 33 150
================================================================================
SM 1925 1338 337 26 T M 443.6 M 12
================================================================================
AV 64.2 44.6 14.8 FASTST M M 0 MAX(MPH)
MISC ----> 45 320 66 300
================================================================================
NOTES:
# LAST OF SEVERAL OCCURRENCES
COLUMN 17 PEAK WIND IN M.P.H.
PRELIMINARY LOCAL CLIMATOLOGICAL DATA (WS FORM: F-6) , PAGE 2
STATION: SANDBERG CA
MONTH: APRIL
YEAR: 2023
LATITUDE: 34 45 N
LONGITUDE: 118 44 W
[TEMPERATURE DATA] [PRECIPITATION DATA] SYMBOLS USED IN COLUMN 16
AVERAGE MONTHLY: 54.4 TOTAL FOR MONTH: T 1 = FOG OR MIST
DPTR FM NORMAL: 2.1 DPTR FM NORMAL: -0.76 2 = FOG REDUCING VISIBILITY
HIGHEST: 84 ON 29 GRTST 24HR T ON 2- 2 TO 1/4 MILE OR LESS
LOWEST: 27 ON 4 3 = THUNDER
SNOW, ICE PELLETS, HAIL 4 = ICE PELLETS
TOTAL MONTH: M 5 = HAIL
GRTST 24HR M ON M 6 = FREEZING RAIN OR DRIZZLE
GRTST DEPTH: M ON M 7 = DUSTSTORM OR SANDSTORM:
VSBY 1/2 MILE OR LESS
8 = SMOKE OR HAZE
[NO. OF DAYS WITH] [WEATHER - DAYS WITH] 9 = BLOWING SNOW
X = TORNADO
MAX 32 OR BELOW: 0 0.01 INCH OR MORE: 0
MAX 90 OR ABOVE: 0 0.10 INCH OR MORE: 0
MIN 32 OR BELOW: 4 0.50 INCH OR MORE: 0
MIN 0 OR BELOW: 0 1.00 INCH OR MORE: 0
[HDD (BASE 65) ]
TOTAL THIS MO. 337 CLEAR (SCALE 0-3) 26
DPTR FM NORMAL -52 PTCLDY (SCALE 4-7) 0
TOTAL FM JUL 1 3587 CLOUDY (SCALE 8-10) 4
DPTR FM NORMAL 301
[CDD (BASE 65) ]
TOTAL THIS MO. 26
DPTR FM NORMAL 17 [PRESSURE DATA]
TOTAL FM JAN 1 26 HIGHEST SLP M ON M
DPTR FM NORMAL 15 LOWEST SLP 29.76 ON 14
[REMARKS]
#FINAL-04-23#