000
CXUS55 KPSR 011005
CF6SDL
PRELIMINARY LOCAL CLIMATOLOGICAL DATA (WS FORM: F-6)
STATION: SCOTTSDALE AZ
MONTH: DECEMBER
YEAR: 2021
LATITUDE: 33 37 N
LONGITUDE: 111 54 W
TEMPERATURE IN F: :PCPN: SNOW: WIND :SUNSHINE: SKY :PK WND
================================================================================
1 2 3 4 5 6A 6B 7 8 9 10 11 12 13 14 15 16 17 18
12Z AVG MX 2MIN
DY MAX MIN AVG DEP HDD CDD WTR SNW DPTH SPD SPD DIR MIN PSBL S-S WX SPD DR
================================================================================
1 83 50 67 11 0 2 0.00 M M 1.8 6 200 M M 0 8 320
2 82 54 68 12 0 3 0.00 M M 1.5 6 20 M M 1 8 220
3 79 53 66 11 0 1 0.00 M M 1.3 6 250 M M 0 9 260
4 77 49 63 8 2 0 0.00 M M 0.7 6 30 M M 0 9 240
5 75 47 61 6 4 0 0.00 M M 1.3 7 50 M M 0 9 250
6 75 46 61 7 4 0 0.00 M M 1.2 7 170 M M 0 9 170
7 74 52 63 9 2 0 0.00 M M 1.7 8 140 M M 0 11 140
8 72 56 64 10 1 0 0.00 M M 2.0 9 160 M M 3 13 140
9 70 53 62 8 3 0 0.49 M M 4.6 15 270 M M 7 1 23 260
10 61 51 56 2 9 0 0.01 M M 2.9 9 250 M M 2 1 14 250
11 66 41 54 1 11 0 0.00 M M 2.2 7 20 M M 0 11 330
12 71 42 57 4 8 0 0.00 M M 1.7 10 120 M M 0 16 120
13 69 45 57 4 8 0 0.00 M M 2.0 9 150 M M 0 13 150
14 70 51 61 8 4 0 0.07 M M 6.3 28 260 M M 3 1 39 270
15 57 42 50 -3 15 0 0.09 M M 2.7 18 270 M M 1 1 33 280
16 61 37 49 -4 16 0 0.00 M M 1.9 7 260 M M 0 11 260
17 61 39 50 -3 15 0 0.00 M M 2.0 8 20 M M 0 11 230
18 67 41 54 1 11 0 0.00 M M 7.5 20 40 M M 0 23 40
19 69 41 55 2 10 0 0.00 M M 1.5 12 60 M M 0 19 30
20 70 41 56 3 9 0 0.00 M M 1.1 7 30 M M 0 9 270
21 64 49 57 4 8 0 0.00 M M 1.2 6 300 M M 0 9 290
22 71 45 58 5 7 0 0.00 M M 1.1 6 50 M M 0 7 250
23 72 56 64 11 1 0 T M M 0.9 8 40 M M 6 11 190
24 62 52 57 4 8 0 1.29 M M 5.2 14 340 M M 10 1 25 320
25 60 51 56 3 9 0 T M M 1.7 6 150 M M 4 1 9 110
26 63 50 57 4 8 0 0.00 M M 1.9 9 240 M M 3 1 13 240
27 56 46 51 -2 14 0 0.00 M M 2.7 10 210 M M 4 16 220
28 56 42 49 -4 16 0 0.22 0.0 M 1.8 8 120 M M 8 1 12 140
29 58 46 52 -1 13 0 0.07 0.0 M 2.9 9 180 M M 7 13 15 200
30 60 46 53 0 12 0 0.00 0.0 M 1.5 8 190 M M 6 11 190
31 60 51 56 3 9 0 0.05 M M 3.1 17 230 M M 10 1 32 240
================================================================================
SM 2091 1465 237 6 2.29 0.0 71.9 M 75
================================================================================
AV 67.5 47.3 2.3 FASTST M M 2 MAX(MPH)
MISC ----> 28 260 39 270
================================================================================
NOTES:
# LAST OF SEVERAL OCCURRENCES
COLUMN 17 PEAK WIND IN M.P.H.
PRELIMINARY LOCAL CLIMATOLOGICAL DATA (WS FORM: F-6) , PAGE 2
STATION: SCOTTSDALE AZ
MONTH: DECEMBER
YEAR: 2021
LATITUDE: 33 37 N
LONGITUDE: 111 54 W
[TEMPERATURE DATA] [PRECIPITATION DATA] SYMBOLS USED IN COLUMN 16
AVERAGE MONTHLY: 57.4 TOTAL FOR MONTH: 2.29 1 = FOG OR MIST
DPTR FM NORMAL: 3.8 DPTR FM NORMAL: 1.30 2 = FOG REDUCING VISIBILITY
HIGHEST: 83 ON 1 GRTST 24HR 1.29 ON 24-24 TO 1/4 MILE OR LESS
LOWEST: 37 ON 16 3 = THUNDER
SNOW, ICE PELLETS, HAIL 4 = ICE PELLETS
TOTAL MONTH: 0.0 INCH 5 = HAIL
GRTST 24HR 0.0 6 = FREEZING RAIN OR DRIZZLE
GRTST DEPTH: M ON M 7 = DUSTSTORM OR SANDSTORM:
VSBY 1/2 MILE OR LESS
8 = SMOKE OR HAZE
[NO. OF DAYS WITH] [WEATHER - DAYS WITH] 9 = BLOWING SNOW
X = TORNADO
MAX 32 OR BELOW: 0 0.01 INCH OR MORE: 8
MAX 90 OR ABOVE: 0 0.10 INCH OR MORE: 3
MIN 32 OR BELOW: 0 0.50 INCH OR MORE: 1
MIN 0 OR BELOW: 0 1.00 INCH OR MORE: 1
[HDD (BASE 65) ]
TOTAL THIS MO. 237 CLEAR (SCALE 0-3) 20
DPTR FM NORMAL -118 PTCLDY (SCALE 4-7) 9
TOTAL FM JUL 1 251 CLOUDY (SCALE 8-10) 2
DPTR FM NORMAL -235
[CDD (BASE 65) ]
TOTAL THIS MO. 6
DPTR FM NORMAL 5 [PRESSURE DATA]
TOTAL FM JAN 1 4358 HIGHEST SLP 30.23 ON 11
DPTR FM NORMAL 187 LOWEST SLP 29.52 ON 31
[REMARKS]
#FINAL-12-21#