000
CXUS54 KFWD 072148
CF6SEP
PRELIMINARY LOCAL CLIMATOLOGICAL DATA (WS FORM: F-6)
STATION: STEPHENVILLE
MONTH: JUNE
YEAR: 2022
LATITUDE: 32 13 N
LONGITUDE: 98 11 W
TEMPERATURE IN F: :PCPN: SNOW: WIND :SUNSHINE: SKY :PK WND
================================================================================
1 2 3 4 5 6A 6B 7 8 9 10 11 12 13 14 15 16 17 18
12Z AVG MX 2MIN
DY MAX MIN AVG DEP HDD CDD WTR SNW DPTH SPD SPD DIR MIN PSBL S-S WX SPD DR
================================================================================
1 94 74 84 8 0 19 0.00 M M 7.9 16 160 M M 5 23 160
2 84 64 74 -2 0 9 0.01 M M 6.9 17 10 M M 5 35 0
3 78 66 72 -4 0 7 0.00 M M 3.2 13 320 M M 5 M M
4 90 64 77 1 0 12 0.00 M M 4.0 8 150 M M 4 M M
5 96 71 84 7 0 19 0.00 M M 11.2 17 170 M M 0 28 180
6 100 73 87 10 0 22 0.00 M M 12.6 17 190 M M 1 24 170
7 98 73 86 9 0 21 0.00 M M 10.3 15 130 M M 1 21 150
8 92 72 82 5 0 17 0.00 M M 11.2 25 350 M M 1 33 350
9 98 70 84 6 0 19 0.00 M M 4.1 8 160 M M 3 M M
10 100 74 87 9 0 22 0.00 M M 4.1 9 170 M M 1 12 230
11 104 73 89 11 0 24 0.00 M M 6.7 17 220 M M 1 22 230
12 105 76 91 13 0 26 0.00 M M 9.3 15 210 M M 0 22 200
13 102 76 89 11 0 24 0.00 M M 12.4 17 170 M M 1 28 170
14 98 76 87 8 0 22 0.00 M M 15.5 23 170 M M 1 35 170
15 98 76 87 8 0 22 0.00 M M 12.9 17 180 M M 1 26 170
16 101 75 88 9 0 23 0.00 M M 8.2 13 200 M M 1 23 180
17 100 70 85 6 0 20 0.00 M M 5.1 12 120 M M 2 17 180
18 99 74 87 8 0 22 0.00 M M 6.3 12 130 M M 5 17 140
19 100 73 87 7 0 22 0.00 M M 6.5 13 130 M M 3 18 140
20 102 73 88 8 0 23 0.00 M M 8.2 14 140 M M 2 25 170
21 101 76 89 9 0 24 0.00 M M 7.5 16 100 M M 3 23 100
22 100 72 86 6 0 21 0.00 M M 4.7 10 150 M M 2 18 110
23 102 74 88 8 0 23 0.00 M M 5.1 16 130 M M 3 21 130
24 104 74 89 9 0 24 0.00 M M 7.3 14 190 M M 2 20 200
25 102 74 88 8 0 23 0.00 M M 5.7 10 110 M M 2 16 160
26 101 74 88 8 0 23 0.00 M M 4.7 15 320 M M 2 23 320
27 95 71 83 2 0 18 0.00 M M 8.4 14 10 M M 3 25 190
28 89 71 80 -1 0 15 0.00 M M 6.6 13 10 M M 4 16 90
29 96 67 82 1 0 17 0.00 M M 4.3 8 90 M M 2 17 70
30 100 67 84 3 0 19 0.00 M M 4.3 10 80 M M 3 M M
================================================================================
SM 2929 2163 0 602 0.01 M 225.2 M 69
================================================================================
AV 97.6 72.1 7.5 FASTST M M 2 MAX(MPH)
MISC ----> 25 350 # 35 0
================================================================================
NOTES:
# LAST OF SEVERAL OCCURRENCES
COLUMN 17 PEAK WIND IN M.P.H.
PRELIMINARY LOCAL CLIMATOLOGICAL DATA (WS FORM: F-6) , PAGE 2
STATION: STEPHENVILLE
MONTH: JUNE
YEAR: 2022
LATITUDE: 32 13 N
LONGITUDE: 98 11 W
[TEMPERATURE DATA] [PRECIPITATION DATA] SYMBOLS USED IN COLUMN 16
AVERAGE MONTHLY: 84.9 TOTAL FOR MONTH: 0.01 1 = FOG OR MIST
DPTR FM NORMAL: 6.2 DPTR FM NORMAL: -4.00 2 = FOG REDUCING VISIBILITY
HIGHEST: 105 ON 12 GRTST 24HR 0.01 ON 2- 2 TO 1/4 MILE OR LESS
LOWEST: 64 ON 4, 2 3 = THUNDER
SNOW, ICE PELLETS, HAIL 4 = ICE PELLETS
TOTAL MONTH: M 5 = HAIL
GRTST 24HR M ON M 6 = FREEZING RAIN OR DRIZZLE
GRTST DEPTH: M ON M 7 = DUSTSTORM OR SANDSTORM:
VSBY 1/2 MILE OR LESS
8 = SMOKE OR HAZE
[NO. OF DAYS WITH] [WEATHER - DAYS WITH] 9 = BLOWING SNOW
X = TORNADO
MAX 32 OR BELOW: 0 0.01 INCH OR MORE: 1
MAX 90 OR ABOVE: 27 0.10 INCH OR MORE: 0
MIN 32 OR BELOW: 0 0.50 INCH OR MORE: 0
MIN 0 OR BELOW: 0 1.00 INCH OR MORE: 0
[HDD (BASE 65) ]
TOTAL THIS MO. 0 CLEAR (SCALE 0-3) 21
DPTR FM NORMAL -1 PTCLDY (SCALE 4-7) 9
TOTAL FM JUL 1 2002 CLOUDY (SCALE 8-10) 0
DPTR FM NORMAL -713
[CDD (BASE 65) ]
TOTAL THIS MO. 602
DPTR FM NORMAL 190 [PRESSURE DATA]
TOTAL FM JAN 1 1212 HIGHEST SLP M ON M
DPTR FM NORMAL 480 LOWEST SLP M ON M
[REMARKS]
#FINAL-06-22#