000
CXUS55 KSEW 010930
CF6SEW
PRELIMINARY LOCAL CLIMATOLOGICAL DATA (WS FORM: F-6)
STATION: SEATTLE WA WFO
MONTH: JUNE
YEAR: 2022
LATITUDE: 47 41 N
LONGITUDE: 122 15 W
TEMPERATURE IN F: :PCPN: SNOW: WIND :SUNSHINE: SKY :PK WND
================================================================================
1 2 3 4 5 6A 6B 7 8 9 10 11 12 13 14 15 16 17 18
12Z AVG MX 2MIN
DY MAX MIN AVG DEP HDD CDD WTR SNW DPTH SPD SPD DIR MIN PSBL S-S WX SPD DR
================================================================================
1 73 54 64 4 1 0 0.02 0.0 0 M M M M M M M M
2 73 55 64 4 1 0 0.13 0.0 0 M M M M M M 3 M M
3 66 55 61 1 4 0 0.14 0.0 0 M M M M M M 3 M M
4 70 55 63 3 2 0 0.28 0.0 0 M M M M M M M M
5 66 52 59 -1 6 0 0.55 0.0 0 M M M M M M 1 M M
6 66 51 59 -1 6 0 0.04 0.0 0 M M M M M M M M
7 73 47 60 0 5 0 T 0.0 0 M M M M M M M M
8 70 57 64 4 1 0 0.00 0.0 0 M M M M M M M M
9 60 55 58 -2 7 0 1.03 0.0 0 M M M M M M M M
10 69 55 62 1 3 0 0.11 0.0 0 M M M M M M M M
11 72 56 64 3 1 0 0.02 0.0 0 M M M M M M M M
12 61 51 56 -5 9 0 0.07 0.0 0 M M M M M M M M
13 62 49 56 -5 9 0 T 0.0 0 M M M M M M M M
14 61 49 55 -6 10 0 0.14 0.0 0 M M M M M M M M
15 62 51 57 -4 8 0 0.00 0.0 0 M M M M M M M M
16 69 49 59 -2 6 0 T 0.0 0 M M M M M M M M
17 59 54 57 -5 8 0 0.16 0.0 0 M M M M M M M M
18 63 53 58 -4 7 0 T 0.0 0 M M M M M M M M
19 69 53 61 -1 4 0 0.00 0.0 0 M M M M M M M M
20 67 52 60 -2 5 0 0.02 0.0 0 M M M M M M M M
21 78 54 66 4 0 1 0.00 0.0 0 M M M M M M M M
22 68 55 62 0 3 0 T 0.0 0 M M M M M M M M
23 71 51 61 -1 4 0 0.00 0.0 0 M M M M M M M M
24 75 51 63 0 2 0 0.00 0.0 0 M M M M M M M M
25 82 56 69 6 0 4 0.00 0.0 0 M M M M M M M M
26 86 59 73 10 0 8 0.00 0.0 0 M M M M M M M M
27 93 60 77 14 0 12 0.00 0.0 0 M M M M M M M M
28 69 57 63 0 2 0 0.00 0.0 0 M M M M M M M M
29 66 56 61 -3 4 0 0.00 0.0 0 M M M M M M M M
30 73 52 63 -1 2 0 0.00 0.0 0 M M M M M M M M
================================================================================
SM 2092 1604 120 25 2.71 0.0 M M M
================================================================================
AV 69.7 53.5 M FASTST M M M MAX(MPH)
MISC ----> M M M M
================================================================================
NOTES:
# LAST OF SEVERAL OCCURRENCES
COLUMN 17 PEAK WIND IN M.P.H.
PRELIMINARY LOCAL CLIMATOLOGICAL DATA (WS FORM: F-6) , PAGE 2
STATION: SEATTLE WA WFO
MONTH: JUNE
YEAR: 2022
LATITUDE: 47 41 N
LONGITUDE: 122 15 W
[TEMPERATURE DATA] [PRECIPITATION DATA] SYMBOLS USED IN COLUMN 16
AVERAGE MONTHLY: 61.6 TOTAL FOR MONTH: 2.71 1 = FOG OR MIST
DPTR FM NORMAL: 0.2 DPTR FM NORMAL: 1.14 2 = FOG REDUCING VISIBILITY
HIGHEST: 93 ON 27 GRTST 24HR 1.03 ON 9- 9 TO 1/4 MILE OR LESS
LOWEST: 47 ON 7 3 = THUNDER
SNOW, ICE PELLETS, HAIL 4 = ICE PELLETS
TOTAL MONTH: 0.0 INCH 5 = HAIL
GRTST 24HR 0.0 6 = FREEZING RAIN OR DRIZZLE
GRTST DEPTH: 0 7 = DUSTSTORM OR SANDSTORM:
VSBY 1/2 MILE OR LESS
8 = SMOKE OR HAZE
[NO. OF DAYS WITH] [WEATHER - DAYS WITH] 9 = BLOWING SNOW
X = TORNADO
MAX 32 OR BELOW: 0 0.01 INCH OR MORE: 13
MAX 90 OR ABOVE: 1 0.10 INCH OR MORE: 8
MIN 32 OR BELOW: 0 0.50 INCH OR MORE: 2
MIN 0 OR BELOW: 0 1.00 INCH OR MORE: 1
[HDD (BASE 65) ]
TOTAL THIS MO. 120 CLEAR (SCALE 0-3) 0
DPTR FM NORMAL -4 PTCLDY (SCALE 4-7) 0
TOTAL FM JUL 1 4577 CLOUDY (SCALE 8-10) 30
DPTR FM NORMAL 93
[CDD (BASE 65) ]
TOTAL THIS MO. 25
DPTR FM NORMAL 7 [PRESSURE DATA]
TOTAL FM JAN 1 25 HIGHEST SLP M ON M
DPTR FM NORMAL 3 LOWEST SLP M ON M
[REMARKS]
#FINAL-06-22#