000
CXUS56 KOTX 011010
CF6SFF
PRELIMINARY LOCAL CLIMATOLOGICAL DATA (WS FORM: F-6)
STATION: SPOKANE WA FELTS AIRPORT
MONTH: OCTOBER
YEAR: 2020
LATITUDE: 47 40 N
LONGITUDE: 117 20 W
TEMPERATURE IN F: :PCPN: SNOW: WIND :SUNSHINE: SKY :PK WND
================================================================================
1 2 3 4 5 6A 6B 7 8 9 10 11 12 13 14 15 16 17 18
12Z AVG MX 2MIN
DY MAX MIN AVG DEP HDD CDD WTR SNW DPTH SPD SPD DIR MIN PSBL S-S WX SPD DR
================================================================================
1 75 47 61 7 4 0 0.00 M M 0.7 6 60 M M 0 7 70
2 78 50 64 10 1 0 0.00 M M 1.8 7 240 M M 0 10 220
3 80 47 64 11 1 0 0.00 M M 1.4 6 250 M M 0 1 8 80
4 78 46 62 9 3 0 0.00 M M 3.5 14 220 M M 0 1 17 210
5 77 44 61 8 4 0 0.00 M M 2.2 10 240 M M 0 14 200
6 82 46 64 12 1 0 0.00 M M 3.5 12 230 M M 0 16 220
7 82 48 65 13 0 0 0.00 M M 0.9 6 60 M M 0 8 140
8 75 47 61 10 4 0 0.00 M M 6.3 17 230 M M 1 22 230
9 75 50 63 12 2 0 0.00 M M 5.5 17 220 M M 0 22 230
10 63 45 54 4 11 0 0.34 M M 12.2 25 230 M M 6 1 32 210
11 57 43 50 0 15 0 0.23 M M 9.1 22 240 M M 6 1 29 240
12 61 44 53 3 12 0 0.01 M M 7.5 18 240 M M 5 26 280
13 63 45 54 5 11 0 0.29 M M 12.5 39 240 M M 5 1 53 240
14 58 39 49 0 16 0 0.04 M M 6.7 23 230 M M 3 28 240
15 57 33 45 -3 20 0 0.00 M M 2.3 14 240 M M 3 1 19 230
16 65 48 57 9 8 0 0.00 M M 8.7 18 220 M M 6 24 260
17 60 47 54 6 11 0 0.00 M M 1.9 9 200 M M 7 14 20
18 52 43 48 1 17 0 0.09 M M 1.8 8 90 M M 9 1 11 350
19 62 43 53 6 12 0 0.00 M M 7.1 23 230 M M 7 1 29 230
20 56 36 46 0 19 0 0.00 M M 1.6 17 220 M M 3 20 220
21 50 31 41 -5 24 0 0.00 M M 2.2 13 90 M M 4 18 90
22 46 29 38 -8 27 0 0.00 M M 2.0 8 150 M M 5 1 11 110
23 34 27 31 -14 34 0 0.68 M M 3.0 13 70 M M 7 12 16 90
24 34 20 27 -18 38 0 0.01 M M 5.8 18 50 M M 3 1 29 60
25 32 15 24 -20 41 0 0.00 M M 2.7 10 70 M M 0 18 15 70
26 35 20 28 -16 37 0 0.00 M M 1.6 8 220 M M 4 10 240
27 44 23 34 -10 31 0 0.00 M M 0.7 10 180 M M 1 13 190
28 54 30 42 -1 23 0 0.00 M M 1.1 10 190 M M 0 1 13 220
29 62 32 47 4 18 0 0.00 M M 2.2 10 190 M M 0 12 14 180
30 60 36 48 5 17 0 0.00 M M 7.5 29 250 M M 3 8 42 250
31 54 29 42 0 23 0 0.00 M M 1.9 7 230 M M 0 8 10 230
================================================================================
SM 1861 1183 485 0 1.69 M 127.9 M 88
================================================================================
AV 60.0 38.2 4.1 FASTST M M 3 MAX(MPH)
MISC ----> 39 240 53 240
================================================================================
NOTES:
# LAST OF SEVERAL OCCURRENCES
COLUMN 17 PEAK WIND IN M.P.H.
PRELIMINARY LOCAL CLIMATOLOGICAL DATA (WS FORM: F-6) , PAGE 2
STATION: SPOKANE WA FELTS AIRPORT
MONTH: OCTOBER
YEAR: 2020
LATITUDE: 47 40 N
LONGITUDE: 117 20 W
[TEMPERATURE DATA] [PRECIPITATION DATA] SYMBOLS USED IN COLUMN 16
AVERAGE MONTHLY: 49.1 TOTAL FOR MONTH: 1.69 1 = FOG OR MIST
DPTR FM NORMAL: 1.0 DPTR FM NORMAL: 0.32 2 = FOG REDUCING VISIBILITY
HIGHEST: 82 ON 7, 6 GRTST 24HR 0.69 ON 23-24 TO 1/4 MILE OR LESS
LOWEST: 15 ON 25 3 = THUNDER
SNOW, ICE PELLETS, HAIL 4 = ICE PELLETS
TOTAL MONTH: M 5 = HAIL
GRTST 24HR M ON M 6 = FREEZING RAIN OR DRIZZLE
GRTST DEPTH: M ON M 7 = DUSTSTORM OR SANDSTORM:
VSBY 1/2 MILE OR LESS
8 = SMOKE OR HAZE
[NO. OF DAYS WITH] [WEATHER - DAYS WITH] 9 = BLOWING SNOW
X = TORNADO
MAX 32 OR BELOW: 1 0.01 INCH OR MORE: 8
MAX 90 OR ABOVE: 0 0.10 INCH OR MORE: 4
MIN 32 OR BELOW: 10 0.50 INCH OR MORE: 1
MIN 0 OR BELOW: 0 1.00 INCH OR MORE: 0
[HDD (BASE 65) ]
TOTAL THIS MO. 485 CLEAR (SCALE 0-3) 17
DPTR FM NORMAL -41 PTCLDY (SCALE 4-7) 13
TOTAL FM JUL 1 585 CLOUDY (SCALE 8-10) 1
DPTR FM NORMAL -152
[CDD (BASE 65) ]
TOTAL THIS MO. 0
DPTR FM NORMAL 0 [PRESSURE DATA]
TOTAL FM JAN 1 553 HIGHEST SLP M ON M
DPTR FM NORMAL 147 LOWEST SLP 29.55 ON 10
[REMARKS]
#FINAL-10-20#