000
CXUS56 KOTX 010900
CF6SFF
PRELIMINARY LOCAL CLIMATOLOGICAL DATA (WS FORM: F-6)
STATION: SPOKANE WA FELTS AIRPORT
MONTH: APRIL
YEAR: 2020
LATITUDE: 47 40 N
LONGITUDE: 117 20 W
TEMPERATURE IN F: :PCPN: SNOW: WIND :SUNSHINE: SKY :PK WND
================================================================================
1 2 3 4 5 6A 6B 7 8 9 10 11 12 13 14 15 16 17 18
12Z AVG MX 2MIN
DY MAX MIN AVG DEP HDD CDD WTR SNW DPTH SPD SPD DIR MIN PSBL S-S WX SPD DR
================================================================================
1 45 30 38 -6 27 0 0.04 M M 3.0 12 200 M M 6 1 14 210
2 46 31 39 -6 26 0 T M M 3.9 20 230 M M 8 24 260
3 47 27 37 -8 28 0 T M M 12.2 24 210 M M 8 33 210
4 49 24 37 -8 28 0 0.00 M M 2.5 12 100 M M 3 15 90
5 50 33 42 -3 23 0 0.08 M M 0.9 8 100 M M 9 1 10 100
6 59 34 47 2 18 0 0.00 M M 4.8 17 230 M M 5 12 23 240
7 62 36 49 3 16 0 0.00 M M 5.0 16 230 M M 0 26 220
8 65 29 47 1 18 0 0.00 M M 1.6 12 240 M M 0 14 230
9 71 32 52 6 13 0 0.00 M M 2.1 10 250 M M 0 14 250
10 70 38 54 8 11 0 0.00 M M 4.0 16 250 M M 2 23 250
11 55 32 44 -2 21 0 0.00 M M 8.3 22 80 M M 4 37 300
12 50 27 39 -7 26 0 0.00 M M 2.1 15 80 M M 2 21 240
13 55 24 40 -7 25 0 0.00 M M 2.4 10 210 M M 0 14 290
14 57 41 49 2 16 0 0.00 M M 5.0 14 270 M M 9 21 280
15 59 39 49 2 16 0 0.05 M M 6.2 18 80 M M 7 30 60
16 58 33 46 -1 19 0 0.00 M M 3.0 12 280 M M 1 16 260
17 66 30 48 1 17 0 0.00 M M 5.8 14 240 M M 0 17 190
18 66 45 56 8 9 0 0.00 M M 1.9 12 10 M M 9 19 20
19 66 38 52 4 13 0 0.00 M M 3.9 16 240 M M 5 20 250
20 71 40 56 8 9 0 0.00 M M 2.5 12 240 M M 2 14 240
21 69 43 56 8 9 0 0.00 M M 9.6 22 210 M M 1 30 230
22 59 43 51 3 14 0 0.16 M M 7.0 17 200 M M 5 18 23 190
23 64 44 54 5 11 0 T M M 4.2 16 280 M M 6 13 23 280
24 64 37 51 2 14 0 0.00 M M 4.1 13 220 M M 5 16 220
25 65 44 55 6 10 0 0.02 M M 7.6 25 230 M M 5 32 210
26 64 40 52 3 13 0 0.00 M M 6.4 21 210 M M 1 26 210
27 67 46 57 7 8 0 0.04 M M 14.0 31 250 M M 5 43 250
28 69 35 52 2 13 0 0.00 M M 4.3 15 170 M M 1 20 240
29 79 44 62 12 3 0 0.00 M M 4.1 20 220 M M 2 24 240
30 67 41 54 4 11 0 0.00 M M 11.3 25 240 M M 3 33 230
================================================================================
SM 1834 1080 485 0 0.39 M 153.7 M 114
================================================================================
AV 61.1 36.0 5.1 FASTST M M 4 MAX(MPH)
MISC ----> # 31 250 # 43 250
================================================================================
NOTES:
# LAST OF SEVERAL OCCURRENCES
COLUMN 17 PEAK WIND IN M.P.H.
PRELIMINARY LOCAL CLIMATOLOGICAL DATA (WS FORM: F-6) , PAGE 2
STATION: SPOKANE WA FELTS AIRPORT
MONTH: APRIL
YEAR: 2020
LATITUDE: 47 40 N
LONGITUDE: 117 20 W
[TEMPERATURE DATA] [PRECIPITATION DATA] SYMBOLS USED IN COLUMN 16
AVERAGE MONTHLY: 48.6 TOTAL FOR MONTH: 0.39 1 = FOG OR MIST
DPTR FM NORMAL: 1.4 DPTR FM NORMAL: -0.85 2 = FOG REDUCING VISIBILITY
HIGHEST: 79 ON 29 GRTST 24HR 0.16 ON 31- 1 TO 1/4 MILE OR LESS
LOWEST: 24 ON 13, 4 3 = THUNDER
SNOW, ICE PELLETS, HAIL 4 = ICE PELLETS
TOTAL MONTH: M 5 = HAIL
GRTST 24HR M ON M 6 = FREEZING RAIN OR DRIZZLE
GRTST DEPTH: M ON M 7 = DUSTSTORM OR SANDSTORM:
VSBY 1/2 MILE OR LESS
8 = SMOKE OR HAZE
[NO. OF DAYS WITH] [WEATHER - DAYS WITH] 9 = BLOWING SNOW
X = TORNADO
MAX 32 OR BELOW: 0 0.01 INCH OR MORE: 6
MAX 90 OR ABOVE: 0 0.10 INCH OR MORE: 1
MIN 32 OR BELOW: 10 0.50 INCH OR MORE: 0
MIN 0 OR BELOW: 0 1.00 INCH OR MORE: 0
[HDD (BASE 65) ]
TOTAL THIS MO. 485 CLEAR (SCALE 0-3) 15
DPTR FM NORMAL -49 PTCLDY (SCALE 4-7) 12
TOTAL FM JUL 1 5484 CLOUDY (SCALE 8-10) 3
DPTR FM NORMAL -371
[CDD (BASE 65) ]
TOTAL THIS MO. 0
DPTR FM NORMAL 0 [PRESSURE DATA]
TOTAL FM JAN 1 0 HIGHEST SLP M ON M
DPTR FM NORMAL 0 LOWEST SLP 29.57 ON M
[REMARKS]
#FINAL-04-20#