000
CXUS56 KMTR 011000
CF6SFO
PRELIMINARY LOCAL CLIMATOLOGICAL DATA (WS FORM: F-6)
STATION: SAN FRANCISCO AIRPORT
MONTH: NOVEMBER
YEAR: 2022
LATITUDE: 37 37 N
LONGITUDE: 122 23 W
TEMPERATURE IN F: :PCPN: SNOW: WIND :SUNSHINE: SKY :PK WND
================================================================================
1 2 3 4 5 6A 6B 7 8 9 10 11 12 13 14 15 16 17 18
12Z AVG MX 2MIN
DY MAX MIN AVG DEP HDD CDD WTR SNW DPTH SPD SPD DIR MIN PSBL S-S WX SPD DR
================================================================================
1 59 51 55 -5 10 0 0.28 M M 11.4 29 280 M M 6 18 37 280
2 60 50 55 -5 10 0 0.01 M M 12.0 24 290 M M 4 31 290
3 60 45 53 -6 12 0 0.00 M M 7.8 17 280 M M 2 21 280
4 63 46 55 -4 10 0 T M M 4.8 16 290 M M 7 20 290
5 64 53 59 0 6 0 0.01 M M 5.3 15 240 M M 9 1 20 200
6 63 52 58 -1 7 0 0.03 M M 10.4 23 230 M M 7 1 30 230
7 60 50 55 -3 10 0 0.02 M M 10.2 35 300 M M 7 18 44 300
8 55 48 52 -6 13 0 1.20 M M 10.7 25 240 M M 8 1 33 250
9 60 46 53 -5 12 0 0.01 M M 8.0 18 270 M M 4 18 26 280
10 60 44 52 -6 13 0 0.00 M M 6.2 18 290 M M 3 23 300
11 60 43 52 -5 13 0 0.00 M M 4.1 15 290 M M 4 18 19 290
12 59 48 54 -3 11 0 0.02 M M 11.2 25 280 M M 4 1 32 280
13 63 45 54 -3 11 0 0.00 M M 7.6 17 280 M M 1 23 270
14 61 41 51 -6 14 0 0.00 M M 3.7 10 60 M M 3 8 11 60
15 68 45 57 1 8 0 0.00 M M 4.6 17 290 M M 1 18 20 290
16 68 44 56 0 9 0 0.00 M M 5.1 18 290 M M 1 8 22 290
17 62 43 53 -3 12 0 0.00 M M 7.8 23 280 M M 5 18 26 280
18 65 45 55 -1 10 0 0.00 M M 4.4 16 280 M M 1 18 20 280
19 63 47 55 -1 10 0 0.00 M M 6.5 16 80 M M 1 8 18 80
20 63 43 53 -2 12 0 0.00 M M 3.5 8 160 M M 2 8 11 160
21 64 42 53 -2 12 0 0.00 M M 2.6 7 320 M M 4 8 9 340
22 62 43 53 -2 12 0 0.00 M M 5.8 21 280 M M 4 18 26 290
23 67 46 57 2 8 0 0.00 M M 4.1 17 300 M M 1 18 22 300
24 69 46 58 4 7 0 0.00 M M 4.0 13 130 M M 1 8 17 130
25 67 45 56 2 9 0 0.00 M M 3.5 10 290 M M 3 18 13 280
26 63 46 55 1 10 0 0.00 M M 6.2 17 280 M M 3 18 21 290
27 63 44 54 0 11 0 0.00 M M 6.4 20 290 M M 5 18 24 290
28 59 46 53 -1 12 0 0.00 M M 15.2 35 290 M M 4 1 41 290
29 58 42 50 -3 15 0 0.00 M M 5.4 16 280 M M 1 19 290
30 57 41 49 -4 16 0 0.00 M M 5.9 14 130 M M 3 1 19 130
================================================================================
SM 1865 1370 325 0 1.58 M 204.4 M 109
================================================================================
AV 62.2 45.7 6.8 FASTST M M 4 MAX(MPH)
MISC ----> # 35 300 44 300
================================================================================
NOTES:
# LAST OF SEVERAL OCCURRENCES
COLUMN 17 PEAK WIND IN M.P.H.
PRELIMINARY LOCAL CLIMATOLOGICAL DATA (WS FORM: F-6) , PAGE 2
STATION: SAN FRANCISCO AIRPORT
MONTH: NOVEMBER
YEAR: 2022
LATITUDE: 37 37 N
LONGITUDE: 122 23 W
[TEMPERATURE DATA] [PRECIPITATION DATA] SYMBOLS USED IN COLUMN 16
AVERAGE MONTHLY: 53.9 TOTAL FOR MONTH: 1.58 1 = FOG OR MIST
DPTR FM NORMAL: -2.5 DPTR FM NORMAL: -0.46 2 = FOG REDUCING VISIBILITY
HIGHEST: 69 ON 24 GRTST 24HR 1.20 ON 8- 8 TO 1/4 MILE OR LESS
LOWEST: 41 ON 30,14 3 = THUNDER
SNOW, ICE PELLETS, HAIL 4 = ICE PELLETS
TOTAL MONTH: M 5 = HAIL
GRTST 24HR M ON M 6 = FREEZING RAIN OR DRIZZLE
GRTST DEPTH: M ON M 7 = DUSTSTORM OR SANDSTORM:
VSBY 1/2 MILE OR LESS
8 = SMOKE OR HAZE
[NO. OF DAYS WITH] [WEATHER - DAYS WITH] 9 = BLOWING SNOW
X = TORNADO
MAX 32 OR BELOW: 0 0.01 INCH OR MORE: 8
MAX 90 OR ABOVE: 0 0.10 INCH OR MORE: 2
MIN 32 OR BELOW: 0 0.50 INCH OR MORE: 1
MIN 0 OR BELOW: 0 1.00 INCH OR MORE: 1
[HDD (BASE 65) ]
TOTAL THIS MO. 325 CLEAR (SCALE 0-3) 15
DPTR FM NORMAL 65 PTCLDY (SCALE 4-7) 13
TOTAL FM JUL 1 525 CLOUDY (SCALE 8-10) 2
DPTR FM NORMAL 17
[CDD (BASE 65) ]
TOTAL THIS MO. 0
DPTR FM NORMAL -2 [PRESSURE DATA]
TOTAL FM JAN 1 280 HIGHEST SLP M ON M
DPTR FM NORMAL 79 LOWEST SLP 29.56 ON 8
[REMARKS]
#FINAL-11-22#