000
CXUS56 KMTR 010900
CF6SFO
PRELIMINARY LOCAL CLIMATOLOGICAL DATA (WS FORM: F-6)
STATION: SAN FRANCISCO AIRPORT
MONTH: OCTOBER
YEAR: 2022
LATITUDE: 37 37 N
LONGITUDE: 122 23 W
TEMPERATURE IN F: :PCPN: SNOW: WIND :SUNSHINE: SKY :PK WND
================================================================================
1 2 3 4 5 6A 6B 7 8 9 10 11 12 13 14 15 16 17 18
12Z AVG MX 2MIN
DY MAX MIN AVG DEP HDD CDD WTR SNW DPTH SPD SPD DIR MIN PSBL S-S WX SPD DR
================================================================================
1 72 55 64 -1 1 0 0.00 M M 7.7 18 250 M M 5 25 220
2 74 61 68 3 0 3 0.00 M M 9.3 20 280 M M 4 28 290
3 71 58 65 0 0 0 0.00 M M 11.7 25 290 M M 1 32 290
4 66 58 62 -3 3 0 0.00 M M 13.6 25 290 M M 5 18 35 280
5 73 55 64 0 1 0 0.00 M M 9.5 21 300 M M 2 18 27 300
6 69 54 62 -2 3 0 0.00 M M 11.2 22 300 M M 4 18 27 300
7 70 53 62 -2 3 0 0.00 M M 9.9 23 310 M M 2 18 27 300
8 66 54 60 -4 5 0 0.00 M M 12.0 25 300 M M 2 1 30 310
9 63 53 58 -6 7 0 0.00 M M 10.4 23 310 M M 5 28 310
10 69 54 62 -2 3 0 0.00 M M 9.7 24 300 M M 5 18 30 300
11 66 52 59 -5 6 0 0.00 M M 8.2 20 310 M M 4 18 25 310
12 68 54 61 -3 4 0 0.00 M M 8.1 22 300 M M 5 18 27 300
13 63 55 59 -5 6 0 0.00 M M 12.7 25 290 M M 6 1 31 300
14 66 54 60 -3 5 0 0.00 M M 8.4 23 300 M M 7 18 29 300
15 68 54 61 -2 4 0 0.00 M M 6.8 18 240 M M 9 25 240
16 68 56 62 -1 3 0 0.00 M M 6.1 14 290 M M 9 16 260
17 72 53 63 0 2 0 0.00 M M 5.9 17 290 M M 6 18 21 280
18 78 57 68 5 0 3 0.00 M M 3.6 15 290 M M 4 18 18 300
19 86 58 72 9 0 7 0.00 M M 6.2 20 290 M M 2 8 24 300
20 68 54 61 -1 4 0 0.00 M M 13.4 25 300 M M 2 18 30 300
21 67 52 60 -2 5 0 0.00 M M 9.0 23 280 M M 5 18 27 290
22 66 55 61 -1 4 0 0.01 M M 20.5 33 290 M M 6 18 43 280
23 67 51 59 -3 6 0 0.00 M M 11.2 24 280 M M 0 8 30 300
24 74 50 62 0 3 0 0.00 M M 7.1 21 290 M M 1 1 23 290
25 65 52 59 -2 6 0 0.00 M M 13.5 28 280 M M 3 18 32 290
26 66 48 57 -4 8 0 0.00 M M 10.4 24 270 M M 2 8 30 290
27 70 47 59 -2 6 0 0.00 M M 5.2 17 290 M M 1 8 20 290
28 66 48 57 -4 8 0 0.00 M M 8.4 23 270 M M 3 18 30 280
29 69 47 58 -3 7 0 0.00 M M 9.8 23 280 M M 5 1 28 290
30 66 53 60 0 5 0 0.00 M M 9.0 26 290 M M 5 18 34 290
31 64 50 57 -3 8 0 0.00 M M 5.6 18 250 M M 6 18 23 260
================================================================================
SM 2136 1655 126 13 0.01 M 294.1 M 126
================================================================================
AV 68.9 53.4 9.5 FASTST M M 4 MAX(MPH)
MISC ----> 33 290 43 280
================================================================================
NOTES:
# LAST OF SEVERAL OCCURRENCES
COLUMN 17 PEAK WIND IN M.P.H.
PRELIMINARY LOCAL CLIMATOLOGICAL DATA (WS FORM: F-6) , PAGE 2
STATION: SAN FRANCISCO AIRPORT
MONTH: OCTOBER
YEAR: 2022
LATITUDE: 37 37 N
LONGITUDE: 122 23 W
[TEMPERATURE DATA] [PRECIPITATION DATA] SYMBOLS USED IN COLUMN 16
AVERAGE MONTHLY: 61.1 TOTAL FOR MONTH: 0.01 1 = FOG OR MIST
DPTR FM NORMAL: -1.8 DPTR FM NORMAL: -0.78 2 = FOG REDUCING VISIBILITY
HIGHEST: 86 ON 19 GRTST 24HR 0.01 ON 22-22 TO 1/4 MILE OR LESS
LOWEST: 47 ON 29,27 3 = THUNDER
SNOW, ICE PELLETS, HAIL 4 = ICE PELLETS
TOTAL MONTH: M 5 = HAIL
GRTST 24HR M ON M 6 = FREEZING RAIN OR DRIZZLE
GRTST DEPTH: M ON M 7 = DUSTSTORM OR SANDSTORM:
VSBY 1/2 MILE OR LESS
8 = SMOKE OR HAZE
[NO. OF DAYS WITH] [WEATHER - DAYS WITH] 9 = BLOWING SNOW
X = TORNADO
MAX 32 OR BELOW: 0 0.01 INCH OR MORE: 1
MAX 90 OR ABOVE: 0 0.10 INCH OR MORE: 0
MIN 32 OR BELOW: 0 0.50 INCH OR MORE: 0
MIN 0 OR BELOW: 0 1.00 INCH OR MORE: 0
[HDD (BASE 65) ]
TOTAL THIS MO. 126 CLEAR (SCALE 0-3) 10
DPTR FM NORMAL 26 PTCLDY (SCALE 4-7) 19
TOTAL FM JUL 1 200 CLOUDY (SCALE 8-10) 2
DPTR FM NORMAL -46
[CDD (BASE 65) ]
TOTAL THIS MO. 13
DPTR FM NORMAL -20 [PRESSURE DATA]
TOTAL FM JAN 1 280 HIGHEST SLP M ON M
DPTR FM NORMAL 81 LOWEST SLP 29.75 ON 22
[REMARKS]
#FINAL-10-22#