000
CXUS54 KHGX 011510
CF6SGR
PRELIMINARY LOCAL CLIMATOLOGICAL DATA (WS FORM: F-6)
STATION: SUGAR LAND/HULL FLD
MONTH: DECEMBER
YEAR: 2023
LATITUDE: 29 37 N
LONGITUDE: 95 39 W
TEMPERATURE IN F: :PCPN: SNOW: WIND :SUNSHINE: SKY :PK WND
================================================================================
1 2 3 4 5 6A 6B 7 8 9 10 11 12 13 14 15 16 17 18
12Z AVG MX 2MIN
DY MAX MIN AVG DEP HDD CDD WTR SNW DPTH SPD SPD DIR MIN PSBL S-S WX SPD DR
================================================================================
1 74 63 69 10 0 4 0.11 0.0 0 6.8 14 20 M M 10 1 17 220
2 67 52 60 1 5 0 0.00 0.0 0 5.1 14 30 M M 8 1 19 30
3 72 46 59 0 6 0 0.00 0.0 0 4.9 10 200 M M 0 18 13 190
4 73 46 60 2 5 0 0.00 0.0 0 4.3 15 340 M M 0 19 330
5 73 43 58 0 7 0 0.00 0.0 0 1.6 8 20 M M 0 9 20
6 66 47 57 -1 8 0 0.00 0.0 0 4.4 10 110 M M 0 M M
7 68 43 56 -2 9 0 0.00 0.0 0 8.0 14 170 M M 3 27 120
8 77 66 72 14 0 7 T 0.0 0 10.4 20 180 M M 10 27 180
9 81 66 74 16 0 9 0.06 0.0 0 10.4 17 360 M M 7 32 340
10 59 46 53 -4 12 0 0.00 0.0 0 14.1 21 340 M M 0 31 350
11 66 31 49 -8 16 0 0.00 0.0 0 4.5 13 150 M M 0 15 150
12 69 44 57 0 8 0 0.00 0.0 0 7.8 14 100 M M 0 20 100
13 62 55 59 2 6 0 0.02 0.0 0 8.8 15 60 M M 4 20 90
14 72 56 64 7 1 0 0.00 0.0 0 10.4 20 100 M M 3 27 100
15 68 60 64 8 1 0 0.09 0.0 0 9.3 15 100 M M 10 1 21 90
16 64 47 56 0 9 0 T 0.0 0 11.0 16 330 M M 3 1 28 10
17 69 36 53 -3 12 0 0.00 0.0 0 2.5 9 230 M M 0 1 12 240
18 75 40 58 2 7 0 0.00 0.0 0 4.1 16 360 M M 0 1 20 30
19 69 41 55 -1 10 0 0.00 0.0 0 7.5 16 140 M M 0 21 130
20 72 56 64 8 1 0 0.00 0.0 0 9.7 16 100 M M 6 21 120
21 68 61 65 9 0 0 0.00 0.0 0 8.4 15 110 M M 8 21 110
22 71 61 66 11 0 1 0.12 0.0 0 5.1 9 150 M M 10 1 12 110
23 77 64 71 16 0 6 0.64 0.0 0 9.5 23 180 M M 10 1 29 170
24 70 54 62 7 3 0 1.01 0.0 0 6.6 21 330 M M 6 1 28 340
25 59 46 53 -2 12 0 0.00 0.0 0 10.9 21 340 M M 0 32 330
26 59 41 50 -5 15 0 0.00 0.0 0 4.9 13 150 M M 6 17 150
27 67 39 53 -2 12 0 0.00 0.0 0 6.1 17 330 M M 0 1 25 340
28 59 35 47 -8 18 0 0.00 0.0 0 5.2 17 330 M M 0 24 310
29 57 32 45 -10 20 0 0.00 0.0 0 6.1 15 310 M M 0 21 280
30 68 32 50 -5 15 0 0.00 0.0 0 3.2 12 240 M M 0 16 240
31 75 39 57 3 8 0 0.00 0.0 0 5.2 16 200 M M 1 1 21 200
================================================================================
SM 2126 1488 226 27 2.05 0.0 216.8 M 105
================================================================================
AV 68.6 48.0 7.0 FASTST M M 3 MAX(MPH)
MISC ----> 23 180 32 340
================================================================================
NOTES:
# LAST OF SEVERAL OCCURRENCES
COLUMN 17 PEAK WIND IN M.P.H.
PRELIMINARY LOCAL CLIMATOLOGICAL DATA (WS FORM: F-6) , PAGE 2
STATION: SUGAR LAND/HULL FLD
MONTH: DECEMBER
YEAR: 2023
LATITUDE: 29 37 N
LONGITUDE: 95 39 W
[TEMPERATURE DATA] [PRECIPITATION DATA] SYMBOLS USED IN COLUMN 16
AVERAGE MONTHLY: 58.3 TOTAL FOR MONTH: 2.05 1 = FOG OR MIST
DPTR FM NORMAL: 1.8 DPTR FM NORMAL: -1.71 2 = FOG REDUCING VISIBILITY
HIGHEST: 81 ON 9 GRTST 24HR 1.65 ON 23-24 TO 1/4 MILE OR LESS
LOWEST: 31 ON 11 3 = THUNDER
SNOW, ICE PELLETS, HAIL 4 = ICE PELLETS
TOTAL MONTH: 0.0 INCH 5 = HAIL
GRTST 24HR 0.0 6 = FREEZING RAIN OR DRIZZLE
GRTST DEPTH: 0 7 = DUSTSTORM OR SANDSTORM:
VSBY 1/2 MILE OR LESS
8 = SMOKE OR HAZE
[NO. OF DAYS WITH] [WEATHER - DAYS WITH] 9 = BLOWING SNOW
X = TORNADO
MAX 32 OR BELOW: 0 0.01 INCH OR MORE: 7
MAX 90 OR ABOVE: 0 0.10 INCH OR MORE: 4
MIN 32 OR BELOW: 3 0.50 INCH OR MORE: 2
MIN 0 OR BELOW: 0 1.00 INCH OR MORE: 1
[HDD (BASE 65) ]
TOTAL THIS MO. 226 CLEAR (SCALE 0-3) 18
DPTR FM NORMAL -74 PTCLDY (SCALE 4-7) 7
TOTAL FM JUL 1 416 CLOUDY (SCALE 8-10) 6
DPTR FM NORMAL -42
[CDD (BASE 65) ]
TOTAL THIS MO. 27
DPTR FM NORMAL -8 [PRESSURE DATA]
TOTAL FM JAN 1 4018 HIGHEST SLP 30.45 ON 13
DPTR FM NORMAL 634 LOWEST SLP 29.76 ON 24
[REMARKS]
#FINAL-12-23#