000
CXUS54 KLZK 011231
CF6SGT
PRELIMINARY LOCAL CLIMATOLOGICAL DATA (WS FORM: F-6)
STATION: STUTTGART AIRPORT
MONTH: DECEMBER
YEAR: 2021
LATITUDE: 34 35 N
LONGITUDE: 91 34 W
TEMPERATURE IN F: :PCPN: SNOW: WIND :SUNSHINE: SKY :PK WND
================================================================================
1 2 3 4 5 6A 6B 7 8 9 10 11 12 13 14 15 16 17 18
12Z AVG MX 2MIN
DY MAX MIN AVG DEP HDD CDD WTR SNW DPTH SPD SPD DIR MIN PSBL S-S WX SPD DR
================================================================================
1 66 45 56 10 9 0 0.00 M M 10.0 28 220 M M 1 1 36 230
2 76 44 60 14 5 0 0.00 M M 6.2 9 240 M M 1 12 M M
3 75 49 62 16 3 0 0.00 M M 8.3 16 230 M M 5 1 M M
4 63 55 59 14 6 0 0.11 M M 6.3 13 20 M M 10 12 M M
5 74 56 65 20 0 0 T M M 10.7 20 200 M M 8 12 29 200
6 66 35 51 6 14 0 0.12 M M 16.0 32 350 M M 4 13 38 350
7 48 31 40 -4 25 0 0.00 M M 8.5 15 70 M M 4 M M
8 55 34 45 1 20 0 0.00 M M 4.1 8 150 M M 1 8 M M
9 64 38 51 7 14 0 T M M 10.5 18 170 M M 8 18 M M
10 79 63 71 27 0 6 0.27 M M 16.3 31 240 M M 8 138 51 260
11 M M M M M M 0.00 M M M M M M M 0 3 M M
12 M M M M M M 0.00 M M M M M M M 0 M M
13 62 49 56 13 9 0 0.00 M M 7.1 9 150 M M 1 8 M M
14 69 47 58 15 7 0 T M M 8.3 18 160 M M 9 18 M M
15 70 62 66 24 0 1 0.00 M M 15.2 21 170 M M 9 1 23 180
16 72 53 63 21 2 0 0.53 M M 14.6 20 360 M M 10 13 29 360
17 74 52 63 21 2 0 0.03 M M 8.9 18 200 M M 7 1 M M
18 63 39 51 9 14 0 0.96 M M 12.4 22 10 M M 6 1 27 360
19 42 31 37 -5 28 0 0.00 M M 11.2 17 20 M M 4 22 10
20 43 28 36 -5 29 0 T M M 3.6 8 300 M M 4 1 M M
21 53 34 44 3 21 0 0.00 M M 6.1 9 250 M M 2 1 M M
22 52 34 43 2 22 0 0.00 M M 6.2 10 60 M M 0 8 M M
23 64 37 51 10 14 0 0.00 M M 10.8 20 170 M M 3 1 M M
24 74 54 64 23 1 0 0.00 M M 17.8 24 210 M M 5 1 37 200
25 77 62 70 29 0 5 0.00 M M 14.4 23 210 M M 5 30 220
26 69 56 63 22 2 0 0.00 M M 8.0 14 180 M M 7 12 M M
27 76 65 71 30 0 6 0.00 M M 12.5 20 230 M M 8 26 200
28 73 62 68 28 0 3 0.07 M M 14.3 21 190 M M 7 1 30 210
29 65 56 61 21 4 0 0.14 M M 8.0 28 360 M M 6 123 32 360
30 M M M M M M T M M 3.8 8 350 M M 7 128 M M
31 M M M M M M T M M 7.4 13 210 M M 7 128 M M
================================================================================
SM 1764 1271 251 21 2.23 M 287.5 M 157
================================================================================
AV 65.3 47.1 9.9 FASTST M M 5 MAX(MPH)
MISC ----> 32 350 51 260
================================================================================
NOTES:
# LAST OF SEVERAL OCCURRENCES
COLUMN 17 PEAK WIND IN M.P.H.
PRELIMINARY LOCAL CLIMATOLOGICAL DATA (WS FORM: F-6) , PAGE 2
STATION: STUTTGART AIRPORT
MONTH: DECEMBER
YEAR: 2021
LATITUDE: 34 35 N
LONGITUDE: 91 34 W
[TEMPERATURE DATA] [PRECIPITATION DATA] SYMBOLS USED IN COLUMN 16
AVERAGE MONTHLY: 56.2 TOTAL FOR MONTH: 2.23 1 = FOG OR MIST
DPTR FM NORMAL: 13.7 DPTR FM NORMAL: -3.10 2 = FOG REDUCING VISIBILITY
HIGHEST: 79 ON 10 GRTST 24HR 0.96 ON 18-18 TO 1/4 MILE OR LESS
LOWEST: 28 ON 20 3 = THUNDER
SNOW, ICE PELLETS, HAIL 4 = ICE PELLETS
TOTAL MONTH: M 5 = HAIL
GRTST 24HR M ON M 6 = FREEZING RAIN OR DRIZZLE
GRTST DEPTH: M ON M 7 = DUSTSTORM OR SANDSTORM:
VSBY 1/2 MILE OR LESS
8 = SMOKE OR HAZE
[NO. OF DAYS WITH] [WEATHER - DAYS WITH] 9 = BLOWING SNOW
X = TORNADO
MAX 32 OR BELOW: 0 0.01 INCH OR MORE: 8
MAX 90 OR ABOVE: 0 0.10 INCH OR MORE: 6
MIN 32 OR BELOW: 3 0.50 INCH OR MORE: 2
MIN 0 OR BELOW: 0 1.00 INCH OR MORE: 0
[HDD (BASE 65) ]
TOTAL THIS MO. 251 CLEAR (SCALE 0-3) 8
DPTR FM NORMAL -446 PTCLDY (SCALE 4-7) 18
TOTAL FM JUL 1 754 CLOUDY (SCALE 8-10) 5
DPTR FM NORMAL -497
[CDD (BASE 65) ]
TOTAL THIS MO. 21
DPTR FM NORMAL 21 [PRESSURE DATA]
TOTAL FM JAN 1 2095 HIGHEST SLP 30.41 ON 19
DPTR FM NORMAL 57 LOWEST SLP 29.62 ON 28
[REMARKS]
#FINAL-12-21#