000
CXUS54 KLZK 011130
CF6SGT
PRELIMINARY LOCAL CLIMATOLOGICAL DATA (WS FORM: F-6)
STATION: STUTTGART AIRPORT
MONTH: AUGUST
YEAR: 2021
LATITUDE: 34 35 N
LONGITUDE: 91 34 W
TEMPERATURE IN F: :PCPN: SNOW: WIND :SUNSHINE: SKY :PK WND
================================================================================
1 2 3 4 5 6A 6B 7 8 9 10 11 12 13 14 15 16 17 18
12Z AVG MX 2MIN
DY MAX MIN AVG DEP HDD CDD WTR SNW DPTH SPD SPD DIR MIN PSBL S-S WX SPD DR
================================================================================
1 88 74 81 -1 0 16 0.09 M M 7.7 17 40 M M 3 1 22 50
2 87 72 80 -1 0 15 1.35 M M 7.5 16 10 M M 5 1 33 30
3 85 69 77 -4 0 12 T M M 7.9 13 50 M M 2 1 M M
4 85 65 75 -6 0 10 0.00 M M 6.5 10 40 M M 1 8 M M
5 85 65 75 -6 0 10 0.00 M M 3.5 7 30 M M 0 M M
6 86 68 77 -4 0 12 0.00 M M 3.0 8 290 M M 0 M M
7 92 71 82 1 0 17 0.00 M M 6.5 10 150 M M 0 M M
8 94 74 84 3 0 19 0.00 M M 9.4 16 180 M M 3 M M
9 94 77 86 5 0 21 0.00 M M 11.0 16 230 M M 0 21 220
10 96 76 86 5 0 21 0.00 M M 9.5 14 210 M M 0 M M
11 96 76 86 5 0 21 0.00 M M 9.4 14 210 M M 1 M M
12 96 76 86 5 0 21 0.00 M M 8.1 13 150 M M 0 M M
13 97 72 85 4 0 20 0.35 M M 5.7 44 330 M M 1 13 56 270
14 87 73 80 -1 0 15 0.03 M M 4.5 14 40 M M 2 M M
15 86 72 79 -2 0 14 T M M 6.8 9 40 M M 1 M M
16 88 69 79 -2 0 14 0.00 M M 5.8 9 40 M M 2 1 M M
17 90 71 81 0 0 16 0.23 M M 5.5 15 140 M M 2 1 25 150
18 85 73 79 -2 0 14 0.45 M M 4.6 9 150 M M 4 3 M M
19 88 73 81 0 0 16 0.07 M M 4.8 17 200 M M 5 3 22 310
20 89 74 82 1 0 17 0.00 M M 6.7 9 190 M M 5 1 M M
21 92 77 85 4 0 20 0.03 M M 7.7 14 290 M M 2 M M
22 92 74 83 3 0 18 0.00 M M 4.2 8 240 M M 2 M M
23 96 76 86 6 0 21 0.00 M M 4.6 7 90 M M 1 M M
24 97 78 88 8 0 23 0.00 M M 3.9 7 150 M M 0 M M
25 96 78 87 7 0 22 0.00 M M 5.5 9 70 M M 1 8 M M
26 96 74 85 5 0 20 0.06 M M 6.3 25 100 M M 0 8 32 100
27 93 75 84 4 0 19 0.00 M M 5.5 14 120 M M 1 M M
28 93 71 82 3 0 17 0.00 M M 6.0 9 110 M M 1 M M
29 94 75 85 6 0 20 0.00 M M 7.8 16 130 M M 1 24 130
30 81 73 77 -2 0 12 0.02 M M 14.2 25 50 M M 5 1 31 50
31 92 70 81 2 0 16 T M M 9.3 14 350 M M 1 M M
================================================================================
SM 2816 2261 0 529 2.68 M 209.4 M 52
================================================================================
AV 90.8 72.9 6.8 FASTST M M 2 MAX(MPH)
MISC ----> 44 330 56 270
================================================================================
NOTES:
# LAST OF SEVERAL OCCURRENCES
COLUMN 17 PEAK WIND IN M.P.H.
PRELIMINARY LOCAL CLIMATOLOGICAL DATA (WS FORM: F-6) , PAGE 2
STATION: STUTTGART AIRPORT
MONTH: AUGUST
YEAR: 2021
LATITUDE: 34 35 N
LONGITUDE: 91 34 W
[TEMPERATURE DATA] [PRECIPITATION DATA] SYMBOLS USED IN COLUMN 16
AVERAGE MONTHLY: 81.9 TOTAL FOR MONTH: 2.68 1 = FOG OR MIST
DPTR FM NORMAL: 1.3 DPTR FM NORMAL: 0.49 2 = FOG REDUCING VISIBILITY
HIGHEST: 97 ON 24,13 GRTST 24HR 1.35 ON 2- 2 TO 1/4 MILE OR LESS
LOWEST: 65 ON 4, 5 3 = THUNDER
SNOW, ICE PELLETS, HAIL 4 = ICE PELLETS
TOTAL MONTH: M 5 = HAIL
GRTST 24HR M ON M 6 = FREEZING RAIN OR DRIZZLE
GRTST DEPTH: M ON M 7 = DUSTSTORM OR SANDSTORM:
VSBY 1/2 MILE OR LESS
8 = SMOKE OR HAZE
[NO. OF DAYS WITH] [WEATHER - DAYS WITH] 9 = BLOWING SNOW
X = TORNADO
MAX 32 OR BELOW: 0 0.01 INCH OR MORE: 10
MAX 90 OR ABOVE: 18 0.10 INCH OR MORE: 4
MIN 32 OR BELOW: 0 0.50 INCH OR MORE: 1
MIN 0 OR BELOW: 0 1.00 INCH OR MORE: 1
[HDD (BASE 65) ]
TOTAL THIS MO. 0 CLEAR (SCALE 0-3) 25
DPTR FM NORMAL 0 PTCLDY (SCALE 4-7) 6
TOTAL FM JUL 1 0 CLOUDY (SCALE 8-10) 0
DPTR FM NORMAL 0
[CDD (BASE 65) ]
TOTAL THIS MO. 529
DPTR FM NORMAL 48 [PRESSURE DATA]
TOTAL FM JAN 1 1595 HIGHEST SLP 30.13 ON 28
DPTR FM NORMAL -84 LOWEST SLP 29.69 ON 30
[REMARKS]
#FINAL-08-21#