000
CXUS55 KBYZ 011100
CF6SHR
PRELIMINARY LOCAL CLIMATOLOGICAL DATA (WS FORM: F-6)
STATION: SHERIDAN WY
MONTH: JANUARY
YEAR: 2023
LATITUDE: 44 46 N
LONGITUDE: 106 58 W
TEMPERATURE IN F: :PCPN: SNOW: WIND :SUNSHINE: SKY :PK WND
================================================================================
1 2 3 4 5 6A 6B 7 8 9 10 11 12 13 14 15 16 17 18
12Z AVG MX 2MIN
DY MAX MIN AVG DEP HDD CDD WTR SNW DPTH SPD SPD DIR MIN PSBL S-S WX SPD DR
================================================================================
1 40 22 31 8 34 0 0.00 M M 1.2 7 160 M M 5 7 150
2 34 24 29 6 36 0 T M M 4.5 14 150 M M 9 18 16 150
3 35 16 26 2 39 0 T M M 2.1 7 270 M M 7 1 9 160
4 41 14 28 4 37 0 0.00 M M 3.2 9 350 M M 5 11 330
5 27 7 17 -7 48 0 0.00 M M 1.6 8 10 M M 1 9 10
6 41 14 28 4 37 0 0.00 M M 2.1 8 180 M M 3 8 180
7 48 17 33 9 32 0 0.00 M M 3.0 9 130 M M 0 13 140
8 37 11 24 0 41 0 0.00 M M 2.5 9 150 M M 0 12 360
9 51 21 36 12 29 0 0.00 M M 7.2 23 260 M M 0 32 260
10 48 23 36 12 29 0 0.00 M M 3.6 12 320 M M 1 13 320
11 37 19 28 4 37 0 0.00 M M 3.0 10 300 M M 1 12 300
12 48 17 33 9 32 0 0.00 M M 1.6 8 220 M M 0 9 210
13 47 23 35 11 30 0 0.00 M M 2.9 10 220 M M 0 10 220
14 52 25 39 15 26 0 0.00 M M 4.0 16 350 M M 0 21 350
15 41 22 32 8 33 0 0.00 M M 3.9 15 290 M M 3 17 290
16 37 28 33 9 32 0 0.16 M M 4.8 15 290 M M 9 12 19 290
17 36 27 32 8 33 0 T M M 3.0 12 280 M M 10 12 13 280
18 39 18 29 5 36 0 0.00 M M 3.4 14 300 M M 2 16 300
19 44 15 30 6 35 0 0.00 M M 4.1 14 350 M M 2 17 330
20 41 30 36 12 29 0 0.00 M M 7.6 18 290 M M 6 22 300
21 39 26 33 9 32 0 0.00 M M 8.2 22 310 M M 9 27 310
22 38 31 35 11 30 0 T M M 8.9 23 320 M M 10 27 320
23 35 26 31 7 34 0 0.01 M M 8.5 21 310 M M 7 1 26 320
24 38 17 28 4 37 0 T M M 11.3 25 310 M M 6 8 32 310
25 34 28 31 7 34 0 0.10 M M 18.8 29 300 M M 10 128 35 300
26 44 21 33 9 32 0 0.20 M M 11.2 32 320 M M 9 1 42 310
27 38 27 33 9 32 0 0.39 M M 7.9 32 290 M M 9 1 36 290
28 27 -4 12 -12 53 0 0.23 M M 10.6 18 10 M M 10 18 24 10
29 0 -25 -12 -36 77 0 T M M 6.9 18 300 M M 6 8 22 300
30 13 -27 -7 -31 72 0 0.00 M M 3.0 9 160 M M 1 8 11 190
31 20 -9 6 -18 59 0 0.00 M M 2.0 8 360 M M 2 9 190
================================================================================
SM 1150 504 1177 0 1.09 M 166.6 M 143
================================================================================
AV 37.1 16.3 5.4 FASTST M M 5 MAX(MPH)
MISC ----> # 32 320 42 310
================================================================================
NOTES:
# LAST OF SEVERAL OCCURRENCES
COLUMN 17 PEAK WIND IN M.P.H.
PRELIMINARY LOCAL CLIMATOLOGICAL DATA (WS FORM: F-6) , PAGE 2
STATION: SHERIDAN WY
MONTH: JANUARY
YEAR: 2023
LATITUDE: 44 46 N
LONGITUDE: 106 58 W
[TEMPERATURE DATA] [PRECIPITATION DATA] SYMBOLS USED IN COLUMN 16
AVERAGE MONTHLY: 26.7 TOTAL FOR MONTH: 1.09 1 = FOG OR MIST
DPTR FM NORMAL: 2.7 DPTR FM NORMAL: 0.48 2 = FOG REDUCING VISIBILITY
HIGHEST: 52 ON 14 GRTST 24HR 0.41 ON 27-28 TO 1/4 MILE OR LESS
LOWEST: -27 ON 30 3 = THUNDER
SNOW, ICE PELLETS, HAIL 4 = ICE PELLETS
TOTAL MONTH: M 5 = HAIL
GRTST 24HR M ON M 6 = FREEZING RAIN OR DRIZZLE
GRTST DEPTH: M ON M 7 = DUSTSTORM OR SANDSTORM:
VSBY 1/2 MILE OR LESS
8 = SMOKE OR HAZE
[NO. OF DAYS WITH] [WEATHER - DAYS WITH] 9 = BLOWING SNOW
X = TORNADO
MAX 32 OR BELOW: 5 0.01 INCH OR MORE: 6
MAX 90 OR ABOVE: 0 0.10 INCH OR MORE: 5
MIN 32 OR BELOW: 31 0.50 INCH OR MORE: 0
MIN 0 OR BELOW: 4 1.00 INCH OR MORE: 0
[HDD (BASE 65) ]
TOTAL THIS MO. 1177 CLEAR (SCALE 0-3) 14
DPTR FM NORMAL -94 PTCLDY (SCALE 4-7) 8
TOTAL FM JUL 1 4385 CLOUDY (SCALE 8-10) 9
DPTR FM NORMAL 23
[CDD (BASE 65) ]
TOTAL THIS MO. 0
DPTR FM NORMAL 0 [PRESSURE DATA]
TOTAL FM JAN 1 0 HIGHEST SLP 30.62 ON 29
DPTR FM NORMAL 0 LOWEST SLP 29.44 ON 15
[REMARKS]
#FINAL-01-23#