000
CXUS55 KBYZ 011000
CF6SHR
PRELIMINARY LOCAL CLIMATOLOGICAL DATA (WS FORM: F-6)
STATION: SHERIDAN WY
MONTH: OCTOBER
YEAR: 2022
LATITUDE: 44 46 N
LONGITUDE: 106 58 W
TEMPERATURE IN F: :PCPN: SNOW: WIND :SUNSHINE: SKY :PK WND
================================================================================
1 2 3 4 5 6A 6B 7 8 9 10 11 12 13 14 15 16 17 18
12Z AVG MX 2MIN
DY MAX MIN AVG DEP HDD CDD WTR SNW DPTH SPD SPD DIR MIN PSBL S-S WX SPD DR
================================================================================
1 63 42 53 1 12 0 0.44 M M 3.6 13 180 M M 8 13 16 290
2 60 40 50 -2 15 0 0.00 M M 2.5 10 310 M M 7 12 14 310
3 63 46 55 4 10 0 0.25 M M 3.7 23 320 M M 9 1 31 320
4 69 43 56 5 9 0 0.00 M M 3.4 15 310 M M 4 20 320
5 75 38 57 7 8 0 0.00 M M 2.3 8 240 M M 0 11 360
6 52 39 46 -4 19 0 0.00 M M 4.1 13 360 M M 7 8 15 330
7 63 38 51 1 14 0 0.00 M M 1.7 10 130 M M 5 14 110
8 69 33 51 2 14 0 0.00 M M 1.4 7 220 M M 0 8 200
9 73 32 53 5 12 0 0.00 M M 2.6 8 150 M M 0 9 300
10 77 35 56 8 9 0 0.00 M M 2.6 17 260 M M 0 26 240
11 63 36 50 2 15 0 0.05 M M 9.2 40 310 M M 3 1 51 310
12 55 35 45 -2 20 0 0.00 M M 11.4 31 310 M M 8 42 310
13 64 41 53 6 12 0 0.00 M M 14.5 29 320 M M 2 35 320
14 72 41 57 11 8 0 T M M 14.3 30 320 M M 2 41 330
15 58 38 48 2 17 0 0.02 M M 12.3 31 310 M M 6 38 310
16 63 32 48 3 17 0 0.00 M M 4.2 14 290 M M 0 19 290
17 71 29 50 5 15 0 0.00 M M 2.0 9 230 M M 0 10 160
18 77 32 55 11 10 0 0.00 M M 1.2 7 280 M M 0 7 200
19 76 35 56 12 9 0 0.00 M M 5.8 21 320 M M 0 24 320
20 83 35 59 15 6 0 0.00 M M 5.3 18 260 M M 0 24 260
21 74 35 55 12 10 0 0.00 M M 5.0 18 340 M M 1 26 330
22 59 40 50 7 15 0 0.00 M M 8.6 21 290 M M 2 27 300
23 47 31 39 -3 26 0 0.25 M M 21.3 33 310 M M 10 1 43 330
24 48 28 38 -4 27 0 0.03 M M 12.2 35 300 M M 4 1 42 310
25 49 25 37 -5 28 0 T M M 6.1 30 270 M M 4 34 280
26 48 21 35 -6 30 0 0.00 M M 3.0 8 170 M M 0 9 170
27 53 22 38 -3 27 0 0.00 M M 5.2 17 140 M M 0 23 130
28 65 19 42 2 23 0 0.00 M M 5.8 21 320 M M 0 26 150
29 62 26 44 4 21 0 0.00 M M 2.7 9 310 M M 0 12 40
30 64 23 44 4 21 0 0.00 M M 1.9 7 180 M M 0 9 10
31 69 28 49 10 16 0 0.00 M M 3.7 13 190 M M 0 13 190
================================================================================
SM 1984 1038 495 0 1.04 M 183.6 M 82
================================================================================
AV 64.0 33.5 5.9 FASTST M M 3 MAX(MPH)
MISC ----> 40 310 51 310
================================================================================
NOTES:
# LAST OF SEVERAL OCCURRENCES
COLUMN 17 PEAK WIND IN M.P.H.
PRELIMINARY LOCAL CLIMATOLOGICAL DATA (WS FORM: F-6) , PAGE 2
STATION: SHERIDAN WY
MONTH: OCTOBER
YEAR: 2022
LATITUDE: 44 46 N
LONGITUDE: 106 58 W
[TEMPERATURE DATA] [PRECIPITATION DATA] SYMBOLS USED IN COLUMN 16
AVERAGE MONTHLY: 48.7 TOTAL FOR MONTH: 1.04 1 = FOG OR MIST
DPTR FM NORMAL: 3.3 DPTR FM NORMAL: -0.53 2 = FOG REDUCING VISIBILITY
HIGHEST: 83 ON 20 GRTST 24HR 0.44 ON 1- 1 TO 1/4 MILE OR LESS
LOWEST: 19 ON 28 3 = THUNDER
SNOW, ICE PELLETS, HAIL 4 = ICE PELLETS
TOTAL MONTH: M 5 = HAIL
GRTST 24HR M ON M 6 = FREEZING RAIN OR DRIZZLE
GRTST DEPTH: M ON M 7 = DUSTSTORM OR SANDSTORM:
VSBY 1/2 MILE OR LESS
8 = SMOKE OR HAZE
[NO. OF DAYS WITH] [WEATHER - DAYS WITH] 9 = BLOWING SNOW
X = TORNADO
MAX 32 OR BELOW: 0 0.01 INCH OR MORE: 6
MAX 90 OR ABOVE: 0 0.10 INCH OR MORE: 3
MIN 32 OR BELOW: 13 0.50 INCH OR MORE: 0
MIN 0 OR BELOW: 0 1.00 INCH OR MORE: 0
[HDD (BASE 65) ]
TOTAL THIS MO. 495 CLEAR (SCALE 0-3) 19
DPTR FM NORMAL -113 PTCLDY (SCALE 4-7) 10
TOTAL FM JUL 1 603 CLOUDY (SCALE 8-10) 2
DPTR FM NORMAL -278
[CDD (BASE 65) ]
TOTAL THIS MO. 0
DPTR FM NORMAL -2 [PRESSURE DATA]
TOTAL FM JAN 1 702 HIGHEST SLP 30.48 ON 6
DPTR FM NORMAL 260 LOWEST SLP 29.25 ON 22
[REMARKS]
#FINAL-10-22#