000
CXUS56 KMFR 010930
CF6SIY
PRELIMINARY LOCAL CLIMATOLOGICAL DATA (WS FORM: F-6)
STATION: MONTAGUE CA
MONTH: MARCH
YEAR: 2023
LATITUDE: 41 46 N
LONGITUDE: 122 28 W
TEMPERATURE IN F: :PCPN: SNOW: WIND :SUNSHINE: SKY :PK WND
================================================================================
1 2 3 4 5 6A 6B 7 8 9 10 11 12 13 14 15 16 17 18
12Z AVG MX 2MIN
DY MAX MIN AVG DEP HDD CDD WTR SNW DPTH SPD SPD DIR MIN PSBL S-S WX SPD DR
================================================================================
1 41 22 32 -10 33 0 0.00 M M 6.4 15 10 M M 4 19 340
2 46 24 35 -8 30 0 T M M 4.4 17 30 M M 7 24 10
3 44 26 35 -8 30 0 0.00 M M 4.6 13 360 M M 2 16 350
4 39 24 32 -11 33 0 0.07 M M 6.9 17 180 M M 5 12 25 190
5 42 27 35 -8 30 0 0.01 M M 11.0 25 180 M M 7 1 31 190
6 44 21 33 -10 32 0 0.02 M M 7.3 23 190 M M 4 12 31 190
7 43 20 32 -12 33 0 0.02 M M 6.2 24 170 M M 8 12 29 160
8 43 23 33 -11 32 0 0.01 M M 7.2 20 170 M M 8 1 25 160
9 45 37 41 -3 24 0 0.04 M M 23.9 43 170 M M 8 56 170
10 49 28 39 -5 26 0 0.13 M M 9.5 23 210 M M 5 1 29 220
11 49 21 35 -9 30 0 T M M 3.9 12 170 M M 5 14 190
12 55 34 45 1 20 0 0.03 M M 8.1 24 170 M M 9 29 160
13 60 40 50 6 15 0 0.02 M M 15.0 33 160 M M 10 43 150
14 41 33 37 -7 28 0 0.75 M M 6.9 16 360 M M 10 1 18 360
15 47 26 37 -7 28 0 0.00 M M 5.4 15 350 M M 1 17 350
16 54 23 39 -6 26 0 0.00 M M 2.0 8 20 M M 0 10 10
17 59 25 42 -3 23 0 0.00 M M 1.9 7 30 M M 0 10 10
18 60 25 43 -2 22 0 0.00 M M 7.3 31 180 M M 0 38 180
19 53 39 46 1 19 0 T M M 8.7 23 180 M M 9 31 180
20 54 30 42 -3 23 0 T M M 4.9 16 240 M M 2 21 240
21 56 26 41 -4 24 0 T M M 8.8 28 160 M M 2 36 20
22 55 33 44 -1 21 0 0.15 M M 5.5 24 240 M M 8 30 240
23 50 32 41 -4 24 0 0.01 M M 6.8 24 280 M M 9 29 300
24 47 28 38 -7 27 0 T M M 9.0 32 280 M M 7 40 270
25 41 26 34 -11 31 0 0.02 M M 5.9 20 340 M M 9 1 24 20
26 48 25 37 -8 28 0 0.00 M M 5.9 14 350 M M 4 17 30
27 48 23 36 -10 29 0 T M M 16.2 43 170 M M 6 54 180
28 48 33 41 -5 24 0 T M M 21.3 40 180 M M 9 1 56 160
29 49 25 37 -9 28 0 T M M 6.6 18 340 M M 4 23 340
30 54 19 37 -9 28 0 0.00 M M 4.5 18 10 M M 4 23 360
31 54 28 41 -5 24 0 0.00 M M 12.1 30 160 M M 5 37 170
================================================================================
SM 1518 846 825 0 1.28 M 254.1 M 171
================================================================================
AV 49.0 27.3 8.2 FASTST M M 6 MAX(MPH)
MISC ----> # 43 170 # 56 170
================================================================================
NOTES:
# LAST OF SEVERAL OCCURRENCES
COLUMN 17 PEAK WIND IN M.P.H.
PRELIMINARY LOCAL CLIMATOLOGICAL DATA (WS FORM: F-6) , PAGE 2
STATION: MONTAGUE CA
MONTH: MARCH
YEAR: 2023
LATITUDE: 41 46 N
LONGITUDE: 122 28 W
[TEMPERATURE DATA] [PRECIPITATION DATA] SYMBOLS USED IN COLUMN 16
AVERAGE MONTHLY: 38.1 TOTAL FOR MONTH: 1.28 1 = FOG OR MIST
DPTR FM NORMAL: -6.3 DPTR FM NORMAL: 0.03 2 = FOG REDUCING VISIBILITY
HIGHEST: 60 ON 18,13 GRTST 24HR 0.76 ON 13-14 TO 1/4 MILE OR LESS
LOWEST: 19 ON 30 3 = THUNDER
SNOW, ICE PELLETS, HAIL 4 = ICE PELLETS
TOTAL MONTH: M 5 = HAIL
GRTST 24HR M ON M 6 = FREEZING RAIN OR DRIZZLE
GRTST DEPTH: M ON M 7 = DUSTSTORM OR SANDSTORM:
VSBY 1/2 MILE OR LESS
8 = SMOKE OR HAZE
[NO. OF DAYS WITH] [WEATHER - DAYS WITH] 9 = BLOWING SNOW
X = TORNADO
MAX 32 OR BELOW: 0 0.01 INCH OR MORE: 13
MAX 90 OR ABOVE: 0 0.10 INCH OR MORE: 3
MIN 32 OR BELOW: 24 0.50 INCH OR MORE: 1
MIN 0 OR BELOW: 0 1.00 INCH OR MORE: 0
[HDD (BASE 65) ]
TOTAL THIS MO. 825 CLEAR (SCALE 0-3) 7
DPTR FM NORMAL 186 PTCLDY (SCALE 4-7) 14
TOTAL FM JUL 1 4445 CLOUDY (SCALE 8-10) 10
DPTR FM NORMAL 149
[CDD (BASE 65) ]
TOTAL THIS MO. 0
DPTR FM NORMAL 0 [PRESSURE DATA]
TOTAL FM JAN 1 0 HIGHEST SLP M ON M
DPTR FM NORMAL 0 LOWEST SLP 29.42 ON 9
[REMARKS]
#FINAL-03-23#