000
CXUS56 KFGZ 010910
CF6SJN
PRELIMINARY LOCAL CLIMATOLOGICAL DATA (WS FORM: F-6)
STATION: SAINT JOHNS AZ AIRPORT
MONTH: JANUARY
YEAR: 2021
LATITUDE: 34 31 N
LONGITUDE: 109 23 W
TEMPERATURE IN F: :PCPN: SNOW: WIND :SUNSHINE: SKY :PK WND
================================================================================
1 2 3 4 5 6A 6B 7 8 9 10 11 12 13 14 15 16 17 18
12Z AVG MX 2MIN
DY MAX MIN AVG DEP HDD CDD WTR SNW DPTH SPD SPD DIR MIN PSBL S-S WX SPD DR
================================================================================
1 43 19 31 -3 34 0 0.00 M M 3.9 13 310 M M 3 16 310
2 51 11 31 -3 34 0 0.00 M M 5.2 16 310 M M 0 8 22 300
3 54 12 33 -1 32 0 0.00 M M 5.1 16 320 M M 0 20 320
4 57 13 35 1 30 0 0.00 M M 4.6 10 180 M M 0 13 340
5 55 20 38 4 27 0 0.00 M M 6.2 23 280 M M 0 8 27 280
6 50 11 31 -3 34 0 0.00 M M 3.1 8 300 M M 0 10 330
7 55 11 33 -1 32 0 0.00 M M 4.1 13 330 M M 0 8 17 310
8 54 15 35 1 30 0 0.00 M M 3.5 12 310 M M 0 8 15 310
9 46 13 30 -5 35 0 0.00 M M 8.6 30 300 M M 2 36 300
10 46 9 28 -7 37 0 0.00 M M 4.5 12 330 M M 0 8 16 40
11 46 8 27 -8 38 0 0.00 M M 3.5 15 320 M M 0 17 300
12 44 5 25 -10 40 0 0.00 M M 3.9 10 180 M M 0 13 290
13 51 8 30 -5 35 0 0.00 M M 4.4 15 310 M M 0 17 310
14 55 13 34 -1 31 0 0.00 M M 3.5 14 300 M M 0 8 17 310
15 52 13 33 -2 32 0 0.00 M M 5.8 16 310 M M 0 21 310
16 56 16 36 0 29 0 0.00 M M 6.0 22 330 M M 1 26 320
17 57 12 35 -1 30 0 0.00 M M 4.5 12 180 M M 0 14 180
18 51 12 32 -4 33 0 0.00 M M 3.9 17 320 M M 4 21 330
19 47 34 41 5 24 0 0.13 M M 14.3 26 100 M M 8 1 34 90
20 51 29 40 4 25 0 T M M 4.3 16 110 M M 5 1 21 110
21 54 25 40 4 25 0 0.00 M M 5.0 15 320 M M 4 12 20 330
22 56 27 42 6 23 0 0.00 M M 7.7 22 240 M M 6 27 240
23 55 30 43 6 22 0 0.00 M M 10.0 29 210 M M 3 37 220
24 41 25 33 -4 32 0 0.09 M M 8.2 31 240 M M 7 1 42 240
25 42 20 31 -6 34 0 0.02 M M 8.7 35 250 M M 7 18 46 250
26 30 14 22 -15 43 0 0.01 M M 10.0 30 240 M M 7 128 36 240
27 44 1 23 -14 42 0 0.00 M M 2.9 9 180 M M 0 11 310
28 55 20 38 1 27 0 0.00 M M 3.3 12 300 M M 0 14 320
29 58 23 41 4 24 0 0.16 M M 14.0 31 270 M M 2 1 39 200
30 41 21 31 -7 34 0 0.00 M M 5.1 17 250 M M 1 22 250
31 52 16 34 -4 31 0 0.00 M M 4.5 14 70 M M 0 8 18 70
================================================================================
SM 1549 506 979 0 0.41 M 182.3 M 60
================================================================================
AV 50.0 16.3 5.9 FASTST M M 2 MAX(MPH)
MISC ----> 35 250 46 250
================================================================================
NOTES:
# LAST OF SEVERAL OCCURRENCES
COLUMN 17 PEAK WIND IN M.P.H.
PRELIMINARY LOCAL CLIMATOLOGICAL DATA (WS FORM: F-6) , PAGE 2
STATION: SAINT JOHNS AZ AIRPORT
MONTH: JANUARY
YEAR: 2021
LATITUDE: 34 31 N
LONGITUDE: 109 23 W
[TEMPERATURE DATA] [PRECIPITATION DATA] SYMBOLS USED IN COLUMN 16
AVERAGE MONTHLY: 33.1 TOTAL FOR MONTH: 0.41 1 = FOG OR MIST
DPTR FM NORMAL: -2.4 DPTR FM NORMAL: -0.36 2 = FOG REDUCING VISIBILITY
HIGHEST: 58 ON 29 GRTST 24HR 0.27 ON 25-26 TO 1/4 MILE OR LESS
LOWEST: 1 ON 27 3 = THUNDER
SNOW, ICE PELLETS, HAIL 4 = ICE PELLETS
TOTAL MONTH: M 5 = HAIL
GRTST 24HR M ON M 6 = FREEZING RAIN OR DRIZZLE
GRTST DEPTH: M ON M 7 = DUSTSTORM OR SANDSTORM:
VSBY 1/2 MILE OR LESS
8 = SMOKE OR HAZE
[NO. OF DAYS WITH] [WEATHER - DAYS WITH] 9 = BLOWING SNOW
X = TORNADO
MAX 32 OR BELOW: 1 0.01 INCH OR MORE: 5
MAX 90 OR ABOVE: 0 0.10 INCH OR MORE: 2
MIN 32 OR BELOW: 30 0.50 INCH OR MORE: 0
MIN 0 OR BELOW: 0 1.00 INCH OR MORE: 0
[HDD (BASE 65) ]
TOTAL THIS MO. 979 CLEAR (SCALE 0-3) 23
DPTR FM NORMAL 65 PTCLDY (SCALE 4-7) 8
TOTAL FM JUL 1 2839 CLOUDY (SCALE 8-10) 0
DPTR FM NORMAL -50
[CDD (BASE 65) ]
TOTAL THIS MO. 0
DPTR FM NORMAL 0 [PRESSURE DATA]
TOTAL FM JAN 1 0 HIGHEST SLP M ON M
DPTR FM NORMAL 0 LOWEST SLP 29.55 ON 25
[REMARKS]
#FINAL-01-21#