000
CXUS54 KSJT 011000
CF6SJT
PRELIMINARY LOCAL CLIMATOLOGICAL DATA (WS FORM: F-6)
STATION: SAN ANGELO
MONTH: MAY
YEAR: 2022
LATITUDE: 31 21 N
LONGITUDE: 100 30 W
TEMPERATURE IN F: :PCPN: SNOW: WIND :SUNSHINE: SKY :PK WND
================================================================================
1 2 3 4 5 6A 6B 7 8 9 10 11 12 13 14 15 16 17 18
12Z AVG MX 2MIN
DY MAX MIN AVG DEP HDD CDD WTR SNW DPTH SPD SPD DIR MIN PSBL S-S WX SPD DR
================================================================================
1 88 61 75 4 0 10 0.01 0.0 0 11.2 22 140 M M 7 3 32 140
2 95 69 82 11 0 17 0.00 0.0 0 12.2 26 200 M M 3 36 210
3 81 60 71 -1 0 6 T 0.0 0 11.1 20 30 M M 6 27 190
4 87 69 78 6 0 13 0.00 0.0 0 11.3 26 150 M M 4 36 160
5 91 57 74 2 0 9 0.00 0.0 0 9.7 21 300 M M 3 31 310
6 102 52 77 5 0 12 0.00 0.0 0 8.9 22 270 M M 0 30 200
7 107 64 86 13 0 21 0.00 0.0 0 10.6 24 240 M M 0 32 240
8 105 72 89 16 0 24 0.00 0.0 0 11.3 22 180 M M 0 31 200
9 103 77 90 17 0 25 0.00 0.0 0 11.1 21 190 M M 1 8 32 170
10 98 69 84 10 0 19 0.22 0.0 0 11.3 51 210 M M 4 138 74 220
11 97 70 84 10 0 19 0.00 0.0 0 12.0 23 160 M M 0 39 160
12 98 71 85 11 0 20 0.00 0.0 0 12.1 22 200 M M 1 35 140
13 101 69 85 10 0 20 0.13 0.0 0 10.4 29 190 M M 1 3 42 190
14 100 60 80 5 0 15 0.00 0.0 0 6.2 17 210 M M 0 22 180
15 104 66 85 10 0 20 0.00 0.0 0 9.5 21 230 M M 0 28 210
16 103 64 84 8 0 19 0.00 0.0 0 8.1 17 160 M M 0 26 180
17 103 71 87 11 0 22 0.00 0.0 0 12.7 24 180 M M 0 40 190
18 107 74 91 15 0 26 0.00 0.0 0 13.0 16 180 M M 0 33 200
19 107 73 90 14 0 25 0.00 0.0 0 11.9 22 230 M M 0 33 180
20 105 74 90 13 0 25 0.00 0.0 0 10.4 20 190 M M 0 31 180
21 91 67 79 2 0 14 0.00 0.0 0 12.7 24 50 M M 1 8 35 50
22 83 59 71 -6 0 6 0.00 0.0 0 12.8 26 40 M M 3 37 30
23 83 66 75 -3 0 10 0.03 0.0 0 9.9 20 50 M M 6 3 34 80
24 88 58 73 -5 0 8 1.12 T 0 9.7 43 350 M M 6 135 56 350
25 80 54 67 -11 0 2 0.00 0.0 0 11.1 21 330 M M 1 27 290
26 95 52 74 -5 0 9 0.00 0.0 0 6.2 15 200 M M 0 20 190
27 99 61 80 1 0 15 0.00 0.0 0 6.0 15 130 M M 0 22 210
28 104 74 89 10 0 24 0.00 0.0 0 16.0 25 180 M M 0 38 170
29 102 76 89 10 0 24 0.00 0.0 0 18.5 30 160 M M 0 45 170
30 96 75 86 6 0 21 0.00 0.0 0 14.2 25 170 M M 2 40 170
31 97 76 87 7 0 22 0.00 0.0 0 12.9 22 190 M M 4 30 170
================================================================================
SM 3000 2060 0 522 1.51 T 345.0 M 53
================================================================================
AV 96.8 66.5 11.1 FASTST M M 2 MAX(MPH)
MISC ----> 51 210 74 220
================================================================================
NOTES:
# LAST OF SEVERAL OCCURRENCES
COLUMN 17 PEAK WIND IN M.P.H.
PRELIMINARY LOCAL CLIMATOLOGICAL DATA (WS FORM: F-6) , PAGE 2
STATION: SAN ANGELO
MONTH: MAY
YEAR: 2022
LATITUDE: 31 21 N
LONGITUDE: 100 30 W
[TEMPERATURE DATA] [PRECIPITATION DATA] SYMBOLS USED IN COLUMN 16
AVERAGE MONTHLY: 81.6 TOTAL FOR MONTH: 1.51 1 = FOG OR MIST
DPTR FM NORMAL: 6.1 DPTR FM NORMAL: -1.54 2 = FOG REDUCING VISIBILITY
HIGHEST: 107 ON 19,18 GRTST 24HR 1.12 ON 24-24 TO 1/4 MILE OR LESS
LOWEST: 52 ON 26, 6 3 = THUNDER
SNOW, ICE PELLETS, HAIL 4 = ICE PELLETS
TOTAL MONTH: T 5 = HAIL
GRTST 24HR T ON 24-24 6 = FREEZING RAIN OR DRIZZLE
GRTST DEPTH: 0 7 = DUSTSTORM OR SANDSTORM:
VSBY 1/2 MILE OR LESS
8 = SMOKE OR HAZE
[NO. OF DAYS WITH] [WEATHER - DAYS WITH] 9 = BLOWING SNOW
X = TORNADO
MAX 32 OR BELOW: 0 0.01 INCH OR MORE: 5
MAX 90 OR ABOVE: 24 0.10 INCH OR MORE: 3
MIN 32 OR BELOW: 0 0.50 INCH OR MORE: 1
MIN 0 OR BELOW: 0 1.00 INCH OR MORE: 1
[HDD (BASE 65) ]
TOTAL THIS MO. 0 CLEAR (SCALE 0-3) 23
DPTR FM NORMAL -10 PTCLDY (SCALE 4-7) 8
TOTAL FM JUL 1 1878 CLOUDY (SCALE 8-10) 0
DPTR FM NORMAL -251
[CDD (BASE 65) ]
TOTAL THIS MO. 522
DPTR FM NORMAL 186 [PRESSURE DATA]
TOTAL FM JAN 1 799 HIGHEST SLP 30.25 ON 22
DPTR FM NORMAL 269 LOWEST SLP 29.42 ON 29
[REMARKS]
#FINAL-05-22#