000
CXUS56 KSLC 010726
CF6SLC
PRELIMINARY LOCAL CLIMATOLOGICAL DATA (WS FORM: F-6)
STATION: SALT LAKE CITY UT
MONTH: SEPTEMBER
YEAR: 2021
LATITUDE: 40 46 N
LONGITUDE: 111 58 W
TEMPERATURE IN F: :PCPN: SNOW: WIND :SUNSHINE: SKY :PK WND
================================================================================
1 2 3 4 5 6A 6B 7 8 9 10 11 12 13 14 15 16 17 18
12Z AVG MX 2MIN
DY MAX MIN AVG DEP HDD CDD WTR SNW DPTH SPD SPD DIR MIN PSBL S-S WX SPD DR
================================================================================
1 85 70 78 4 0 13 0.00 0.0 0 9.8 20 170 M M 1 26 180
2 87 67 77 3 0 12 T 0.0 0 10.5 35 200 M M 1 38 51 200
3 82 62 72 -2 0 7 0.00 0.0 0 8.2 14 340 M M 1 18 340
4 88 55 72 -1 0 7 0.00 0.0 0 5.8 12 350 M M 0 15 340
5 91 60 76 3 0 11 0.00 0.0 0 6.8 12 150 M M 0 14 330
6 93 62 78 5 0 13 0.00 0.0 0 6.4 12 330 M M 0 16 150
7 93 61 77 5 0 12 0.00 0.0 0 6.3 12 320 M M 1 16 330
8 93 59 76 4 0 11 0.00 0.0 0 6.7 14 340 M M 0 8 17 340
9 97 63 80 9 0 15 0.00 0.0 0 6.7 13 150 M M 0 15 140
10 94 68 81 10 0 16 0.02 0.0 0 11.2 32 190 M M 2 3 49 200
11 80 62 71 0 0 6 0.09 0.0 0 5.1 17 50 M M 3 1 21 50
12 88 61 75 5 0 10 T 0.0 0 6.4 13 350 M M 2 16 350
13 85 62 74 4 0 9 0.00 0.0 0 5.0 24 340 M M 1 32 340
14 84 59 72 3 0 7 0.00 0.0 0 6.2 15 340 M M 0 19 350
15 89 59 74 5 0 9 0.00 0.0 0 7.8 13 160 M M 0 20 330
16 85 61 73 5 0 8 0.00 0.0 0 7.9 17 330 M M 0 25 320
17 88 57 73 5 0 8 0.00 0.0 0 4.9 13 120 M M 0 15 290
18 78 63 71 3 0 6 0.03 0.0 0 19.5 37 160 M M 2 44 150
19 80 50 65 -2 0 0 0.00 0.0 0 17.3 38 350 M M 2 8 45 340
20 65 46 56 -11 9 0 0.00 0.0 0 6.0 15 340 M M 0 8 20 350
21 73 44 59 -7 6 0 0.00 0.0 0 4.6 13 330 M M 0 15 330
22 80 49 65 -1 0 0 0.00 0.0 0 6.7 12 350 M M 1 16 320
23 79 53 66 1 0 1 0.00 0.0 0 5.6 15 330 M M 0 8 21 340
24 80 54 67 2 0 2 0.00 0.0 0 4.8 10 300 M M 0 8 15 300
25 87 56 72 8 0 7 0.00 0.0 0 8.1 14 360 M M 0 16 130
26 87 58 73 9 0 8 0.00 0.0 0 6.9 12 140 M M 0 17 310
27 88 59 74 11 0 9 0.00 0.0 0 7.5 14 140 M M 0 16 170
28 74 50 62 -1 3 0 0.03 0.0 0 13.8 26 340 M M 5 378 32 340
29 61 43 52 -10 13 0 0.00 0.0 0 5.9 13 320 M M 1 8 19 310
30 68 42 55 -7 10 0 0.00 0.0 0 5.6 15 280 M M 1 8 22 310
================================================================================
SM 2502 1715 41 207 0.17 0.0 234.0 M 24
================================================================================
AV 83.4 57.2 7.8 FASTST M M 1 MAX(MPH)
MISC ----> 38 350 51 200
================================================================================
NOTES:
# LAST OF SEVERAL OCCURRENCES
COLUMN 17 PEAK WIND IN M.P.H.
PRELIMINARY LOCAL CLIMATOLOGICAL DATA (WS FORM: F-6) , PAGE 2
STATION: SALT LAKE CITY UT
MONTH: SEPTEMBER
YEAR: 2021
LATITUDE: 40 46 N
LONGITUDE: 111 58 W
[TEMPERATURE DATA] [PRECIPITATION DATA] SYMBOLS USED IN COLUMN 16
AVERAGE MONTHLY: 70.3 TOTAL FOR MONTH: 0.17 1 = FOG OR MIST
DPTR FM NORMAL: 1.9 DPTR FM NORMAL: -0.89 2 = FOG REDUCING VISIBILITY
HIGHEST: 97 ON 9 GRTST 24HR 0.10 ON 10-11 TO 1/4 MILE OR LESS
LOWEST: 42 ON 30 3 = THUNDER
SNOW, ICE PELLETS, HAIL 4 = ICE PELLETS
TOTAL MONTH: 0.0 INCH 5 = HAIL
GRTST 24HR 0.0 6 = FREEZING RAIN OR DRIZZLE
GRTST DEPTH: 0 7 = DUSTSTORM OR SANDSTORM:
VSBY 1/2 MILE OR LESS
8 = SMOKE OR HAZE
[NO. OF DAYS WITH] [WEATHER - DAYS WITH] 9 = BLOWING SNOW
X = TORNADO
MAX 32 OR BELOW: 0 0.01 INCH OR MORE: 4
MAX 90 OR ABOVE: 6 0.10 INCH OR MORE: 0
MIN 32 OR BELOW: 0 0.50 INCH OR MORE: 0
MIN 0 OR BELOW: 0 1.00 INCH OR MORE: 0
[HDD (BASE 65) ]
TOTAL THIS MO. 41 CLEAR (SCALE 0-3) 29
DPTR FM NORMAL -18 PTCLDY (SCALE 4-7) 1
TOTAL FM JUL 1 49 CLOUDY (SCALE 8-10) 0
DPTR FM NORMAL -13
[CDD (BASE 65) ]
TOTAL THIS MO. 207
DPTR FM NORMAL 44 [PRESSURE DATA]
TOTAL FM JAN 1 1764 HIGHEST SLP M ON M
DPTR FM NORMAL 358 LOWEST SLP 29.57 ON 28
[REMARKS]
#FINAL-09-21#