000
CXUS45 KSLC 010801
CLMSLC
CLIMATE REPORT
NATIONAL WEATHER SERVICE SALT LAKE CITY UT
101 AM MST FRI DEC 01 2023
...................................
...THE SALT LAKE CITY UT CLIMATE SUMMARY FOR THE MONTH OF NOVEMBER 2023...
CLIMATE NORMAL PERIOD 1991 TO 2020
CLIMATE RECORD PERIOD 1874 TO 2023
WEATHER OBSERVED NORMAL DEPART LAST YEAR`S
VALUE DATE(S) VALUE FROM VALUE DATE(S)
NORMAL
................................................................
TEMPERATURE (F)
RECORD
HIGH 75 11/06/2020
11/05/2009
11/06/1999
LOW -14 11/16/1955
HIGHEST 71 11/06 67 11/01
LOWEST 24 11/28 21 11/19
11/20
AVG. MAXIMUM 52.5 50.7 1.8 45.2
AVG. MINIMUM 34.6 32.8 1.8 29.1
MEAN 43.6 41.7 1.9 37.2
DAYS MAX >= 90 0 0.0 0.0 0
DAYS MAX <= 32 0 1.5 -1.5 0
DAYS MIN <= 32 14 17.3 -3.3 23
DAYS MIN <= 0 0 0.0 0.0 0
PRECIPITATION (INCHES)
TOTALS 1.74 1.32 0.42 1.90
DAYS >= .01 6 8.3 -2.3 8
DAYS >= .10 5 3.8 1.2 4
DAYS >= .50 1 0.5 0.5 1
DAYS >= 1.00 0 0.1 -0.1 0
SNOWFALL (INCHES)
TOTALS 1.8 7.0 -5.2 3.1
SINCE 7/1 1.8 7.5 MM
DEGREE DAYS
HEATING TOTAL 637 698 -61 826
SINCE 7/1 939 1096 -157 MM
COOLING TOTAL 0 0 0 0
SINCE 1/1 1623 1420 203 MM
................................................................
WIND (MPH)
AVERAGE WIND SPEED 5.4
HIGHEST WIND SPEED/DIRECTION 26/340 DATE 11/19
HIGHEST GUST SPEED/DIRECTION 35/340 DATE 11/19
WEATHER CONDITIONS. NUMBER OF DAYS WITH
THUNDERSTORM 1 RAIN 4
HAIL 1 SNOW 0
FOG 11 FOG W/VIS <= 1/4 MILE 0
HAZE 4
- INDICATES NEGATIVE NUMBERS.
R INDICATES RECORD WAS SET OR TIED.
MM INDICATES DATA IS MISSING.
T INDICATES TRACE AMOUNT.
$$