000
CXUS56 KLOX 020658
CF6SMO
PRELIMINARY LOCAL CLIMATOLOGICAL DATA (WS FORM: F-6)
STATION: SANTA MONICA AIRPORT CA
MONTH: NOVEMBER
YEAR: 2019
LATITUDE: 34 0 N
LONGITUDE: 118 27 W
TEMPERATURE IN F: :PCPN: SNOW: WIND :SUNSHINE: SKY :PK WND
================================================================================
1 2 3 4 5 6A 6B 7 8 9 10 11 12 13 14 15 16 17 18
12Z AVG MX 2MIN
DY MAX MIN AVG DEP HDD CDD WTR SNW DPTH SPD SPD DIR MIN PSBL S-S WX SPD DR
================================================================================
1 77 50 64 1 1 0 0.00 0.0 0 4.0 10 270 M M 0 13 270
2 75 50 63 0 2 0 T 0.0 0 2.8 10 230 M M 0 3 13 240
3 72 48 60 -3 5 0 0.00 0.0 0 3.0 9 230 M M 0 12 210
4 72 50 61 -2 4 0 0.00 0.0 0 3.0 10 240 M M 0 18 14 260
5 71 51 61 -1 4 0 0.00 0.0 0 3.1 10 250 M M 1 18 14 260
6 65 53 59 -3 6 0 0.00 0.0 0 3.3 10 220 M M 7 128 14 200
7 66 57 62 0 3 0 0.00 0.0 0 2.5 10 220 M M 4 18 14 250
8 77 52 65 3 0 0 0.00 0.0 0 3.2 9 240 M M 0 18 11 230
9 85 58 72 10 0 7 0.00 0.0 0 4.1 10 250 M M 0 14 250
10 70 52 61 -1 4 0 0.00 0.0 0 3.9 9 230 M M 5 128 13 210
11 66 60 63 2 2 0 0.00 0.0 0 2.9 9 260 M M 7 18 14 230
12 71 51 61 0 4 0 0.00 0.0 0 3.1 9 240 M M 6 18 11 240
13 65 57 61 0 4 0 0.00 0.0 0 3.4 12 230 M M 7 18 17 240
14 66 57 62 1 3 0 0.00 0.0 0 3.2 10 250 M M 4 18 14 240
15 69 54 62 2 3 0 0.00 0.0 0 2.5 14 240 M M 2 18 18 230
16 71 51 61 1 4 0 0.00 0.0 0 3.2 9 230 M M 0 18 13 230
17 87 53 70 10 0 5 0.00 0.0 0 3.6 9 220 M M 0 11 220
18 90 59 75 15 0 10 0.00 0.0 0 4.0 10 220 M M 0 14 220
19 73 57 65 5 0 0 0.00 0.0 0 3.3 12 220 M M 4 38 15 250
20 60 52 56 -3 9 0 0.21 0.0 0 6.9 17 210 M M 8 13 27 270
21 66 51 59 0 6 0 T 0.0 0 3.8 12 220 M M 2 8 15 200
22 69 50 60 1 5 0 0.00 0.0 0 3.3 10 220 M M 0 13 250
23 71 53 62 3 3 0 0.00 0.0 0 3.4 9 260 M M 0 12 260
24 74 50 62 4 3 0 0.00 0.0 0 4.4 10 240 M M 0 15 250
25 67 48 58 0 7 0 0.00 0.0 0 5.8 18 10 M M 1 31 20
26 64 51 58 0 7 0 0.00 0.0 0 6.1 18 10 M M 3 29 350
27 57 47 52 -6 13 0 0.38 M 0 4.5 17 190 M M 8 1 25 160
28 52 44 48 -10 17 0 0.87 M 0 5.0 14 70 M M 9 13 21 70
29 56 39 48 -9 17 0 T M 0 4.3 17 240 M M 2 1 23 240
30 58 44 51 -6 14 0 T M 0 4.1 10 100 M M 5 14 10
================================================================================
SM 2082 1549 150 22 1.46 0.0 113.8 M 85
================================================================================
AV 69.4 51.6 3.8 FASTST M M 3 MAX(MPH)
MISC ----> # 18 10 # 31 20
================================================================================
NOTES:
# LAST OF SEVERAL OCCURRENCES
COLUMN 17 PEAK WIND IN M.P.H.
PRELIMINARY LOCAL CLIMATOLOGICAL DATA (WS FORM: F-6) , PAGE 2
STATION: SANTA MONICA AIRPORT CA
MONTH: NOVEMBER
YEAR: 2019
LATITUDE: 34 0 N
LONGITUDE: 118 27 W
[TEMPERATURE DATA] [PRECIPITATION DATA] SYMBOLS USED IN COLUMN 16
AVERAGE MONTHLY: 60.5 TOTAL FOR MONTH: 1.46 1 = FOG OR MIST
DPTR FM NORMAL: 0.3 DPTR FM NORMAL: 0.31 2 = FOG REDUCING VISIBILITY
HIGHEST: 90 ON 18 GRTST 24HR 0.87 ON 28-28 TO 1/4 MILE OR LESS
LOWEST: 39 ON 29 3 = THUNDER
SNOW, ICE PELLETS, HAIL 4 = ICE PELLETS
TOTAL MONTH: 0.0 INCH 5 = HAIL
GRTST 24HR 0.0 6 = FREEZING RAIN OR DRIZZLE
GRTST DEPTH: 0 7 = DUSTSTORM OR SANDSTORM:
VSBY 1/2 MILE OR LESS
8 = SMOKE OR HAZE
[NO. OF DAYS WITH] [WEATHER - DAYS WITH] 9 = BLOWING SNOW
X = TORNADO
MAX 32 OR BELOW: 0 0.01 INCH OR MORE: 3
MAX 90 OR ABOVE: 1 0.10 INCH OR MORE: 3
MIN 32 OR BELOW: 0 0.50 INCH OR MORE: 1
MIN 0 OR BELOW: 0 1.00 INCH OR MORE: 0
[HDD (BASE 65) ]
TOTAL THIS MO. 150 CLEAR (SCALE 0-3) 18
DPTR FM NORMAL -11 PTCLDY (SCALE 4-7) 10
TOTAL FM JUL 1 173 CLOUDY (SCALE 8-10) 2
DPTR FM NORMAL -53
[CDD (BASE 65) ]
TOTAL THIS MO. 22
DPTR FM NORMAL 5 [PRESSURE DATA]
TOTAL FM JAN 1 673 HIGHEST SLP 30.20 ON 30
DPTR FM NORMAL 175 LOWEST SLP 29.50 ON 20
[REMARKS]
#FINAL-11-19#