000
CXUS56 KSGX 011045
CF6SNA
PRELIMINARY LOCAL CLIMATOLOGICAL DATA (WS FORM: F-6)
STATION: JOHN WAYNE AIRPORT CA
MONTH: OCTOBER
YEAR: 2023
LATITUDE: 33 40 N
LONGITUDE: 117 53 W
TEMPERATURE IN F: :PCPN: SNOW: WIND :SUNSHINE: SKY :PK WND
================================================================================
1 2 3 4 5 6A 6B 7 8 9 10 11 12 13 14 15 16 17 18
12Z AVG MX 2MIN
DY MAX MIN AVG DEP HDD CDD WTR SNW DPTH SPD SPD DIR MIN PSBL S-S WX SPD DR
================================================================================
1 71 60 66 -4 0 1 T M M 3.9 13 180 M M 5 17 180
2 72 57 65 -5 0 0 0.00 M M 3.5 13 220 M M 1 18 220
3 78 59 69 -1 0 4 0.00 M M 3.1 13 210 M M 1 17 200
4 85 62 74 4 0 9 0.00 M M 4.4 14 210 M M 0 16 210
5 89 63 76 6 0 11 0.00 M M 4.2 13 210 M M 0 17 210
6 84 64 74 5 0 9 0.00 M M 4.3 13 190 M M 0 18 200
7 87 63 75 6 0 10 0.00 M M 4.4 13 200 M M 5 12 16 200
8 82 63 73 4 0 8 0.00 M M 3.0 9 230 M M 3 128 13 200
9 74 63 69 0 0 4 0.00 M M 4.6 12 200 M M 6 18 16 190
10 74 62 68 -1 0 3 0.00 M M 5.4 14 190 M M 6 18 190
11 74 63 69 1 0 4 T M M 4.6 15 210 M M 6 23 210
12 77 61 69 1 0 4 0.00 M M 4.1 13 200 M M 2 17 210
13 77 62 70 2 0 5 0.00 M M 2.9 13 200 M M 4 8 15 190
14 80 60 70 2 0 5 0.00 M M 2.0 9 220 M M 2 12 15 250
15 84 60 72 4 0 7 0.00 M M 3.3 9 200 M M 0 13 220
16 81 62 72 4 0 7 0.00 M M 3.1 12 190 M M 1 13 200
17 74 64 69 1 0 4 0.00 M M 3.9 13 190 M M 6 18 16 200
18 75 64 70 2 0 5 0.00 M M 4.4 13 200 M M 6 18 16 200
19 81 63 72 5 0 7 0.00 M M 2.5 10 200 M M 5 18 13 210
20 88 65 77 10 0 12 0.00 M M 3.5 10 220 M M 1 18 12 240
21 81 64 73 6 0 8 0.00 M M 4.3 12 200 M M 0 14 230
22 73 62 68 1 0 3 T M M 5.4 13 210 M M 4 17 200
23 73 63 68 1 0 3 T M M 6.0 13 200 M M 7 18 17 210
24 73 60 67 0 0 2 0.00 M M 6.1 14 210 M M 3 17 200
25 72 63 68 1 0 3 T M M 6.5 15 210 M M 8 18 210
26 73 62 68 2 0 3 0.00 M M 3.1 13 220 M M 5 16 220
27 72 61 67 1 0 2 0.00 M M 4.1 13 200 M M 3 18 190
28 71 58 65 -1 0 0 0.00 M M 4.2 14 190 M M 2 18 190
29 83 56 70 4 0 5 0.00 M M 14.4 32 60 M M 0 41 60
30 87 61 74 8 0 9 0.00 M M 7.3 21 40 M M 1 27 50
31 89 54 72 6 0 7 0.00 M M 3.6 13 210 M M 1 17 70
================================================================================
SM 2434 1904 0 164 T M 140.1 M 94
================================================================================
AV 78.5 61.4 4.5 FASTST M M 3 MAX(MPH)
MISC ----> 32 60 41 60
================================================================================
NOTES:
# LAST OF SEVERAL OCCURRENCES
COLUMN 17 PEAK WIND IN M.P.H.
PRELIMINARY LOCAL CLIMATOLOGICAL DATA (WS FORM: F-6) , PAGE 2
STATION: JOHN WAYNE AIRPORT CA
MONTH: OCTOBER
YEAR: 2023
LATITUDE: 33 40 N
LONGITUDE: 117 53 W
[TEMPERATURE DATA] [PRECIPITATION DATA] SYMBOLS USED IN COLUMN 16
AVERAGE MONTHLY: 70.0 TOTAL FOR MONTH: T 1 = FOG OR MIST
DPTR FM NORMAL: 2.2 DPTR FM NORMAL: -0.54 2 = FOG REDUCING VISIBILITY
HIGHEST: 89 ON 31, 5 GRTST 24HR T ON 30- 1 TO 1/4 MILE OR LESS
LOWEST: 54 ON 31 3 = THUNDER
SNOW, ICE PELLETS, HAIL 4 = ICE PELLETS
TOTAL MONTH: M 5 = HAIL
GRTST 24HR M ON M 6 = FREEZING RAIN OR DRIZZLE
GRTST DEPTH: M ON M 7 = DUSTSTORM OR SANDSTORM:
VSBY 1/2 MILE OR LESS
8 = SMOKE OR HAZE
[NO. OF DAYS WITH] [WEATHER - DAYS WITH] 9 = BLOWING SNOW
X = TORNADO
MAX 32 OR BELOW: 0 0.01 INCH OR MORE: 0
MAX 90 OR ABOVE: 0 0.10 INCH OR MORE: 0
MIN 32 OR BELOW: 0 0.50 INCH OR MORE: 0
MIN 0 OR BELOW: 0 1.00 INCH OR MORE: 0
[HDD (BASE 65) ]
TOTAL THIS MO. 0 CLEAR (SCALE 0-3) 16
DPTR FM NORMAL -22 PTCLDY (SCALE 4-7) 15
TOTAL FM JUL 1 0 CLOUDY (SCALE 8-10) 0
DPTR FM NORMAL -19
[CDD (BASE 65) ]
TOTAL THIS MO. 164
DPTR FM NORMAL 53 [PRESSURE DATA]
TOTAL FM JAN 1 1047 HIGHEST SLP 30.09 ON 30
DPTR FM NORMAL 6 LOWEST SLP 29.64 ON 11
[REMARKS]
#FINAL-10-23#