000
CXUS54 KMAF 011110
CF6SNK
PRELIMINARY LOCAL CLIMATOLOGICAL DATA (WS FORM: F-6)
STATION: SNYDER WINSTON FIELD
MONTH: MARCH
YEAR: 2023
LATITUDE: 32 41 N
LONGITUDE: 100 57 W
TEMPERATURE IN F: :PCPN: SNOW: WIND :SUNSHINE: SKY :PK WND
================================================================================
1 2 3 4 5 6A 6B 7 8 9 10 11 12 13 14 15 16 17 18
12Z AVG MX 2MIN
DY MAX MIN AVG DEP HDD CDD WTR SNW DPTH SPD SPD DIR MIN PSBL S-S WX SPD DR
================================================================================
1 67 54 61 M 4 0 M M M 8.4 17 40 M M 0 24 40
2 71 41 56 M 9 0 0.57 M M 10.3 33 280 M M 3 38 47 280
3 67 36 52 M 13 0 M M M 8.7 16 230 M M 1 23 280
4 70 38 54 M 11 0 M M M 5.8 9 180 M M 0 M M
5 82 46 64 M 1 0 M M M 11.2 20 210 M M 0 26 210
6 86 51 69 M 0 4 M M M 7.6 14 230 M M 0 20 230
7 71 49 60 M 5 0 M M M 10.0 18 40 M M 3 24 60
8 50 40 45 M 20 0 0.22 M M 11.9 22 40 M M 9 13 28 40
9 58 44 51 M 14 0 M M M 3.7 14 50 M M 8 12 18 50
10 69 44 57 M 8 0 M M M 11.1 16 190 M M 5 1 23 70
11 87 53 70 M 0 5 M M M 10.8 20 50 M M 0 24 240
12 62 46 54 M 11 0 M M M 13.2 20 70 M M 0 26 70
13 56 39 48 M 17 0 M M M 13.9 20 70 M M 0 25 70
14 60 36 48 M 17 0 M M M 9.9 15 110 M M 3 21 70
15 73 40 57 M 8 0 M M M 17.6 32 180 M M 4 37 180
16 77 39 58 M 7 0 M M M 21.9 33 260 M M 5 8 41 260
17 50 34 42 M 23 0 M M M 10.6 18 20 M M 2 25 20
18 52 34 43 M 22 0 M M M 6.7 15 50 M M 1 21 30
19 58 31 45 M 20 0 M M M 6.8 12 140 M M 0 17 120
20 60 35 48 M 17 0 M M M 15.9 24 200 M M 2 33 210
21 78 47 63 M 2 0 M M M 15.1 22 190 M M 4 28 190
22 84 55 70 M 0 5 M M M 9.5 15 210 M M 0 23 210
23 83 60 72 M 0 7 M M M 6.9 12 30 M M 4 18 50
24 71 48 60 M 5 0 M M M 15.3 33 250 M M 3 8 41 260
25 70 40 55 M 10 0 M M M 12.3 28 290 M M 0 37 290
26 68 40 54 M 11 0 M M M 11.6 24 40 M M 0 32 40
27 63 38 51 M 14 0 M M M 9.3 15 50 M M 3 23 0
28 58 38 48 M 17 0 M M M 14.7 25 360 M M 2 30 360
29 71 45 58 M 7 0 M M M 9.2 17 160 M M 5 22 160
30 74 55 65 M 0 0 M M M 17.6 23 200 M M 5 31 190
31 71 51 61 M 4 0 M M M 15.7 30 280 M M 1 12 41 290
================================================================================
SM 2117 1347 297 21 0.79 M 353.1 M 73
================================================================================
AV 68.3 43.5 11.4 FASTST M M 2 MAX(MPH)
MISC ----> # 33 280 47 280
================================================================================
NOTES:
# LAST OF SEVERAL OCCURRENCES
COLUMN 17 PEAK WIND IN M.P.H.
PRELIMINARY LOCAL CLIMATOLOGICAL DATA (WS FORM: F-6) , PAGE 2
STATION: SNYDER WINSTON FIELD
MONTH: MARCH
YEAR: 2023
LATITUDE: 32 41 N
LONGITUDE: 100 57 W
[TEMPERATURE DATA] [PRECIPITATION DATA] SYMBOLS USED IN COLUMN 16
AVERAGE MONTHLY: 55.9 TOTAL FOR MONTH: 0.79 1 = FOG OR MIST
DPTR FM NORMAL: 0.0 DPTR FM NORMAL: M 2 = FOG REDUCING VISIBILITY
HIGHEST: 87 ON 11 GRTST 24HR 0.57 ON 2- 2 TO 1/4 MILE OR LESS
LOWEST: 31 ON 19 3 = THUNDER
SNOW, ICE PELLETS, HAIL 4 = ICE PELLETS
TOTAL MONTH: M 5 = HAIL
GRTST 24HR M ON M 6 = FREEZING RAIN OR DRIZZLE
GRTST DEPTH: M ON M 7 = DUSTSTORM OR SANDSTORM:
VSBY 1/2 MILE OR LESS
8 = SMOKE OR HAZE
[NO. OF DAYS WITH] [WEATHER - DAYS WITH] 9 = BLOWING SNOW
X = TORNADO
MAX 32 OR BELOW: 0 0.01 INCH OR MORE: 2
MAX 90 OR ABOVE: 0 0.10 INCH OR MORE: 2
MIN 32 OR BELOW: 1 0.50 INCH OR MORE: 1
MIN 0 OR BELOW: 0 1.00 INCH OR MORE: 0
[HDD (BASE 65) ]
TOTAL THIS MO. 297 CLEAR (SCALE 0-3) 22
DPTR FM NORMAL M PTCLDY (SCALE 4-7) 8
TOTAL FM JUL 1 2414 CLOUDY (SCALE 8-10) 1
DPTR FM NORMAL M
[CDD (BASE 65) ]
TOTAL THIS MO. 21
DPTR FM NORMAL M [PRESSURE DATA]
TOTAL FM JAN 1 25 HIGHEST SLP M ON M
DPTR FM NORMAL M LOWEST SLP M ON M
[REMARKS]
#FINAL-03-23#