000
CXUS54 KMAF 011110
CF6SNK
PRELIMINARY LOCAL CLIMATOLOGICAL DATA (WS FORM: F-6)
STATION: SNYDER WINSTON FIELD
MONTH: OCTOBER
YEAR: 2022
LATITUDE: 32 41 N
LONGITUDE: 100 57 W
TEMPERATURE IN F: :PCPN: SNOW: WIND :SUNSHINE: SKY :PK WND
================================================================================
1 2 3 4 5 6A 6B 7 8 9 10 11 12 13 14 15 16 17 18
12Z AVG MX 2MIN
DY MAX MIN AVG DEP HDD CDD WTR SNW DPTH SPD SPD DIR MIN PSBL S-S WX SPD DR
================================================================================
1 87 62 75 M 0 10 M M M 5.7 12 120 M M 0 17 120
2 83 56 70 M 0 5 M M M 4.8 9 100 M M 0 M M
3 82 57 70 M 0 5 M M M 5.4 8 170 M M 0 M M
4 83 59 71 M 0 6 M M M 5.7 12 140 M M 0 17 110
5 82 61 72 M 0 7 M M M 6.2 15 20 M M 1 25 0
6 83 58 71 M 0 6 M M M 4.1 9 360 M M 3 M M
7 81 59 70 M 0 5 0.29 M M 6.6 16 50 M M 5 26 50
8 66 52 59 M 6 0 M M M 12.8 17 40 M M 6 22 40
9 75 52 64 M 1 0 M M M 5.6 10 70 M M 7 M M
10 69 60 65 M 0 0 0.43 M M 7.0 16 130 M M 7 3 24 220
11 79 58 69 M 0 4 M M M 9.1 14 200 M M 1 22 220
12 80 60 70 M 0 5 M M M 7.9 13 30 M M 0 20 30
13 74 53 64 M 1 0 M M M 7.3 14 40 M M 0 16 40
14 82 54 68 M 0 3 M M M 6.9 14 180 M M 0 20 180
15 87 64 76 M 0 11 M M M 8.9 23 250 M M 0 35 250
16 71 54 63 M 2 0 0.08 M M 13.8 26 290 M M 7 37 290
17 60 50 55 M 10 0 0.14 M M 8.7 15 60 M M 7 3 23 60
18 64 49 57 M 8 0 M M M 2.4 6 100 M M 8 M M
19 73 48 61 M 4 0 M M M 8.3 15 260 M M 3 21 260
20 80 49 65 M 0 0 M M M 5.8 12 260 M M 0 M M
21 83 50 67 M 0 2 M M M 10.3 20 220 M M 0 28 230
22 88 56 72 M 0 7 M M M 10.4 18 210 M M 0 24 240
23 87 64 76 M 0 11 M M M 15.2 23 190 M M 0 30 180
24 74 44 59 M 6 0 0.52 M M 13.4 29 290 M M 5 41 240
25 66 38 52 M 13 0 M M M 7.2 10 280 M M 0 21 310
26 74 45 60 M 5 0 M M M 8.4 16 170 M M 0 22 180
27 78 50 64 M 1 0 0.59 M M 12.7 20 170 M M 1 3 35 130
28 56 48 52 M 13 0 1.65 M M 10.5 21 10 M M 9 26 140
29 62 45 54 M 11 0 M M M 5.1 10 340 M M 4 1 17 340
30 68 46 57 M 8 0 M M M 3.2 6 120 M M 0 M M
31 69 52 61 M 4 0 M M M 3.1 8 160 M M 0 M M
================================================================================
SM 2346 1653 93 87 3.70 M 242.5 M 74
================================================================================
AV 75.7 53.3 7.8 FASTST M M 2 MAX(MPH)
MISC ----> 29 290 41 240
================================================================================
NOTES:
# LAST OF SEVERAL OCCURRENCES
COLUMN 17 PEAK WIND IN M.P.H.
PRELIMINARY LOCAL CLIMATOLOGICAL DATA (WS FORM: F-6) , PAGE 2
STATION: SNYDER WINSTON FIELD
MONTH: OCTOBER
YEAR: 2022
LATITUDE: 32 41 N
LONGITUDE: 100 57 W
[TEMPERATURE DATA] [PRECIPITATION DATA] SYMBOLS USED IN COLUMN 16
AVERAGE MONTHLY: 64.5 TOTAL FOR MONTH: 3.70 1 = FOG OR MIST
DPTR FM NORMAL: 0.0 DPTR FM NORMAL: M 2 = FOG REDUCING VISIBILITY
HIGHEST: 88 ON 22 GRTST 24HR 1.65 ON 28-28 TO 1/4 MILE OR LESS
LOWEST: 38 ON 25 3 = THUNDER
SNOW, ICE PELLETS, HAIL 4 = ICE PELLETS
TOTAL MONTH: M 5 = HAIL
GRTST 24HR M ON M 6 = FREEZING RAIN OR DRIZZLE
GRTST DEPTH: M ON M 7 = DUSTSTORM OR SANDSTORM:
VSBY 1/2 MILE OR LESS
8 = SMOKE OR HAZE
[NO. OF DAYS WITH] [WEATHER - DAYS WITH] 9 = BLOWING SNOW
X = TORNADO
MAX 32 OR BELOW: 0 0.01 INCH OR MORE: 7
MAX 90 OR ABOVE: 0 0.10 INCH OR MORE: 6
MIN 32 OR BELOW: 0 0.50 INCH OR MORE: 3
MIN 0 OR BELOW: 0 1.00 INCH OR MORE: 1
[HDD (BASE 65) ]
TOTAL THIS MO. 93 CLEAR (SCALE 0-3) 21
DPTR FM NORMAL M PTCLDY (SCALE 4-7) 9
TOTAL FM JUL 1 93 CLOUDY (SCALE 8-10) 1
DPTR FM NORMAL M
[CDD (BASE 65) ]
TOTAL THIS MO. 87
DPTR FM NORMAL M [PRESSURE DATA]
TOTAL FM JAN 1 2882 HIGHEST SLP M ON M
DPTR FM NORMAL M LOWEST SLP M ON M
[REMARKS]
#FINAL-10-22#