000
CXUS55 KPIH 011426 RRA
CF6SNT
PRELIMINARY LOCAL CLIMATOLOGICAL DATA (WS FORM: F-6)
STATION: STANLEY
MONTH: NOVEMBER
YEAR: 2021
LATITUDE: 44 10 N
LONGITUDE: 114 56 W
TEMPERATURE IN F: :PCPN: SNOW: WIND :SUNSHINE: SKY :PK WND
================================================================================
1 2 3 4 5 6A 6B 7 8 9 10 11 12 13 14 15 16 17 18
12Z AVG MX 2MIN
DY MAX MIN AVG DEP HDD CDD WTR SNW DPTH SPD SPD DIR MIN PSBL S-S WX SPD DR
================================================================================
1 44 33 39 6 26 0 0.02 M M 2.4 6 140 M M 0 9 170
2 48 27 38 5 27 0 0.01 M M 1.9 8 350 M M 0 13 310
3 50 25 38 6 27 0 0.00 M M 1.5 6 190 M M 0 8 330
4 55 26 41 9 24 0 0.28 M M 3.8 23 190 M M 0 36 180
5 52 28 40 9 25 0 0.00 M M 4.1 18 200 M M 0 33 210
6 45 30 38 7 27 0 0.23 M M 4.1 13 180 M M 0 23 150
7 33 12 23 -7 42 0 0.00 M M 2.7 10 220 M M 0 16 200
8 32 7 20 -10 45 0 0.00 M M 0.8 7 180 M M 0 9 350
9 37 11 24 -5 41 0 0.35 M M 4.5 15 150 M M 0 29 320
10 35 14 25 -4 40 0 0.00 M M 2.8 12 320 M M 0 21 330
11 35 14 25 -3 40 0 0.07 M M 1.4 6 110 M M 0 10 140
12 50 30 40 12 25 0 0.01 M M 1.9 10 130 M M 0 14 140
13 49 30 40 13 25 0 0.06 M M 3.6 10 320 M M 0 17 350
14 58 31 45 18 20 0 0.00 M M 4.0 14 300 M M 0 29 290
15 55 26 41 15 24 0 0.24 M M 4.9 23 220 M M 0 45 200
16 43 14 29 3 36 0 0.02 M M 7.6 20 250 M M 0 40 230
17 33 8 21 -5 44 0 0.00 M M 2.3 7 340 M M 0 11 10
18 40 16 28 3 37 0 0.00 M M 3.5 14 170 M M 0 22 150
19 38 32 35 10 30 0 0.25 M M 4.3 12 150 M M 0 19 150
20 39 12 26 2 39 0 0.00 M M 2.0 7 180 M M 0 10 320
21 36 6 21 -3 44 0 0.00 M M 1.7 7 360 M M 0 10 340
22 42 9 26 3 39 0 0.00 M M 0.9 7 170 M M 0 10 170
23 32 8 20 -3 45 0 0.16 M M 1.1 7 10 M M 0 12 50
24 31 3 17 -5 48 0 0.00 M M 1.6 7 170 M M 0 11 180
25 34 1 18 -4 47 0 0.00 M M 0.4 6 360 M M 0 9 340
26 39 19 29 7 36 0 0.01 M M 2.4 9 100 M M 0 15 140
27 46 29 38 17 27 0 0.00 M M 2.3 7 160 M M 0 12 330
28 53 28 41 20 24 0 0.00 M M 2.3 9 130 M M 0 15 120
29 52 23 38 18 27 0 0.00 M M 2.2 16 270 M M 0 28 260
30 44 19 32 12 33 0 0.00 M M 1.9 9 150 M M 0 14 150
================================================================================
SM 1280 571 1014 0 1.71 M 80.9 M 0
================================================================================
AV 42.7 19.0 2.7 FASTST M M 0 MAX(MPH)
MISC ----> # 23 190 45 200
================================================================================
NOTES:
# LAST OF SEVERAL OCCURRENCES
COLUMN 17 PEAK WIND IN M.P.H.
PRELIMINARY LOCAL CLIMATOLOGICAL DATA (WS FORM: F-6) , PAGE 2
STATION: STANLEY
MONTH: NOVEMBER
YEAR: 2021
LATITUDE: 44 10 N
LONGITUDE: 114 56 W
[TEMPERATURE DATA] [PRECIPITATION DATA] SYMBOLS USED IN COLUMN 16
AVERAGE MONTHLY: 30.9 TOTAL FOR MONTH: 1.71 1 = FOG OR MIST
DPTR FM NORMAL: 4.5 DPTR FM NORMAL: -0.48 2 = FOG REDUCING VISIBILITY
HIGHEST: 58 ON 14 GRTST 24HR 0.35 ON 9- 9 TO 1/4 MILE OR LESS
LOWEST: 1 ON 25 3 = THUNDER
SNOW, ICE PELLETS, HAIL 4 = ICE PELLETS
TOTAL MONTH: M 5 = HAIL
GRTST 24HR M ON M 6 = FREEZING RAIN OR DRIZZLE
GRTST DEPTH: M ON M 7 = DUSTSTORM OR SANDSTORM:
VSBY 1/2 MILE OR LESS
8 = SMOKE OR HAZE
[NO. OF DAYS WITH] [WEATHER - DAYS WITH] 9 = BLOWING SNOW
X = TORNADO
MAX 32 OR BELOW: 3 0.01 INCH OR MORE: 13
MAX 90 OR ABOVE: 0 0.10 INCH OR MORE: 6
MIN 32 OR BELOW: 29 0.50 INCH OR MORE: 0
MIN 0 OR BELOW: 0 1.00 INCH OR MORE: 0
[HDD (BASE 65) ]
TOTAL THIS MO. 1014 CLEAR (SCALE 0-3) 30
DPTR FM NORMAL -146 PTCLDY (SCALE 4-7) 0
TOTAL FM JUL 1 2346 CLOUDY (SCALE 8-10) 0
DPTR FM NORMAL -434
[CDD (BASE 65) ]
TOTAL THIS MO. 0
DPTR FM NORMAL 0 [PRESSURE DATA]
TOTAL FM JAN 1 44 HIGHEST SLP 30.77 ON 25
DPTR FM NORMAL 31 LOWEST SLP 29.71 ON 16
[REMARKS]
28TH: HIGH OF 53 BREAKS OLD RECORD OF 48 SET IN 1980.
29TH: HIGH OF 52 BREAKS OLD RECORD OF 46 SET IN 1980.
#FINAL-11-21#