414
CXUS53 KILX 012300
CF6SPI
PRELIMINARY LOCAL CLIMATOLOGICAL DATA (WS FORM: F-6)
STATION: SPRINGFIELD IL
MONTH: AUGUST
YEAR: 2020
LATITUDE: 39 50 N
LONGITUDE: 89 41 W
TEMPERATURE IN F: :PCPN: SNOW: WIND :SUNSHINE: SKY :PK WND
================================================================================
1 2 3 4 5 6A 6B 7 8 9 10 11 12 13 14 15 16 17 18
12Z AVG MX 2MIN
DY MAX MIN AVG DEP HDD CDD WTR SNW DPTH SPD SPD DIR MIN PSBL S-S WX SPD DR
================================================================================
1 80 63 72 -3 0 7 0.35 0.0 0 4.7 14 320 M M 7 1 20 320
2 84 61 73 -2 0 8 T 0.0 0 2.8 12 310 M M 2 1 18 310
3 74 59 67 -8 0 2 T 0.0 0 7.6 16 360 M M 5 1 27 320
4 75 55 65 -10 0 0 0.00 0.0 0 5.4 15 20 M M 4 22 20
5 79 51 65 -10 0 0 0.00 0.0 0 1.4 10 40 M M 2 1 16 50
6 79 54 67 -8 0 2 0.00 0.0 0 3.6 13 110 M M 0 27 180
7 81 59 70 -5 0 5 0.00 0.0 0 6.8 14 140 M M 0 18 100
8 86 66 76 1 0 11 0.00 0.0 0 9.8 17 180 M M 2 24 180
9 85 69 77 2 0 12 0.00 0.0 0 8.9 16 200 M M 3 3 23 200
10 93 66 80 5 0 15 0.62 0.0 0 8.3 38 350 M M 4 13 52 10
11 84 63 74 -1 0 9 0.00 0.0 0 2.8 9 200 M M 3 12 12 200
12 86 66 76 1 0 11 0.00 0.0 0 4.9 14 50 M M 0 16 60
13 88 66 77 2 0 12 0.00 0.0 0 5.2 10 30 M M 1 15 50
14 88 65 77 2 0 12 0.00 0.0 0 3.0 8 10 M M 0 1 12 20
15 88 64 76 1 0 11 0.55 0.0 0 4.1 25 340 M M 2 13 34 340
16 84 60 72 -2 0 7 0.00 0.0 0 5.8 12 350 M M 0 17 360
17 86 61 74 0 0 9 0.11 0.0 0 6.5 16 350 M M 3 1 24 340
18 82 62 72 -2 0 7 0.00 0.0 0 7.0 15 20 M M 2 20 20
19 79 54 67 -7 0 2 0.00 0.0 0 5.2 15 60 M M 0 22 50
20 81 53 67 -7 0 2 0.00 0.0 0 2.3 12 130 M M 0 1 15 110
21 84 55 70 -4 0 5 0.00 0.0 0 2.3 9 120 M M 0 1 13 130
22 85 55 70 -4 0 5 0.00 0.0 0 2.0 10 210 M M 1 1 13 200
23 89 65 77 3 0 12 0.00 0.0 0 5.7 13 200 M M 2 18 200
24 92 66 79 5 0 14 0.00 0.0 0 3.6 12 260 M M 0 18 270
25 92 67 80 6 0 15 0.00 0.0 0 2.4 8 250 M M 0 1 12 250
26 90 69 80 7 0 15 0.00 0.0 0 7.8 16 200 M M 1 1 21 200
27 88 75 82 9 0 17 T 0.0 0 8.3 17 200 M M 2 24 190
28 91 72 82 9 0 17 T 0.0 0 4.2 12 150 M M 2 1 18 170
29 81 55 68 -5 0 3 0.00 0.0 0 6.2 15 330 M M 0 21 340
30 80 51 66 -6 0 1 0.00 0.0 0 6.6 15 130 M M 1 1 20 100
31 81 62 72 0 0 7 0.00 0.0 0 5.4 15 190 M M 5 1 20 190
================================================================================
SM 2615 1909 0 255 1.63 0.0 160.6 M 54
================================================================================
AV 84.4 61.6 5.2 FASTST M M 2 MAX(MPH)
MISC ----> # 38 350 # 52 10
================================================================================
NOTES:
# LAST OF SEVERAL OCCURRENCES
COLUMN 17 PEAK WIND IN M.P.H.
PRELIMINARY LOCAL CLIMATOLOGICAL DATA (WS FORM: F-6) , PAGE 2
STATION: SPRINGFIELD IL
MONTH: AUGUST
YEAR: 2020
LATITUDE: 39 50 N
LONGITUDE: 89 41 W
[TEMPERATURE DATA] [PRECIPITATION DATA] SYMBOLS USED IN COLUMN 16
AVERAGE MONTHLY: 73.0 TOTAL FOR MONTH: 1.63 1 = FOG OR MIST
DPTR FM NORMAL: -1.2 DPTR FM NORMAL: -1.61 2 = FOG REDUCING VISIBILITY
HIGHEST: 93 ON 10 GRTST 24HR 0.62 ON 10-10 TO 1/4 MILE OR LESS
LOWEST: 51 ON 30, 5 3 = THUNDER
SNOW, ICE PELLETS, HAIL 4 = ICE PELLETS
TOTAL MONTH: 0.0 INCH 5 = HAIL
GRTST 24HR 0.0 6 = FREEZING RAIN OR DRIZZLE
GRTST DEPTH: 0 7 = DUSTSTORM OR SANDSTORM:
VSBY 1/2 MILE OR LESS
8 = SMOKE OR HAZE
[NO. OF DAYS WITH] [WEATHER - DAYS WITH] 9 = BLOWING SNOW
X = TORNADO
MAX 32 OR BELOW: 0 0.01 INCH OR MORE: 4
MAX 90 OR ABOVE: 5 0.10 INCH OR MORE: 4
MIN 32 OR BELOW: 0 0.50 INCH OR MORE: 2
MIN 0 OR BELOW: 0 1.00 INCH OR MORE: 0
[HDD (BASE 65) ]
TOTAL THIS MO. 0 CLEAR (SCALE 0-3) 25
DPTR FM NORMAL -4 PTCLDY (SCALE 4-7) 6
TOTAL FM JUL 1 0 CLOUDY (SCALE 8-10) 0
DPTR FM NORMAL -5
[CDD (BASE 65) ]
TOTAL THIS MO. 255
DPTR FM NORMAL -36 [PRESSURE DATA]
TOTAL FM JAN 1 1072 HIGHEST SLP 30.17 ON 5
DPTR FM NORMAL 102 LOWEST SLP 29.65 ON 28
[REMARKS]
#FINAL-08-20#