000
CXUS54 KOUN 011327
CF6SPS
PRELIMINARY LOCAL CLIMATOLOGICAL DATA (WS FORM: F-6)
STATION: WICHITA FALLS
MONTH: SEPTEMBER
YEAR: 2023
LATITUDE: 33 58 N
LONGITUDE: 98 29 W
TEMPERATURE IN F: :PCPN: SNOW: WIND :SUNSHINE: SKY :PK WND
================================================================================
1 2 3 4 5 6A 6B 7 8 9 10 11 12 13 14 15 16 17 18
12Z AVG MX 2MIN
DY MAX MIN AVG DEP HDD CDD WTR SNW DPTH SPD SPD DIR MIN PSBL S-S WX SPD DR
================================================================================
1 102 69 86 5 0 21 0.00 0.0 0 9.6 18 150 M M 0 23 140
2 101 68 85 5 0 20 0.00 0.0 0 9.8 17 140 M M 0 24 130
3 106 70 88 8 0 23 0.00 0.0 0 8.5 23 130 M M 0 31 130
4 106 74 90 10 0 25 0.00 0.0 0 16.0 24 190 M M 0 36 160
5 108 77 93 13 0 28 0.06 0.0 0 14.6 28 30 M M 2 3 35 40
6 100 73 87 8 0 22 0.00 0.0 0 7.8 21 70 M M 0 25 70
7 109 72 91 12 0 26 0.00 0.0 0 9.0 18 190 M M 0 24 200
8 112 80 96 17 0 31 0.06 0.0 0 13.7 37 40 M M 1 38 46 40
9 99 73 86 8 0 21 0.00 0.0 0 12.3 21 70 M M 0 29 90
10 97 69 83 5 0 18 0.00 0.0 0 9.7 18 140 M M 1 23 140
11 86 65 76 -2 0 11 0.60 0.0 0 11.0 31 360 M M 8 13 40 330
12 77 66 72 -5 0 7 0.01 0.0 0 10.0 20 30 M M 8 1 22 30
13 81 68 75 -2 0 10 0.01 0.0 0 6.3 14 110 M M 8 1 19 90
14 79 68 74 -3 0 9 T 0.0 0 11.0 17 80 M M 9 21 110
15 85 68 77 1 0 12 0.02 0.0 0 7.7 15 70 M M 7 1 20 50
16 88 65 77 1 0 12 0.00 0.0 0 6.9 18 10 M M 2 23 10
17 92 62 77 1 0 12 0.00 0.0 0 5.2 10 30 M M 0 17 20
18 95 61 78 3 0 13 0.00 0.0 0 10.0 18 180 M M 0 27 190
19 98 67 83 8 0 18 0.41 0.0 0 16.0 32 360 M M 5 138 44 360
20 97 67 82 7 0 17 0.00 0.0 0 9.4 20 220 M M 1 27 200
21 93 71 82 8 0 17 T 0.0 0 9.9 22 110 M M 4 29 120
22 101 71 86 12 0 21 0.00 0.0 0 12.6 23 210 M M 3 29 220
23 104 73 89 15 0 24 0.00 0.0 0 13.4 24 190 M M 0 32 190
24 95 69 82 9 0 17 0.00 0.0 0 11.8 22 40 M M 1 29 40
25 95 67 81 8 0 16 0.00 0.0 0 8.9 18 50 M M 2 23 40
26 95 60 78 6 0 13 0.00 0.0 0 4.8 12 110 M M 0 18 110
27 98 64 81 9 0 16 0.00 0.0 0 6.2 15 220 M M 0 21 200
28 98 64 81 9 0 16 0.00 0.0 0 8.3 20 140 M M 0 28 170
29 98 70 84 13 0 19 0.00 0.0 0 13.4 28 190 M M 0 36 140
30 97 71 84 13 0 19 0.00 0.0 0 12.6 23 150 M M 0 33 170
================================================================================
SM 2892 2062 0 534 1.17 0.0 306.4 M 62
================================================================================
AV 96.4 68.7 10.2 FASTST M M 2 MAX(MPH)
MISC ----> 37 40 46 40
================================================================================
NOTES:
# LAST OF SEVERAL OCCURRENCES
COLUMN 17 PEAK WIND IN M.P.H.
PRELIMINARY LOCAL CLIMATOLOGICAL DATA (WS FORM: F-6) , PAGE 2
STATION: WICHITA FALLS
MONTH: SEPTEMBER
YEAR: 2023
LATITUDE: 33 58 N
LONGITUDE: 98 29 W
[TEMPERATURE DATA] [PRECIPITATION DATA] SYMBOLS USED IN COLUMN 16
AVERAGE MONTHLY: 82.6 TOTAL FOR MONTH: 1.17 1 = FOG OR MIST
DPTR FM NORMAL: 6.6 DPTR FM NORMAL: -1.82 2 = FOG REDUCING VISIBILITY
HIGHEST: 112 ON 8 GRTST 24HR 0.60 ON 11-11 TO 1/4 MILE OR LESS
LOWEST: 60 ON 26 3 = THUNDER
SNOW, ICE PELLETS, HAIL 4 = ICE PELLETS
TOTAL MONTH: 0.0 INCH 5 = HAIL
GRTST 24HR 0.0 6 = FREEZING RAIN OR DRIZZLE
GRTST DEPTH: 0 7 = DUSTSTORM OR SANDSTORM:
VSBY 1/2 MILE OR LESS
8 = SMOKE OR HAZE
[NO. OF DAYS WITH] [WEATHER - DAYS WITH] 9 = BLOWING SNOW
X = TORNADO
MAX 32 OR BELOW: 0 0.01 INCH OR MORE: 7
MAX 90 OR ABOVE: 24 0.10 INCH OR MORE: 2
MIN 32 OR BELOW: 0 0.50 INCH OR MORE: 1
MIN 0 OR BELOW: 0 1.00 INCH OR MORE: 0
[HDD (BASE 65) ]
TOTAL THIS MO. 0 CLEAR (SCALE 0-3) 23
DPTR FM NORMAL -10 PTCLDY (SCALE 4-7) 5
TOTAL FM JUL 1 0 CLOUDY (SCALE 8-10) 2
DPTR FM NORMAL -5
[CDD (BASE 65) ]
TOTAL THIS MO. 534
DPTR FM NORMAL 193 [PRESSURE DATA]
TOTAL FM JAN 1 2853 HIGHEST SLP 30.11 ON 11
DPTR FM NORMAL 524 LOWEST SLP 29.61 ON 4
[REMARKS]
#FINAL-09-23#