000
CXUS54 KEPZ 011130
CF6SRR
PRELIMINARY LOCAL CLIMATOLOGICAL DATA (WS FORM: F-6)
STATION: RUIDOSO AWOS
MONTH: DECEMBER
YEAR: 2020
LATITUDE: 33 28 N
LONGITUDE: 105 32 W
TEMPERATURE IN F: :PCPN: SNOW: WIND :SUNSHINE: SKY :PK WND
================================================================================
1 2 3 4 5 6A 6B 7 8 9 10 11 12 13 14 15 16 17 18
12Z AVG MX 2MIN
DY MAX MIN AVG DEP HDD CDD WTR SNW DPTH SPD SPD DIR MIN PSBL S-S WX SPD DR
================================================================================
1 50 28 39 M 26 0 0.00 M M 12.3 25 310 M M 1 37 310
2 28 14 21 M 44 0 0.02 M M 6.5 14 150 M M 8 M M
3 34 12 23 M 42 0 0.00 M M 6.2 10 320 M M 1 M M
4 45 25 35 M 30 0 0.00 M M 7.1 14 140 M M 0 16 140
5 46 30 38 M 27 0 0.00 M M 5.7 12 50 M M 0 20 40
6 54 28 41 M 24 0 0.00 M M 8.2 13 300 M M 0 18 300
7 55 32 44 M 21 0 0.00 M M 5.6 12 140 M M 0 M M
8 59 32 46 M 19 0 0.00 M M 6.4 12 360 M M 0 M M
9 59 32 46 M 19 0 0.00 M M 6.7 14 300 M M 0 18 300
10 55 36 46 M 19 0 0.05 M M 12.9 31 230 M M 4 40 230
11 45 36 41 M 24 0 0.00 M M 16.2 29 270 M M 0 46 280
12 50 27 39 M 26 0 0.00 M M 15.2 31 310 M M 3 48 230
13 34 19 27 M 38 0 0.00 M M 11.0 28 300 M M 3 53 300
14 41 21 31 M 34 0 0.00 M M 8.0 25 230 M M 1 30 230
15 32 25 29 M 36 0 0.00 M M 14.5 24 300 M M 5 35 300
16 43 23 33 M 32 0 0.00 M M 12.7 20 310 M M 0 35 300
17 52 27 40 M 25 0 0.00 M M 9.1 21 230 M M 0 30 230
18 52 30 41 M 24 0 0.00 M M 9.9 25 240 M M 1 37 50
19 45 27 36 M 29 0 0.00 M M 12.4 29 290 M M 0 40 300
20 50 32 41 M 24 0 0.00 M M 13.2 22 310 M M 0 38 310
21 59 37 48 M 17 0 0.00 M M 7.2 16 290 M M 0 25 290
22 57 32 45 M 20 0 0.00 M M 13.3 27 230 M M 0 33 230
23 45 18 32 M 33 0 0.00 M M 15.3 28 310 M M 0 45 320
24 39 16 28 M 37 0 0.00 M M 10.7 22 320 M M 0 32 310
25 48 27 38 M 27 0 0.00 M M 4.9 9 300 M M 0 M M
26 52 28 40 M 25 0 0.00 M M 11.4 23 310 M M 0 32 310
27 59 36 48 M 17 0 0.00 M M 10.5 23 280 M M 0 32 280
28 46 32 39 M 26 0 0.00 M M 7.5 18 130 M M 2 21 130
29 46 28 37 M 28 0 0.00 M M 15.3 31 240 M M 3 44 240
30 32 16 24 M 41 0 0.00 M M 9.3 16 150 M M 4 23 120
31 43 18 31 M 34 0 0.00 M M 7.3 12 320 M M 0 18 300
================================================================================
SM 1455 824 868 0 0.07 M 312.5 M 36
================================================================================
AV 46.9 26.6 10.1 FASTST M M 1 MAX(MPH)
MISC ----> # 31 230 53 300
================================================================================
NOTES:
# LAST OF SEVERAL OCCURRENCES
COLUMN 17 PEAK WIND IN M.P.H.
PRELIMINARY LOCAL CLIMATOLOGICAL DATA (WS FORM: F-6) , PAGE 2
STATION: RUIDOSO AWOS
MONTH: DECEMBER
YEAR: 2020
LATITUDE: 33 28 N
LONGITUDE: 105 32 W
[TEMPERATURE DATA] [PRECIPITATION DATA] SYMBOLS USED IN COLUMN 16
AVERAGE MONTHLY: 36.8 TOTAL FOR MONTH: 0.07 1 = FOG OR MIST
DPTR FM NORMAL: 0.0 DPTR FM NORMAL: M 2 = FOG REDUCING VISIBILITY
HIGHEST: 59 ON 27,21 GRTST 24HR 0.05 ON 10-10 TO 1/4 MILE OR LESS
LOWEST: 12 ON 3 3 = THUNDER
SNOW, ICE PELLETS, HAIL 4 = ICE PELLETS
TOTAL MONTH: M 5 = HAIL
GRTST 24HR M ON M 6 = FREEZING RAIN OR DRIZZLE
GRTST DEPTH: M ON M 7 = DUSTSTORM OR SANDSTORM:
VSBY 1/2 MILE OR LESS
8 = SMOKE OR HAZE
[NO. OF DAYS WITH] [WEATHER - DAYS WITH] 9 = BLOWING SNOW
X = TORNADO
MAX 32 OR BELOW: 3 0.01 INCH OR MORE: 2
MAX 90 OR ABOVE: 0 0.10 INCH OR MORE: 0
MIN 32 OR BELOW: 27 0.50 INCH OR MORE: 0
MIN 0 OR BELOW: 0 1.00 INCH OR MORE: 0
[HDD (BASE 65) ]
TOTAL THIS MO. 868 CLEAR (SCALE 0-3) 25
DPTR FM NORMAL M PTCLDY (SCALE 4-7) 6
TOTAL FM JUL 1 1797 CLOUDY (SCALE 8-10) 0
DPTR FM NORMAL M
[CDD (BASE 65) ]
TOTAL THIS MO. 0
DPTR FM NORMAL M [PRESSURE DATA]
TOTAL FM JAN 1 761 HIGHEST SLP M ON M
DPTR FM NORMAL M LOWEST SLP M ON M
[REMARKS]
#FINAL-12-20#