000
CXUS54 KEWX 011110
CF6SSF
PRELIMINARY LOCAL CLIMATOLOGICAL DATA (WS FORM: F-6)
STATION: SAN ANTONIO STINSON FIELD
MONTH: NOVEMBER
YEAR: 2021
LATITUDE: 29 19 N
LONGITUDE: 98 29 W
TEMPERATURE IN F: :PCPN: SNOW: WIND :SUNSHINE: SKY :PK WND
================================================================================
1 2 3 4 5 6A 6B 7 8 9 10 11 12 13 14 15 16 17 18
12Z AVG MX 2MIN
DY MAX MIN AVG DEP HDD CDD WTR SNW DPTH SPD SPD DIR MIN PSBL S-S WX SPD DR
================================================================================
1 85 58 72 5 0 7 0.00 M M 5.7 14 150 M M 1 18 140
2 86 65 76 9 0 11 0.00 M M 6.8 14 120 M M 5 1 20 130
3 76 54 65 -1 0 0 1.34 M M 9.0 25 20 M M 10 138 34 10
4 61 51 56 -10 9 0 0.15 M M 8.5 16 30 M M 8 13 23 30
5 68 47 58 -8 7 0 0.00 M M 2.9 10 40 M M 4 15 50
6 74 45 60 -5 5 0 0.00 M M 1.1 7 130 M M 0 1 10 360
7 77 46 62 -3 3 0 0.00 M M 2.6 9 130 M M 0 18 14 140
8 83 51 67 3 0 2 0.00 M M 4.0 13 150 M M 0 1 24 150
9 81 57 69 5 0 4 0.00 M M 3.2 12 120 M M 5 1 16 110
10 86 66 76 12 0 11 0.00 M M 6.8 21 170 M M 6 28 170
11 81 54 68 4 0 3 T M M 6.2 17 30 M M 2 25 40
12 82 48 65 2 0 0 0.00 M M 4.8 16 20 M M 1 8 24 30
13 75 46 61 -2 4 0 0.00 M M 5.0 12 40 M M 0 18 20
14 84 47 66 4 0 1 0.00 M M 3.5 15 200 M M 0 21 180
15 86 54 70 8 0 5 0.00 M M 4.6 14 230 M M 1 1 19 150
16 86 58 72 10 0 7 0.00 M M 6.9 16 150 M M 2 12 24 160
17 87 61 74 12 0 9 0.00 M M 5.6 18 190 M M 1 26 190
18 74 59 67 6 0 2 0.03 M M 12.4 22 10 M M 8 32 10
19 71 51 61 0 4 0 0.00 M M 4.2 12 20 M M 2 16 20
20 74 49 62 1 3 0 0.00 M M 2.2 9 160 M M 7 128 13 190
21 79 63 71 11 0 6 0.00 M M 4.6 18 20 M M 9 1 29 20
22 75 48 62 2 3 0 0.00 M M 6.9 17 10 M M 1 26 20
23 75 40 58 -2 7 0 0.00 M M 3.6 13 120 M M 0 8 17 140
24 81 52 67 7 0 2 0.00 M M 6.2 17 160 M M 8 24 170
25 75 58 67 8 0 2 0.19 M M 8.9 21 360 M M 5 1 31 10
26 62 50 56 -3 9 0 0.00 M M 5.9 14 20 M M 0 20 360
27 55 48 52 -7 13 0 0.42 M M 2.2 14 260 M M 9 18 17 260
28 76 45 61 3 4 0 0.00 M M 3.7 14 20 M M 2 1 21 40
29 75 41 58 0 7 0 0.00 M M 1.8 8 170 M M 0 12 190
30 78 45 62 4 3 0 0.00 M M 3.4 13 160 M M 0 8 18 200
================================================================================
SM 2308 1557 81 72 2.13 M 153.2 M 97
================================================================================
AV 76.9 51.9 5.1 FASTST M M 3 MAX(MPH)
MISC ----> 25 20 34 10
================================================================================
NOTES:
# LAST OF SEVERAL OCCURRENCES
COLUMN 17 PEAK WIND IN M.P.H.
PRELIMINARY LOCAL CLIMATOLOGICAL DATA (WS FORM: F-6) , PAGE 2
STATION: SAN ANTONIO STINSON FIELD
MONTH: NOVEMBER
YEAR: 2021
LATITUDE: 29 19 N
LONGITUDE: 98 29 W
[TEMPERATURE DATA] [PRECIPITATION DATA] SYMBOLS USED IN COLUMN 16
AVERAGE MONTHLY: 64.4 TOTAL FOR MONTH: 2.13 1 = FOG OR MIST
DPTR FM NORMAL: 2.2 DPTR FM NORMAL: 0.12 2 = FOG REDUCING VISIBILITY
HIGHEST: 87 ON 17 GRTST 24HR 1.49 ON 3- 4 TO 1/4 MILE OR LESS
LOWEST: 40 ON 23 3 = THUNDER
SNOW, ICE PELLETS, HAIL 4 = ICE PELLETS
TOTAL MONTH: M 5 = HAIL
GRTST 24HR M ON M 6 = FREEZING RAIN OR DRIZZLE
GRTST DEPTH: M ON M 7 = DUSTSTORM OR SANDSTORM:
VSBY 1/2 MILE OR LESS
8 = SMOKE OR HAZE
[NO. OF DAYS WITH] [WEATHER - DAYS WITH] 9 = BLOWING SNOW
X = TORNADO
MAX 32 OR BELOW: 0 0.01 INCH OR MORE: 5
MAX 90 OR ABOVE: 0 0.10 INCH OR MORE: 4
MIN 32 OR BELOW: 0 0.50 INCH OR MORE: 1
MIN 0 OR BELOW: 0 1.00 INCH OR MORE: 1
[HDD (BASE 65) ]
TOTAL THIS MO. 81 CLEAR (SCALE 0-3) 18
DPTR FM NORMAL -74 PTCLDY (SCALE 4-7) 8
TOTAL FM JUL 1 81 CLOUDY (SCALE 8-10) 4
DPTR FM NORMAL -97
[CDD (BASE 65) ]
TOTAL THIS MO. 72
DPTR FM NORMAL 1 [PRESSURE DATA]
TOTAL FM JAN 1 3664 HIGHEST SLP 30.43 ON 19
DPTR FM NORMAL 209 LOWEST SLP 29.76 ON 10
[REMARKS]
#FINAL-11-21#