000
CXUS53 KGRB 300801
CF6STE
PRELIMINARY LOCAL CLIMATOLOGICAL DATA (WS FORM: F-6)
STATION: STEVENS POINT WI
MONTH: APRIL
YEAR: 2021
LATITUDE: 44 32 N
LONGITUDE: 89 32 W
TEMPERATURE IN F: :PCPN: SNOW: WIND :SUNSHINE: SKY :PK WND
================================================================================
1 2 3 4 5 6A 6B 7 8 9 10 11 12 13 14 15 16 17 18
12Z AVG MX 2MIN
DY MAX MIN AVG DEP HDD CDD WTR SNW DPTH SPD SPD DIR MIN PSBL S-S WX SPD DR
================================================================================
1 37 13 25 M 40 0 M M M 3.3 10 300 M M 0 M M
2 49 14 32 M 33 0 M M M 7.9 18 170 M M 0 25 170
3 67 28 48 M 17 0 M M M 4.9 17 330 M M 0 24 330
4 72 30 51 M 14 0 M M M 7.0 20 180 M M 0 25 180
5 80 38 59 M 6 0 M M M 6.2 14 170 M M 0 20 180
6 78 52 65 M 0 0 0.09 M M 5.4 12 200 M M 5 17 200
7 75 51 63 M 2 0 0.03 M M 8.0 15 180 M M 6 20 180
8 59 48 54 M 11 0 0.39 M M 8.4 15 120 M M 10 13 29 130
9 55 45 50 M 15 0 0.27 M M 6.4 14 160 M M 10 1 20 160
10 51 42 47 M 18 0 0.30 M M 5.6 12 10 M M 10 1 17 10
11 50 45 48 M 17 0 0.21 M M 7.5 12 40 M M 10 1 18 10
12 53 41 47 M 18 0 0.13 M M 8.4 17 250 M M 10 1 24 290
13 41 32 37 M 28 0 M M M 9.9 15 260 M M 10 21 260
14 39 28 34 M 31 0 0.05 M M 7.0 13 250 M M 10 20 250
15 50 33 42 M 23 0 M M M 7.2 15 300 M M 8 23 300
16 57 25 41 M 24 0 M M M 5.7 14 330 M M 1 18 330
17 56 26 41 M 24 0 M M M 4.2 13 350 M M 4 17 340
18 60 36 48 M 17 0 0.02 M M 5.2 13 240 M M 7 20 270
19 42 29 36 M 29 0 0.01 M M 10.1 16 270 M M 10 29 280
20 39 19 29 M 36 0 M M M 3.4 10 340 M M 6 17 290
21 39 22 31 M 34 0 M M M 4.2 13 280 M M 7 26 270
22 59 15 37 M 28 0 M M M 4.1 13 260 M M 1 21 260
23 58 31 45 M 20 0 M M M 7.2 17 190 M M 5 21 190
24 49 29 39 M 26 0 M M M 4.9 12 340 M M 9 21 300
25 48 20 34 M 31 0 M M M 4.4 12 140 M M 4 18 130
26 51 32 42 M 23 0 M M M 13.9 21 90 M M 7 26 90
27 57 37 47 M 18 0 0.33 M M 8.8 15 30 M M 6 3 17 100
28 62 40 51 M 14 0 0.01 M M 4.6 14 40 M M 8 M M
29 65 39 52 M 13 0 M M M 5.4 18 330 M M 5 1 29 280
================================================================================
SM 1598 940 610 0 1.84 M 188.9 M 169
================================================================================
AV 55.1 32.4 6.5 FASTST M M 6 MAX(MPH)
MISC ----> 21 90 # 29 130
================================================================================
NOTES:
# LAST OF SEVERAL OCCURRENCES
COLUMN 17 PEAK WIND IN M.P.H.
PRELIMINARY LOCAL CLIMATOLOGICAL DATA (WS FORM: F-6) , PAGE 2
STATION: STEVENS POINT WI
MONTH: APRIL
YEAR: 2021
LATITUDE: 44 32 N
LONGITUDE: 89 32 W
[TEMPERATURE DATA] [PRECIPITATION DATA] SYMBOLS USED IN COLUMN 16
AVERAGE MONTHLY: 43.8 TOTAL FOR MONTH: 1.84 1 = FOG OR MIST
DPTR FM NORMAL: 0.0 DPTR FM NORMAL: 1.84 2 = FOG REDUCING VISIBILITY
HIGHEST: 80 ON 5 GRTST 24HR 0.39 ON 8- 8 TO 1/4 MILE OR LESS
LOWEST: 13 ON 1 3 = THUNDER
SNOW, ICE PELLETS, HAIL 4 = ICE PELLETS
TOTAL MONTH: M 5 = HAIL
GRTST 24HR M ON M 6 = FREEZING RAIN OR DRIZZLE
GRTST DEPTH: M ON M 7 = DUSTSTORM OR SANDSTORM:
VSBY 1/2 MILE OR LESS
8 = SMOKE OR HAZE
[NO. OF DAYS WITH] [WEATHER - DAYS WITH] 9 = BLOWING SNOW
X = TORNADO
MAX 32 OR BELOW: 0 0.01 INCH OR MORE: 12
MAX 90 OR ABOVE: 0 0.10 INCH OR MORE: 6
MIN 32 OR BELOW: 16 0.50 INCH OR MORE: 0
MIN 0 OR BELOW: 0 1.00 INCH OR MORE: 0
[HDD (BASE 65) ]
TOTAL THIS MO. 610 CLEAR (SCALE 0-3) 7
DPTR FM NORMAL M PTCLDY (SCALE 4-7) 13
TOTAL FM JUL 1 7851 CLOUDY (SCALE 8-10) 9
DPTR FM NORMAL 7593
[CDD (BASE 65) ]
TOTAL THIS MO. 0
DPTR FM NORMAL M [PRESSURE DATA]
TOTAL FM JAN 1 0 HIGHEST SLP M ON M
DPTR FM NORMAL 0 LOWEST SLP M ON M
[REMARKS]