402
CXUS53 KLSX 011545 CCA
CF6STL
PRELIMINARY LOCAL CLIMATOLOGICAL DATA (WS FORM: F-6)
STATION: ST. LOUIS
MONTH: JULY
YEAR: 2020
LATITUDE: 38 45 N
LONGITUDE: 90 23 W
TEMPERATURE IN F: :PCPN: SNOW: WIND :SUNSHINE: SKY :PK WND
================================================================================
1 2 3 4 5 6A 6B 7 8 9 10 11 12 13 14 15 16 17 18
12Z AVG MX 2MIN
DY MAX MIN AVG DEP HDD CDD WTR SNW DPTH SPD SPD DIR MIN PSBL S-S WX SPD DR
================================================================================
1 82 70 76 -4 0 11 0.10 0.0 0 5.8 18 290 M M 8 1 25 290
2 89 71 80 0 0 15 0.00 0.0 0 4.2 12 110 M M 7 18 17 30
3 92 75 84 4 0 19 0.00 0.0 0 6.7 16 90 M M 7 23 80
4 92 72 82 2 0 17 0.00 0.0 0 4.8 15 70 M M 7 8 23 80
5 93 73 83 3 0 18 0.00 0.0 0 3.7 17 90 M M 6 138 26 80
6 94 75 85 5 0 20 T 0.0 0 4.3 10 360 M M 4 3 16 350
7 94 76 85 5 0 20 0.07 0.0 0 3.1 21 250 M M 3 3 28 250
8 94 76 85 5 0 20 0.00 0.0 0 5.0 21 130 M M 3 3 27 140
9 96 76 86 6 0 21 0.00 0.0 0 9.1 20 210 M M 4 28 220
10 93 71 82 2 0 17 0.00 0.0 0 7.9 18 330 M M 1 25 290
11 97 75 86 6 0 21 0.00 0.0 0 7.6 18 260 M M 4 24 260
12 88 74 81 1 0 16 0.00 0.0 0 8.3 16 330 M M 4 22 330
13 89 70 80 0 0 15 0.00 0.0 0 6.4 15 110 M M 2 18 40
14 94 71 83 3 0 18 0.00 0.0 0 10.3 20 130 M M 5 27 140
15 93 72 83 3 0 18 1.34 0.0 0 9.8 29 170 M M 8 1238 53 270
16 88 69 79 -1 0 14 0.00 0.0 0 6.4 13 130 M M 6 17 130
17 93 75 84 4 0 19 0.60 0.0 0 6.5 18 160 M M 7 13 26 190
18 96 74 85 5 0 20 0.00 0.0 0 9.6 18 190 M M 5 25 210
19 94 73 84 4 0 19 0.93 0.0 0 11.2 32 220 M M 8 138 42 230
20 89 73 81 1 0 16 0.01 0.0 0 5.4 14 140 M M 7 18 150
21 93 73 83 3 0 18 0.44 0.0 0 8.3 29 350 M M 8 13 38 350
22 91 73 82 2 0 17 0.00 0.0 0 4.7 13 340 M M 7 18 340
23 91 76 84 4 0 19 0.00 0.0 0 4.1 12 20 M M 5 1 17 360
24 93 73 83 3 0 18 0.00 0.0 0 6.0 13 80 M M 2 18 80
25 94 76 85 5 0 20 0.00 0.0 0 6.8 13 170 M M 4 22 180
26 95 79 87 7 0 22 0.00 0.0 0 9.3 15 210 M M 3 20 260
27 84 74 79 -1 0 14 0.29 0.0 0 6.6 17 280 M M 7 13 23 320
28 90 73 82 2 0 17 0.00 0.0 0 5.1 13 30 M M 2 16 120
29 95 74 85 5 0 20 1.77 0.0 0 4.4 25 110 M M 7 13 35 190
30 83 73 78 -2 0 13 2.34 0.0 0 9.9 16 20 M M 9 13 23 30
31 73 69 71 -9 0 6 1.18 0.0 0 9.0 18 40 M M 10 1 27 40
================================================================================
SM 2822 2274 0 538 9.07 0.0 210.3 M 170
================================================================================
AV 91.0 73.4 6.8 FASTST M M 5 MAX(MPH)
MISC ----> 32 220 53 270
================================================================================
NOTES:
# LAST OF SEVERAL OCCURRENCES
COLUMN 17 PEAK WIND IN M.P.H.
PRELIMINARY LOCAL CLIMATOLOGICAL DATA (WS FORM: F-6) , PAGE 2
STATION: ST. LOUIS
MONTH: JULY
YEAR: 2020
LATITUDE: 38 45 N
LONGITUDE: 90 23 W
[TEMPERATURE DATA] [PRECIPITATION DATA] SYMBOLS USED IN COLUMN 16
AVERAGE MONTHLY: 82.2 TOTAL FOR MONTH: 9.07 1 = FOG OR MIST
DPTR FM NORMAL: 2.2 DPTR FM NORMAL: 4.96 2 = FOG REDUCING VISIBILITY
HIGHEST: 97 ON 11 GRTST 24HR 3.63 ON 29-30 TO 1/4 MILE OR LESS
LOWEST: 69 ON 31,16 3 = THUNDER
SNOW, ICE PELLETS, HAIL 4 = ICE PELLETS
TOTAL MONTH: 0.0 INCH 5 = HAIL
GRTST 24HR 0.0 6 = FREEZING RAIN OR DRIZZLE
GRTST DEPTH: 0 7 = DUSTSTORM OR SANDSTORM:
VSBY 1/2 MILE OR LESS
8 = SMOKE OR HAZE
[NO. OF DAYS WITH] [WEATHER - DAYS WITH] 9 = BLOWING SNOW
X = TORNADO
MAX 32 OR BELOW: 0 0.01 INCH OR MORE: 11
MAX 90 OR ABOVE: 22 0.10 INCH OR MORE: 9
MIN 32 OR BELOW: 0 0.50 INCH OR MORE: 6
MIN 0 OR BELOW: 0 1.00 INCH OR MORE: 4
[HDD (BASE 65) ]
TOTAL THIS MO. 0 CLEAR (SCALE 0-3) 7
DPTR FM NORMAL 0 PTCLDY (SCALE 4-7) 18
TOTAL FM JUL 1 0 CLOUDY (SCALE 8-10) 6
DPTR FM NORMAL 0
[CDD (BASE 65) ]
TOTAL THIS MO. 538
DPTR FM NORMAL 71 [PRESSURE DATA]
TOTAL FM JAN 1 1103 HIGHEST SLP 30.12 ON 24
DPTR FM NORMAL 128 LOWEST SLP 29.74 ON 30
[REMARKS]
#FINAL-07-20#