000
CXUS55 KSTO 031555
CF6STO
PRELIMINARY LOCAL CLIMATOLOGICAL DATA (WS FORM: F-6)
STATION: SACRAMENTO CITY
MONTH: JUNE
YEAR: 2020
LATITUDE: 38 36 N
LONGITUDE: 121 23 W
TEMPERATURE IN F: :PCPN: SNOW: WIND :SUNSHINE: SKY :PK WND
================================================================================
1 2 3 4 5 6A 6B 7 8 9 10 11 12 13 14 15 16 17 18
12Z AVG MX 2MIN
DY MAX MIN AVG DEP HDD CDD WTR SNW DPTH SPD SPD DIR MIN PSBL S-S WX SPD DR
================================================================================
1 89 61 75 5 0 10 0.00 0.0 M M M M M M M M M
2 98 63 81 10 0 16 0.00 0.0 M M M M M M M M M
3 103 68 86 15 0 21 0.00 0.0 0 M M M M M M M M
4 102 67 85 14 0 20 0.00 M M M M M M M M M M
5 81 58 70 -1 0 5 0.00 M M M M M M M M M M
6 80 55 68 -3 0 3 0.00 M M M M M M M M M M
7 77 53 65 -7 0 0 0.00 0.0 M M M M M M M M M
8 84 55 70 -2 0 5 0.00 0.0 M M M M M M M M M
9 95 56 76 4 0 11 0.00 0.0 M M M M M M M M M
10 98 63 81 9 0 16 0.00 M M M M M M M M M M
11 97 64 81 9 0 16 0.00 0.0 0 M M M M M M M M
12 79 58 69 -3 0 4 0.01 0.0 M M M M M M M M M
13 79 57 68 -5 0 3 0.00 0.0 M M M M M M M M M
14 87 54 71 -2 0 6 0.00 0.0 M M M M M M M M M
15 89 63 76 3 0 11 0.00 0.0 M M M M M M M M M
16 84 56 70 -3 0 5 0.00 0.0 M M M M M M M M M
17 89 62 76 2 0 11 0.00 0.0 M M M M M M M M M
18 98 60 79 5 0 14 0.00 0.0 M M M M M M M M M
19 99 66 83 9 0 18 0.00 0.0 M M M M M M M M M
20 94 59 77 3 0 12 0.00 0.0 M M M M M M M M M
21 99 62 81 7 0 16 0.00 0.0 M M M M M M M M M
22 102 62 82 8 0 17 0.00 0.0 0 M M M M M M M M
23 101 63 82 7 0 17 0.00 0.0 M M M M M M M M M
24 100 61 81 6 0 16 0.00 0.0 0 M M M M M M M M
25 103 64 84 9 0 19 0.00 0.0 M M M M M M M M M
26 104 63 84 9 0 19 0.00 0.0 M M M M M M M M M
27 91 61 76 1 0 11 0.00 0.0 M M M M M M M M M
28 84 59 72 -4 0 7 0.00 0.0 M M M M M M M M M
29 90 60 75 -1 0 10 0.00 0.0 0 M M M M M M M M
30 96 63 80 4 0 15 0.00 0.0 0 M M M M M M M M
================================================================================
SM 2772 1816 0 354 0.01 0.0 M M M
================================================================================
AV 92.4 60.5 M FASTST M M 1 MAX(MPH)
MISC ----> M M M M
================================================================================
NOTES:
# LAST OF SEVERAL OCCURRENCES
COLUMN 17 PEAK WIND IN M.P.H.
PRELIMINARY LOCAL CLIMATOLOGICAL DATA (WS FORM: F-6) , PAGE 2
STATION: SACRAMENTO CITY
MONTH: JUNE
YEAR: 2020
LATITUDE: 38 36 N
LONGITUDE: 121 23 W
[TEMPERATURE DATA] [PRECIPITATION DATA] SYMBOLS USED IN COLUMN 16
AVERAGE MONTHLY: 76.5 TOTAL FOR MONTH: 0.01 1 = FOG OR MIST
DPTR FM NORMAL: 3.3 DPTR FM NORMAL: -0.18 2 = FOG REDUCING VISIBILITY
HIGHEST: 104 ON 26 GRTST 24HR 0.01 ON 12-12 TO 1/4 MILE OR LESS
LOWEST: 53 ON 7 3 = THUNDER
SNOW, ICE PELLETS, HAIL 4 = ICE PELLETS
TOTAL MONTH: 0.0 INCH 5 = HAIL
GRTST 24HR 0.0 6 = FREEZING RAIN OR DRIZZLE
GRTST DEPTH: 0 7 = DUSTSTORM OR SANDSTORM:
VSBY 1/2 MILE OR LESS
8 = SMOKE OR HAZE
[NO. OF DAYS WITH] [WEATHER - DAYS WITH] 9 = BLOWING SNOW
X = TORNADO
MAX 32 OR BELOW: 0 0.01 INCH OR MORE: 1
MAX 90 OR ABOVE: 18 0.10 INCH OR MORE: 0
MIN 32 OR BELOW: 0 0.50 INCH OR MORE: 0
MIN 0 OR BELOW: 0 1.00 INCH OR MORE: 0
[HDD (BASE 65) ]
TOTAL THIS MO. 0 CLEAR (SCALE 0-3) 0
DPTR FM NORMAL -6 PTCLDY (SCALE 4-7) 0
TOTAL FM JUL 1 1819 CLOUDY (SCALE 8-10) 0
DPTR FM NORMAL -482
[CDD (BASE 65) ]
TOTAL THIS MO. 354
DPTR FM NORMAL 103 [PRESSURE DATA]
TOTAL FM JAN 1 634 HIGHEST SLP M ON M
DPTR FM NORMAL 223 LOWEST SLP M ON M
[REMARKS]
#FINAL-06-20#