000
CXUS56 KMTR 010900
CF6STS
PRELIMINARY LOCAL CLIMATOLOGICAL DATA (WS FORM: F-6)
STATION: SANTA ROSA AIRPORT
MONTH: JULY
YEAR: 2023
LATITUDE: 38 30 N
LONGITUDE: 122 49 W
TEMPERATURE IN F: :PCPN: SNOW: WIND :SUNSHINE: SKY :PK WND
================================================================================
1 2 3 4 5 6A 6B 7 8 9 10 11 12 13 14 15 16 17 18
12Z AVG MX 2MIN
DY MAX MIN AVG DEP HDD CDD WTR SNW DPTH SPD SPD DIR MIN PSBL S-S WX SPD DR
================================================================================
1 101 50 76 8 0 11 0.00 M M 3.9 14 170 M M 0 18 190
2 98 54 76 8 0 11 0.00 M M 5.6 15 170 M M 0 19 160
3 76 54 65 -3 0 0 0.00 M M 8.3 16 180 M M 3 1 22 160
4 74 53 64 -4 1 0 0.00 M M 6.9 16 190 M M 6 23 200
5 70 54 62 -6 3 0 0.00 M M 6.7 16 170 M M 7 18 21 180
6 74 54 64 -4 1 0 0.00 M M 5.7 14 180 M M 7 1 20 180
7 81 52 67 -1 0 2 0.00 M M 5.8 16 140 M M 4 1 21 170
8 82 45 64 -4 1 0 0.00 M M 5.8 18 120 M M 0 1 24 130
9 78 44 61 -7 4 0 0.00 M M 5.1 15 140 M M 2 12 19 140
10 84 49 67 -1 0 2 0.00 M M 5.4 15 140 M M 3 128 21 140
11 89 49 69 1 0 4 0.00 M M 5.0 15 180 M M 0 21 170
12 85 50 68 0 0 3 0.00 M M 5.3 17 150 M M 3 128 21 150
13 91 51 71 3 0 6 0.00 M M 6.2 16 140 M M 0 20 140
14 92 52 72 4 0 7 0.00 M M 6.1 15 140 M M 3 1 20 160
15 96 54 75 7 0 10 0.00 M M 4.4 13 160 M M 2 1 17 190
16 99 56 78 10 0 13 T M M 5.6 16 180 M M 2 3 22 190
17 93 57 75 7 0 10 0.00 M M 5.7 16 180 M M 0 22 170
18 80 51 66 -2 0 1 0.00 M M 6.4 15 150 M M 1 18 22 170
19 83 54 69 1 0 4 0.00 M M 4.8 14 160 M M 4 18 19 160
20 94 51 73 5 0 8 0.00 M M 4.5 15 150 M M 2 8 20 140
21 98 51 75 7 0 10 0.00 M M 4.7 15 180 M M 0 8 20 180
22 98 50 74 6 0 9 0.00 M M 5.2 16 180 M M 0 19 170
23 93 55 74 6 0 9 0.00 M M 5.2 17 140 M M 3 23 150
24 89 50 70 2 0 5 0.00 M M 5.6 15 150 M M 2 128 20 150
25 94 50 72 4 0 7 0.00 M M 5.1 15 160 M M 0 20 170
26 85 53 69 1 0 4 0.00 M M 6.7 16 160 M M 3 12 20 170
27 84 55 70 2 0 5 0.00 M M 5.2 15 140 M M 4 18 21 180
28 88 50 69 1 0 4 0.00 M M 5.3 16 150 M M 2 128 21 150
29 88 51 70 2 0 5 0.00 M M 5.4 15 150 M M 2 18 20 140
30 89 47 68 0 0 3 0.00 M M 6.2 15 160 M M 1 12 19 160
31 88 49 69 1 0 4 0.00 M M 4.8 15 190 M M 0 18 19 220
================================================================================
SM 2714 1595 10 157 T M 172.6 M 66
================================================================================
AV 87.5 51.5 5.6 FASTST M M 2 MAX(MPH)
MISC ----> 18 120 24 130
================================================================================
NOTES:
# LAST OF SEVERAL OCCURRENCES
COLUMN 17 PEAK WIND IN M.P.H.
PRELIMINARY LOCAL CLIMATOLOGICAL DATA (WS FORM: F-6) , PAGE 2
STATION: SANTA ROSA AIRPORT
MONTH: JULY
YEAR: 2023
LATITUDE: 38 30 N
LONGITUDE: 122 49 W
[TEMPERATURE DATA] [PRECIPITATION DATA] SYMBOLS USED IN COLUMN 16
AVERAGE MONTHLY: 69.5 TOTAL FOR MONTH: T 1 = FOG OR MIST
DPTR FM NORMAL: 1.9 DPTR FM NORMAL: -0.01 2 = FOG REDUCING VISIBILITY
HIGHEST: 101 ON 1 GRTST 24HR T ON 16-16 TO 1/4 MILE OR LESS
LOWEST: 44 ON 9 3 = THUNDER
SNOW, ICE PELLETS, HAIL 4 = ICE PELLETS
TOTAL MONTH: M 5 = HAIL
GRTST 24HR M ON M 6 = FREEZING RAIN OR DRIZZLE
GRTST DEPTH: M ON M 7 = DUSTSTORM OR SANDSTORM:
VSBY 1/2 MILE OR LESS
8 = SMOKE OR HAZE
[NO. OF DAYS WITH] [WEATHER - DAYS WITH] 9 = BLOWING SNOW
X = TORNADO
MAX 32 OR BELOW: 0 0.01 INCH OR MORE: 0
MAX 90 OR ABOVE: 12 0.10 INCH OR MORE: 0
MIN 32 OR BELOW: 0 0.50 INCH OR MORE: 0
MIN 0 OR BELOW: 0 1.00 INCH OR MORE: 0
[HDD (BASE 65) ]
TOTAL THIS MO. 10 CLEAR (SCALE 0-3) 24
DPTR FM NORMAL -6 PTCLDY (SCALE 4-7) 7
TOTAL FM JUL 1 10 CLOUDY (SCALE 8-10) 0
DPTR FM NORMAL -7
[CDD (BASE 65) ]
TOTAL THIS MO. 157
DPTR FM NORMAL 60 [PRESSURE DATA]
TOTAL FM JAN 1 191 HIGHEST SLP M ON M
DPTR FM NORMAL -6 LOWEST SLP 29.74 ON 22
[REMARKS]
#FINAL-07-23#