000
CXUS56 KMTR 010900
CF6STS
PRELIMINARY LOCAL CLIMATOLOGICAL DATA (WS FORM: F-6)
STATION: SANTA ROSA AIRPORT
MONTH: OCTOBER
YEAR: 2022
LATITUDE: 38 30 N
LONGITUDE: 122 49 W
TEMPERATURE IN F: :PCPN: SNOW: WIND :SUNSHINE: SKY :PK WND
================================================================================
1 2 3 4 5 6A 6B 7 8 9 10 11 12 13 14 15 16 17 18
12Z AVG MX 2MIN
DY MAX MIN AVG DEP HDD CDD WTR SNW DPTH SPD SPD DIR MIN PSBL S-S WX SPD DR
================================================================================
1 66 51 59 -5 6 0 0.00 M M 4.7 15 170 M M 8 18 20 180
2 73 50 62 -2 3 0 0.00 M M 3.4 12 200 M M 5 17 200
3 80 45 63 -1 2 0 0.00 M M 3.8 13 160 M M 0 1 17 150
4 79 49 64 0 1 0 0.00 M M 3.2 12 140 M M 3 12 16 180
5 87 45 66 2 0 1 0.00 M M 3.0 10 180 M M 2 12 15 180
6 85 46 66 2 0 1 0.00 M M 3.5 10 150 M M 2 1 15 200
7 89 44 67 4 0 2 0.00 M M 3.2 10 150 M M 0 1 13 190
8 82 47 65 2 0 0 0.00 M M 4.1 13 160 M M 3 12 17 190
9 74 49 62 -1 3 0 0.00 M M 4.8 13 190 M M 6 12 16 180
10 79 49 64 1 1 0 0.00 M M 4.4 13 170 M M 6 128 17 190
11 74 49 62 -1 3 0 0.00 M M 4.0 14 180 M M 6 128 19 180
12 73 51 62 0 3 0 0.00 M M 4.1 15 180 M M 7 18 20 190
13 75 50 63 1 2 0 0.00 M M 3.9 12 140 M M 6 1 16 150
14 79 48 64 2 1 0 0.00 M M 3.4 13 150 M M 6 12 17 150
15 62 53 58 -4 7 0 0.01 M M 2.6 9 190 M M 10 1 13 180
16 65 48 57 -5 8 0 0.00 M M 2.2 8 280 M M 9 1 11 240
17 77 42 60 -1 5 0 0.00 M M 2.8 10 240 M M 2 12 14 230
18 87 48 68 7 0 3 0.00 M M 2.5 6 230 M M 0 M M
19 95 47 71 10 0 6 0.00 M M 3.0 6 140 M M 0 M M
20 82 48 65 5 0 0 0.00 M M 4.2 13 140 M M 3 12 15 150
21 68 48 58 -2 7 0 0.00 M M 4.5 15 160 M M 6 12 20 180
22 72 49 61 1 4 0 0.00 M M 11.2 29 320 M M 0 39 300
23 74 48 61 1 4 0 0.00 M M 8.5 20 330 M M 0 28 340
24 77 40 59 -1 6 0 0.00 M M 4.1 13 180 M M 0 17 210
25 73 41 57 -2 8 0 0.00 M M 3.3 12 190 M M 0 15 200
26 73 41 57 -2 8 0 0.00 M M 8.1 21 340 M M 0 29 330
27 74 36 55 -4 10 0 0.00 M M 3.2 13 230 M M 0 18 260
28 69 34 52 -6 13 0 0.00 M M 2.5 9 170 M M 0 14 200
29 77 35 56 -2 9 0 0.00 M M 1.8 8 240 M M 0 18 13 250
30 77 39 58 0 7 0 0.00 M M 3.5 14 170 M M 3 12 17 160
31 71 45 58 0 7 0 0.00 M M 3.1 10 180 M M 6 12 15 160
================================================================================
SM 2368 1415 128 13 0.01 M 124.6 M 99
================================================================================
AV 76.4 45.6 4.0 FASTST M M 3 MAX(MPH)
MISC ----> 29 320 39 300
================================================================================
NOTES:
# LAST OF SEVERAL OCCURRENCES
COLUMN 17 PEAK WIND IN M.P.H.
PRELIMINARY LOCAL CLIMATOLOGICAL DATA (WS FORM: F-6) , PAGE 2
STATION: SANTA ROSA AIRPORT
MONTH: OCTOBER
YEAR: 2022
LATITUDE: 38 30 N
LONGITUDE: 122 49 W
[TEMPERATURE DATA] [PRECIPITATION DATA] SYMBOLS USED IN COLUMN 16
AVERAGE MONTHLY: 61.0 TOTAL FOR MONTH: 0.01 1 = FOG OR MIST
DPTR FM NORMAL: -0.3 DPTR FM NORMAL: -1.64 2 = FOG REDUCING VISIBILITY
HIGHEST: 95 ON 19 GRTST 24HR 0.01 ON 15-15 TO 1/4 MILE OR LESS
LOWEST: 34 ON 28 3 = THUNDER
SNOW, ICE PELLETS, HAIL 4 = ICE PELLETS
TOTAL MONTH: M 5 = HAIL
GRTST 24HR M ON M 6 = FREEZING RAIN OR DRIZZLE
GRTST DEPTH: M ON M 7 = DUSTSTORM OR SANDSTORM:
VSBY 1/2 MILE OR LESS
8 = SMOKE OR HAZE
[NO. OF DAYS WITH] [WEATHER - DAYS WITH] 9 = BLOWING SNOW
X = TORNADO
MAX 32 OR BELOW: 0 0.01 INCH OR MORE: 1
MAX 90 OR ABOVE: 1 0.10 INCH OR MORE: 0
MIN 32 OR BELOW: 0 0.50 INCH OR MORE: 0
MIN 0 OR BELOW: 0 1.00 INCH OR MORE: 0
[HDD (BASE 65) ]
TOTAL THIS MO. 128 CLEAR (SCALE 0-3) 18
DPTR FM NORMAL -13 PTCLDY (SCALE 4-7) 11
TOTAL FM JUL 1 146 CLOUDY (SCALE 8-10) 2
DPTR FM NORMAL -59
[CDD (BASE 65) ]
TOTAL THIS MO. 13
DPTR FM NORMAL -13 [PRESSURE DATA]
TOTAL FM JAN 1 579 HIGHEST SLP M ON M
DPTR FM NORMAL 169 LOWEST SLP 29.72 ON 22
[REMARKS]
#FINAL-10-22#