000
CXUS53 KLSX 011500
CF6SUS
PRELIMINARY LOCAL CLIMATOLOGICAL DATA (WS FORM: F-6)
STATION: SPIRIT OF ST LOUIS MO
MONTH: FEBRUARY
YEAR: 2024
LATITUDE: 38 39 N
LONGITUDE: 90 38 W
TEMPERATURE IN F: :PCPN: SNOW: WIND :SUNSHINE: SKY :PK WND
================================================================================
1 2 3 4 5 6A 6B 7 8 9 10 11 12 13 14 15 16 17 18
12Z AVG MX 2MIN
DY MAX MIN AVG DEP HDD CDD WTR SNW DPTH SPD SPD DIR MIN PSBL S-S WX SPD DR
================================================================================
1 70 28 49 17 16 0 0.00 0.0 0 4.5 12 250 M M 2 16 240
2 45 32 39 6 26 0 0.00 0.0 0 6.1 14 70 M M 7 12 19 100
3 58 29 44 11 21 0 0.00 0.0 0 8.5 15 80 M M 1 128 22 80
4 52 38 45 12 20 0 0.00 0.0 0 8.4 17 40 M M 1 22 40
5 55 25 40 7 25 0 0.00 0.0 0 4.5 12 20 M M 0 1 17 330
6 56 20 38 4 27 0 0.00 0.0 0 1.1 10 60 M M 0 14 60
7 60 26 43 9 22 0 0.00 0.0 0 4.3 13 140 M M 0 18 21 170
8 69 43 56 22 9 0 0.00 0.0 0 10.7 28 200 M M 2 40 220
9 68 43 56 22 9 0 T 0.0 0 7.0 16 180 M M 1 24 210
10 50 30 40 5 25 0 0.00 0.0 0 6.1 14 360 M M 1 22 330
11 48 23 36 1 29 0 0.00 0.0 0 3.6 12 10 M M 1 16 340
12 46 24 35 0 30 0 0.00 0.0 0 4.9 16 340 M M 4 24 330
13 60 20 40 4 25 0 0.00 0.0 0 4.2 15 230 M M 1 21 250
14 61 27 44 8 21 0 0.00 0.0 0 3.9 13 190 M M 0 20 210
15 52 32 42 6 23 0 T M M 9.2 24 330 M M 2 31 320
16 39 22 31 -5 34 0 M M M 11.3 21 330 M M 8 12 29 30
17 27 13 20 -17 45 0 0.00 M M 9.7 17 320 M M 2 24 330
18 47 18 33 -4 32 0 0.00 0.0 M 8.1 20 250 M M 0 27 250
19 58 19 39 2 26 0 0.00 0.0 M 2.2 10 90 M M 0 17 160
20 65 24 45 7 20 0 0.00 0.0 0 2.1 15 250 M M 0 22 230
21 73 29 51 13 14 0 0.00 0.0 0 3.7 15 180 M M 0 18 23 150
22 66 40 53 15 12 0 0.00 0.0 0 4.7 15 360 M M 3 18 22 10
23 62 35 49 10 16 0 0.00 0.0 0 10.0 29 280 M M 1 39 300
24 49 31 40 1 25 0 0.00 0.0 0 5.8 21 350 M M 2 27 350
25 73 31 52 13 13 0 0.00 M M 4.0 16 250 M M 0 8 22 260
26 79 61 70 30 0 5 M M M 6.2 20 170 M M 0 30 160
27 84 40 62 22 3 0 0.02 M M 13.8 31 240 M M 2 138 43 220
28 39 20 30 -10 35 0 T M M 13.3 30 290 M M 3 39 290
29 52 17 35 -6 30 0 0.00 M M 4.2 14 130 M M 0 21 170
================================================================================
SM 1663 840 633 5 0.02 0.0 186.1 M 44
================================================================================
AV 57.3 29.0 6.4 FASTST M M 2 MAX(MPH)
MISC ----> 31 240 43 220
================================================================================
NOTES:
# LAST OF SEVERAL OCCURRENCES
COLUMN 17 PEAK WIND IN M.P.H.
PRELIMINARY LOCAL CLIMATOLOGICAL DATA (WS FORM: F-6) , PAGE 2
STATION: SPIRIT OF ST LOUIS MO
MONTH: FEBRUARY
YEAR: 2024
LATITUDE: 38 39 N
LONGITUDE: 90 38 W
[TEMPERATURE DATA] [PRECIPITATION DATA] SYMBOLS USED IN COLUMN 16
AVERAGE MONTHLY: 43.2 TOTAL FOR MONTH: 0.02 1 = FOG OR MIST
DPTR FM NORMAL: 7.1 DPTR FM NORMAL: -1.96 2 = FOG REDUCING VISIBILITY
HIGHEST: 84 ON 27 GRTST 24HR 0.02 ON 27-27 TO 1/4 MILE OR LESS
LOWEST: 13 ON 17 3 = THUNDER
SNOW, ICE PELLETS, HAIL 4 = ICE PELLETS
TOTAL MONTH: 0.0 INCH 5 = HAIL
GRTST 24HR 0.0 6 = FREEZING RAIN OR DRIZZLE
GRTST DEPTH: 0 7 = DUSTSTORM OR SANDSTORM:
VSBY 1/2 MILE OR LESS
8 = SMOKE OR HAZE
[NO. OF DAYS WITH] [WEATHER - DAYS WITH] 9 = BLOWING SNOW
X = TORNADO
MAX 32 OR BELOW: 1 0.01 INCH OR MORE: 1
MAX 90 OR ABOVE: 0 0.10 INCH OR MORE: 0
MIN 32 OR BELOW: 22 0.50 INCH OR MORE: 0
MIN 0 OR BELOW: 0 1.00 INCH OR MORE: 0
[HDD (BASE 65) ]
TOTAL THIS MO. 633 CLEAR (SCALE 0-3) 26
DPTR FM NORMAL -175 PTCLDY (SCALE 4-7) 2
TOTAL FM JUL 1 3296 CLOUDY (SCALE 8-10) 1
DPTR FM NORMAL -423
[CDD (BASE 65) ]
TOTAL THIS MO. 5
DPTR FM NORMAL 5 [PRESSURE DATA]
TOTAL FM JAN 1 5 HIGHEST SLP 30.54 ON 29
DPTR FM NORMAL 5 LOWEST SLP 29.25 ON 27
[REMARKS]
#FINAL-02-24#