000
CXUS54 KOUN 010810
CF6SWO
PRELIMINARY LOCAL CLIMATOLOGICAL DATA (WS FORM: F-6)
STATION: STILLWATER
MONTH: MAY
YEAR: 2021
LATITUDE: 36 10 N
LONGITUDE: 97 5 W
TEMPERATURE IN F: :PCPN: SNOW: WIND :SUNSHINE: SKY :PK WND
================================================================================
1 2 3 4 5 6A 6B 7 8 9 10 11 12 13 14 15 16 17 18
12Z AVG MX 2MIN
DY MAX MIN AVG DEP HDD CDD WTR SNW DPTH SPD SPD DIR MIN PSBL S-S WX SPD DR
================================================================================
1 76 54 65 0 0 0 0.00 M M 10.2 20 170 M M 3 24 180
2 80 62 71 6 0 6 0.00 M M 10.2 16 150 M M 6 20 180
3 79 62 71 5 0 6 0.00 M M 11.3 24 10 M M 7 3 33 10
4 69 46 58 -8 7 0 0.43 M M 11.6 26 10 M M 6 138 32 10
5 75 40 58 -8 7 0 0.07 M M 3.0 15 360 M M 3 21 360
6 78 47 63 -3 2 0 0.00 M M 7.9 18 30 M M 0 25 20
7 81 49 65 -2 0 0 0.00 M M 12.6 23 150 M M 1 30 150
8 87 68 78 11 0 13 T M M 18.2 32 190 M M 0 3 41 190
9 79 52 66 -1 0 1 0.00 M M 15.4 25 330 M M 7 35 190
10 66 48 57 -11 8 0 T M M 11.4 22 40 M M 7 27 40
11 58 47 53 -15 12 0 0.16 M M 10.4 20 50 M M 8 13 26 60
12 69 49 59 -9 6 0 0.00 M M 8.1 14 60 M M 7 18 20
13 75 42 59 -10 6 0 0.00 M M 3.8 9 140 M M 0 13 190
14 79 49 64 -5 1 0 0.00 M M 12.3 23 150 M M 1 29 150
15 83 60 72 3 0 7 0.01 M M 9.9 21 160 M M 6 3 26 170
16 75 65 70 0 0 5 0.77 M M 9.0 20 90 M M 7 1 24 90
17 79 62 71 1 0 6 0.00 M M 4.2 15 60 M M 8 12 17 60
18 79 63 71 1 0 6 T M M 9.3 18 150 M M 4 3 24 140
19 76 64 70 -1 0 5 0.58 M M 8.6 16 120 M M 5 13 20 150
20 71 65 68 -3 0 3 0.17 M M 7.0 16 110 M M 6 1 19 110
21 82 66 74 3 0 9 T M M 12.3 22 120 M M 9 1 27 110
22 78 70 74 2 0 9 0.06 M M 10.4 17 150 M M 9 1 23 150
23 75 67 71 -1 0 6 0.06 M M 8.9 17 160 M M 8 1 21 170
24 73 66 70 -2 0 5 0.20 M M 9.9 21 160 M M 7 1 28 150
25 81 67 74 1 0 9 0.00 M M 8.9 17 180 M M 4 1 22 190
26 85 64 75 2 0 10 0.00 M M 9.4 22 140 M M 6 12 29 150
27 87 66 77 4 0 12 0.52 M M 9.3 28 200 M M 6 13 34 210
28 76 55 66 -8 0 1 0.00 M M 9.5 18 10 M M 0 23 10
29 72 52 62 -12 3 0 0.00 M M 9.5 16 50 M M 1 21 40
30 74 52 63 -11 2 0 0.00 M M 7.9 14 140 M M 5 17 130
31 65 59 62 -12 3 0 0.54 0.0 M 9.4 18 70 M M 8 1 22 70
================================================================================
SM 2362 1778 57 119 3.57 0.0 299.8 M 155
================================================================================
AV 76.2 57.4 9.7 FASTST M M 5 MAX(MPH)
MISC ----> 32 190 41 190
================================================================================
NOTES:
# LAST OF SEVERAL OCCURRENCES
COLUMN 17 PEAK WIND IN M.P.H.
PRELIMINARY LOCAL CLIMATOLOGICAL DATA (WS FORM: F-6) , PAGE 2
STATION: STILLWATER
MONTH: MAY
YEAR: 2021
LATITUDE: 36 10 N
LONGITUDE: 97 5 W
[TEMPERATURE DATA] [PRECIPITATION DATA] SYMBOLS USED IN COLUMN 16
AVERAGE MONTHLY: 66.8 TOTAL FOR MONTH: 3.57 1 = FOG OR MIST
DPTR FM NORMAL: -2.9 DPTR FM NORMAL: -1.01 2 = FOG REDUCING VISIBILITY
HIGHEST: 87 ON 27, 8 GRTST 24HR 0.77 ON 16-16 TO 1/4 MILE OR LESS
LOWEST: 40 ON 5 3 = THUNDER
SNOW, ICE PELLETS, HAIL 4 = ICE PELLETS
TOTAL MONTH: 0.0 INCH 5 = HAIL
GRTST 24HR 0.0 6 = FREEZING RAIN OR DRIZZLE
GRTST DEPTH: M ON M 7 = DUSTSTORM OR SANDSTORM:
VSBY 1/2 MILE OR LESS
8 = SMOKE OR HAZE
[NO. OF DAYS WITH] [WEATHER - DAYS WITH] 9 = BLOWING SNOW
X = TORNADO
MAX 32 OR BELOW: 0 0.01 INCH OR MORE: 12
MAX 90 OR ABOVE: 0 0.10 INCH OR MORE: 8
MIN 32 OR BELOW: 0 0.50 INCH OR MORE: 4
MIN 0 OR BELOW: 0 1.00 INCH OR MORE: 0
[HDD (BASE 65) ]
TOTAL THIS MO. 57 CLEAR (SCALE 0-3) 9
DPTR FM NORMAL 16 PTCLDY (SCALE 4-7) 19
TOTAL FM JUL 1 3600 CLOUDY (SCALE 8-10) 3
DPTR FM NORMAL 154
[CDD (BASE 65) ]
TOTAL THIS MO. 119
DPTR FM NORMAL -67 [PRESSURE DATA]
TOTAL FM JAN 1 168 HIGHEST SLP M ON M
DPTR FM NORMAL -101 LOWEST SLP 29.44 ON 2
[REMARKS]
#FINAL-05-21#