075
CXUS54 KOUN 010700
CF6SWO
PRELIMINARY LOCAL CLIMATOLOGICAL DATA (WS FORM: F-6)
STATION: STILLWATER
MONTH: APRIL
YEAR: 2020
LATITUDE: 36 10 N
LONGITUDE: 97 5 W
TEMPERATURE IN F: :PCPN: SNOW: WIND :SUNSHINE: SKY :PK WND
================================================================================
1 2 3 4 5 6A 6B 7 8 9 10 11 12 13 14 15 16 17 18
12Z AVG MX 2MIN
DY MAX MIN AVG DEP HDD CDD WTR SNW DPTH SPD SPD DIR MIN PSBL S-S WX SPD DR
================================================================================
1 74 48 61 6 4 0 0.00 0.0 0 15.4 28 150 M M 0 36 150
2 73 42 58 3 7 0 T M 0 16.7 31 180 M M 5 38 170
3 41 32 37 -19 28 0 0.02 M 0 12.5 21 350 M M 10 1 29 330
4 45 35 40 -16 25 0 0.00 0.0 0 8.0 17 30 M M 10 18 20 30
5 68 42 55 -1 10 0 0.00 0.0 0 7.8 18 150 M M 7 25 150
6 74 61 68 12 0 3 0.00 0.0 0 14.2 24 200 M M 8 30 190
7 90 60 75 18 0 10 0.00 0.0 0 10.0 18 190 M M 2 25 190
8 92 49 71 14 0 6 0.00 0.0 0 6.9 21 30 M M 0 27 20
9 71 44 58 0 7 0 0.00 0.0 0 10.1 20 30 M M 0 25 30
10 69 35 52 -6 13 0 0.00 0.0 0 8.8 17 160 M M 0 21 20
11 77 53 65 7 0 0 0.03 0.0 0 16.7 37 140 M M 6 3 43 150
12 77 37 57 -1 8 0 T 0.0 0 17.1 30 350 M M 7 1 43 10
13 50 33 42 -17 23 0 0.00 0.0 0 11.4 23 360 M M 7 30 350
14 52 37 45 -14 20 0 0.00 0.0 0 3.9 8 200 M M 7 12 180
15 65 33 49 -10 16 0 0.00 0.0 0 9.6 18 150 M M 0 26 180
16 75 45 60 0 5 0 0.05 M 0 16.4 33 170 M M 0 3 40 190
17 54 36 45 -15 20 0 0.01 M 0 11.1 20 360 M M 6 1 27 330
18 72 30 51 -9 14 0 T M 0 9.4 23 180 M M 2 1 27 180
19 75 48 62 1 3 0 0.00 0.0 0 6.9 18 50 M M 6 22 60
20 80 45 63 2 2 0 0.00 0.0 0 5.2 17 270 M M 1 1 23 270
21 83 46 65 4 0 0 T 0.0 0 7.3 15 120 M M 1 1 24 130
22 65 57 61 -1 4 0 1.49 0.0 0 10.0 21 50 M M 7 13 27 20
23 84 56 70 8 0 5 0.05 0.0 0 6.9 15 70 M M 3 138 17 300
24 79 55 67 5 0 2 0.01 0.0 0 14.4 26 140 M M 4 3 37 330
25 75 50 63 1 2 0 0.00 0.0 0 9.2 18 320 M M 0 25 20
26 80 44 62 -1 3 0 0.00 0.0 0 8.1 20 160 M M 0 24 160
27 82 62 72 9 0 7 0.02 0.0 0 13.8 28 180 M M 2 3 36 180
28 89 59 74 11 0 9 0.34 0.0 0 9.2 29 350 M M 2 3 38 350
29 73 49 61 -3 4 0 T M 0 12.6 30 350 M M 1 41 350
30 81 44 63 -1 2 0 0.00 0.0 0 5.2 13 180 M M 0 8 M M
================================================================================
SM 2165 1367 220 42 2.02 0.0 314.8 M 104
================================================================================
AV 72.2 45.6 10.5 FASTST M M 3 MAX(MPH)
MISC ----> # 37 140 # 43 150
================================================================================
NOTES:
# LAST OF SEVERAL OCCURRENCES
COLUMN 17 PEAK WIND IN M.P.H.
PRELIMINARY LOCAL CLIMATOLOGICAL DATA (WS FORM: F-6) , PAGE 2
STATION: STILLWATER
MONTH: APRIL
YEAR: 2020
LATITUDE: 36 10 N
LONGITUDE: 97 5 W
[TEMPERATURE DATA] [PRECIPITATION DATA] SYMBOLS USED IN COLUMN 16
AVERAGE MONTHLY: 58.9 TOTAL FOR MONTH: 2.02 1 = FOG OR MIST
DPTR FM NORMAL: -0.6 DPTR FM NORMAL: -1.47 2 = FOG REDUCING VISIBILITY
HIGHEST: 92 ON 8 GRTST 24HR 1.49 ON 22-22 TO 1/4 MILE OR LESS
LOWEST: 30 ON 18 3 = THUNDER
SNOW, ICE PELLETS, HAIL 4 = ICE PELLETS
TOTAL MONTH: 0.0 INCH 5 = HAIL
GRTST 24HR 0.0 6 = FREEZING RAIN OR DRIZZLE
GRTST DEPTH: 0 7 = DUSTSTORM OR SANDSTORM:
VSBY 1/2 MILE OR LESS
8 = SMOKE OR HAZE
[NO. OF DAYS WITH] [WEATHER - DAYS WITH] 9 = BLOWING SNOW
X = TORNADO
MAX 32 OR BELOW: 0 0.01 INCH OR MORE: 9
MAX 90 OR ABOVE: 2 0.10 INCH OR MORE: 2
MIN 32 OR BELOW: 2 0.50 INCH OR MORE: 1
MIN 0 OR BELOW: 0 1.00 INCH OR MORE: 1
[HDD (BASE 65) ]
TOTAL THIS MO. 220 CLEAR (SCALE 0-3) 16
DPTR FM NORMAL 9 PTCLDY (SCALE 4-7) 12
TOTAL FM JUL 1 3305 CLOUDY (SCALE 8-10) 2
DPTR FM NORMAL -435
[CDD (BASE 65) ]
TOTAL THIS MO. 42
DPTR FM NORMAL -4 [PRESSURE DATA]
TOTAL FM JAN 1 81 HIGHEST SLP M ON M
DPTR FM NORMAL 25 LOWEST SLP 29.43 ON 12
[REMARKS]
#FINAL-04-20#