000
CXUS54 KEWX 011110
CF6T82
PRELIMINARY LOCAL CLIMATOLOGICAL DATA (WS FORM: F-6)
STATION: FREDERICKSBURG
MONTH: NOVEMBER
YEAR: 2023
LATITUDE: 30 15 N
LONGITUDE: 98 55 W
TEMPERATURE IN F: :PCPN: SNOW: WIND :SUNSHINE: SKY :PK WND
================================================================================
1 2 3 4 5 6A 6B 7 8 9 10 11 12 13 14 15 16 17 18
12Z AVG MX 2MIN
DY MAX MIN AVG DEP HDD CDD WTR SNW DPTH SPD SPD DIR MIN PSBL S-S WX SPD DR
================================================================================
1 60 32 46 M 19 0 0.00 M M 1.1 6 100 M M 0 M M
2 65 35 50 M 15 0 0.00 M M 3.4 10 190 M M 1 12 170
3 72 41 57 M 8 0 0.00 M M 4.7 15 190 M M 1 20 210
4 75 47 61 M 4 0 0.00 M M 4.7 14 180 M M 3 20 190
5 76 48 62 M 3 0 0.00 M M 3.9 13 210 M M 0 20 200
6 78 63 71 M 0 6 0.00 M M 9.4 17 230 M M 2 23 220
7 83 58 71 M 0 6 0.00 M M 6.3 14 220 M M 0 20 170
8 81 66 74 M 0 9 0.00 M M 7.9 13 200 M M 4 22 210
9 70 51 61 M 4 0 0.53 M M 7.8 15 360 M M 10 21 360
10 54 49 52 M 13 0 0.05 M M 9.1 14 350 M M 10 1 17 350
11 56 51 54 M 11 0 0.00 M M 4.8 12 10 M M 10 1 M M
12 57 53 55 M 10 0 0.17 M M 4.1 8 10 M M 10 M M
13 57 51 54 M 11 0 0.50 M M 5.7 9 20 M M 10 1 M M
14 68 47 58 M 7 0 0.07 M M 2.8 7 340 M M 4 M M
15 71 43 57 M 8 0 0.00 M M 1.2 5 60 M M 0 M M
16 69 44 57 M 8 0 0.00 M M 2.1 10 200 M M 0 M M
17 78 53 66 M 0 1 0.00 M M 7.1 13 360 M M 3 1 18 360
18 61 56 59 M 6 0 0.00 M M 3.7 10 50 M M 10 1 M M
19 65 54 60 M 5 0 0.00 M M 5.5 10 200 M M 10 1 10 170
20 76 56 66 M 0 1 0.00 M M 7.7 17 280 M M 4 1 25 310
21 56 40 48 M 17 0 0.00 M M 13.7 23 350 M M 5 38 350
22 62 32 47 M 18 0 0.00 M M 3.6 12 320 M M 0 17 300
23 59 35 47 M 18 0 0.00 M M 4.2 14 230 M M 2 18 230
24 64 35 50 M 15 0 0.00 M M 2.6 12 80 M M 3 12 16 70
25 55 42 49 M 16 0 0.05 M M 2.5 8 100 M M 9 1 16 100
26 53 37 45 M 20 0 0.00 M M 9.3 17 340 M M 6 1 23 360
27 53 36 45 M 20 0 0.00 M M 2.1 8 80 M M 6 8 M M
28 60 40 50 M 15 0 0.00 M M 1.8 6 120 M M 4 M M
29 56 37 47 M 18 0 0.00 M M 4.2 9 150 M M 8 1 16 160
30 69 51 60 M 5 0 M M M 6.3 15 200 M M 6 1 20 200
================================================================================
SM 1959 1383 294 23 1.37 M 153.4 M 141
================================================================================
AV 65.3 46.1 5.1 FASTST M M 5 MAX(MPH)
MISC ----> 23 350 38 350
================================================================================
NOTES:
# LAST OF SEVERAL OCCURRENCES
COLUMN 17 PEAK WIND IN M.P.H.
PRELIMINARY LOCAL CLIMATOLOGICAL DATA (WS FORM: F-6) , PAGE 2
STATION: FREDERICKSBURG
MONTH: NOVEMBER
YEAR: 2023
LATITUDE: 30 15 N
LONGITUDE: 98 55 W
[TEMPERATURE DATA] [PRECIPITATION DATA] SYMBOLS USED IN COLUMN 16
AVERAGE MONTHLY: 55.7 TOTAL FOR MONTH: 1.37 1 = FOG OR MIST
DPTR FM NORMAL: 0.0 DPTR FM NORMAL: M 2 = FOG REDUCING VISIBILITY
HIGHEST: 83 ON 7 GRTST 24HR 0.53 ON 9- 9 TO 1/4 MILE OR LESS
LOWEST: 32 ON 22, 1 3 = THUNDER
SNOW, ICE PELLETS, HAIL 4 = ICE PELLETS
TOTAL MONTH: M 5 = HAIL
GRTST 24HR M ON M 6 = FREEZING RAIN OR DRIZZLE
GRTST DEPTH: M ON M 7 = DUSTSTORM OR SANDSTORM:
VSBY 1/2 MILE OR LESS
8 = SMOKE OR HAZE
[NO. OF DAYS WITH] [WEATHER - DAYS WITH] 9 = BLOWING SNOW
X = TORNADO
MAX 32 OR BELOW: 0 0.01 INCH OR MORE: 6
MAX 90 OR ABOVE: 0 0.10 INCH OR MORE: 3
MIN 32 OR BELOW: 2 0.50 INCH OR MORE: 2
MIN 0 OR BELOW: 0 1.00 INCH OR MORE: 0
[HDD (BASE 65) ]
TOTAL THIS MO. 294 CLEAR (SCALE 0-3) 12
DPTR FM NORMAL M PTCLDY (SCALE 4-7) 10
TOTAL FM JUL 1 370 CLOUDY (SCALE 8-10) 8
DPTR FM NORMAL M
[CDD (BASE 65) ]
TOTAL THIS MO. 23
DPTR FM NORMAL M [PRESSURE DATA]
TOTAL FM JAN 1 2970 HIGHEST SLP M ON M
DPTR FM NORMAL M LOWEST SLP M ON M
[REMARKS]
#FINAL-11-23#