148
CXUS55 KPUB 011210
CF6TAD
PRELIMINARY LOCAL CLIMATOLOGICAL DATA (WS FORM: F-6)
STATION: TRINIDAD CO
MONTH: MAY
YEAR: 2020
LATITUDE: 37 16 N
LONGITUDE: 104 20 W
TEMPERATURE IN F: :PCPN: SNOW: WIND :SUNSHINE: SKY :PK WND
================================================================================
1 2 3 4 5 6A 6B 7 8 9 10 11 12 13 14 15 16 17 18
12Z AVG MX 2MIN
DY MAX MIN AVG DEP HDD CDD WTR SNW DPTH SPD SPD DIR MIN PSBL S-S WX SPD DR
================================================================================
1 90 54 72 17 0 7 0.00 M M 11.4 28 180 M M 0 34 180
2 76 51 64 9 1 0 0.00 M M 11.8 24 130 M M 2 33 110
3 90 47 69 14 0 4 0.00 M M 11.2 29 240 M M 0 39 250
4 80 48 64 8 1 0 0.02 M M 9.1 32 60 M M 4 8 45 70
5 72 41 57 1 8 0 0.01 M M 7.6 28 200 M M 5 3 38 180
6 78 42 60 4 5 0 0.00 M M 11.9 26 170 M M 0 34 170
7 88 44 66 10 0 1 0.00 M M 13.2 35 320 M M 0 49 340
8 67 37 52 -5 13 0 0.00 M M 9.8 25 180 M M 4 35 190
9 68 36 52 -5 13 0 T M M 12.1 23 260 M M 2 35 130
10 76 31 54 -4 11 0 0.00 M M 9.5 29 200 M M 1 36 190
11 59 39 49 -9 16 0 0.09 M M 6.7 25 330 M M 3 13 33 340
12 83 35 59 1 6 0 0.00 M M 9.3 25 270 M M 3 12 39 320
13 84 41 63 5 2 0 0.00 M M 15.1 26 240 M M 0 37 240
14 82 42 62 3 3 0 0.00 M M 10.5 25 30 M M 2 8 34 110
15 77 47 62 3 3 0 0.03 M M 10.4 26 150 M M 3 3 33 140
16 76 48 62 3 3 0 0.04 M M 9.1 20 80 M M 5 13 28 310
17 80 51 66 6 0 1 T M M 6.6 16 150 M M 3 3 21 120
18 96 48 72 12 0 7 0.00 M M 8.9 22 260 M M 0 8 29 260
19 96 48 72 12 0 7 0.00 0.0 M 12.7 30 240 M M 0 46 200
20 91 50 71 11 0 6 0.00 M M 16.6 36 170 M M 0 51 170
21 80 43 62 1 3 0 T M M 9.5 23 10 M M 1 37 70
22 84 46 65 4 0 0 0.00 M M 13.6 33 200 M M 0 44 190
23 84 51 68 7 0 3 0.00 M M 16.2 29 240 M M 0 43 250
24 73 45 59 -3 6 0 0.04 M M 10.9 30 10 M M 6 3 42 10
25 68 41 55 -7 10 0 0.00 M M 9.1 20 30 M M 5 26 50
26 81 39 60 -2 5 0 0.00 M M 9.0 18 310 M M 1 25 310
27 86 49 68 6 0 3 0.02 M M 10.6 24 320 M M 4 31 360
28 83 50 67 4 0 2 0.00 M M 8.6 21 110 M M 3 26 120
29 89 56 73 10 0 8 T M M 10.3 26 290 M M 1 3 35 290
30 91 60 76 13 0 11 0.00 M M 11.0 29 350 M M 1 42 350
31 91 59 75 11 0 10 0.25 M M 9.0 26 320 M M 2 3 38 310
================================================================================
SM 2519 1419 109 70 0.50 0.0 331.3 M 61
================================================================================
AV 81.3 45.8 10.7 FASTST M M 2 MAX(MPH)
MISC ----> 36 170 51 170
================================================================================
NOTES:
# LAST OF SEVERAL OCCURRENCES
COLUMN 17 PEAK WIND IN M.P.H.
PRELIMINARY LOCAL CLIMATOLOGICAL DATA (WS FORM: F-6) , PAGE 2
STATION: TRINIDAD CO
MONTH: MAY
YEAR: 2020
LATITUDE: 37 16 N
LONGITUDE: 104 20 W
[TEMPERATURE DATA] [PRECIPITATION DATA] SYMBOLS USED IN COLUMN 16
AVERAGE MONTHLY: 63.5 TOTAL FOR MONTH: 0.50 1 = FOG OR MIST
DPTR FM NORMAL: 4.3 DPTR FM NORMAL: -1.11 2 = FOG REDUCING VISIBILITY
HIGHEST: 96 ON 19,18 GRTST 24HR 0.25 ON 31-31 TO 1/4 MILE OR LESS
LOWEST: 31 ON 10 3 = THUNDER
SNOW, ICE PELLETS, HAIL 4 = ICE PELLETS
TOTAL MONTH: 0.0 INCH 5 = HAIL
GRTST 24HR 0.0 6 = FREEZING RAIN OR DRIZZLE
GRTST DEPTH: M ON M 7 = DUSTSTORM OR SANDSTORM:
VSBY 1/2 MILE OR LESS
8 = SMOKE OR HAZE
[NO. OF DAYS WITH] [WEATHER - DAYS WITH] 9 = BLOWING SNOW
X = TORNADO
MAX 32 OR BELOW: 0 0.01 INCH OR MORE: 8
MAX 90 OR ABOVE: 7 0.10 INCH OR MORE: 1
MIN 32 OR BELOW: 1 0.50 INCH OR MORE: 0
MIN 0 OR BELOW: 0 1.00 INCH OR MORE: 0
[HDD (BASE 65) ]
TOTAL THIS MO. 109 CLEAR (SCALE 0-3) 21
DPTR FM NORMAL -96 PTCLDY (SCALE 4-7) 10
TOTAL FM JUL 1 5154 CLOUDY (SCALE 8-10) 0
DPTR FM NORMAL -340
[CDD (BASE 65) ]
TOTAL THIS MO. 70
DPTR FM NORMAL 44 [PRESSURE DATA]
TOTAL FM JAN 1 73 HIGHEST SLP 30.37 ON 8
DPTR FM NORMAL 45 LOWEST SLP 29.46 ON 20
[REMARKS]
#FINAL-05-20#