591
CXUS52 KTBW 022359
CF6TBW
PRELIMINARY LOCAL CLIMATOLOGICAL DATA (WS FORM: F-6)
STATION: Ruskin WFO
MONTH: MAY
YEAR: 2020
LATITUDE: 27 42 N
LONGITUDE: 82 24 W
TEMPERATURE IN F: :PCPN: SNOW: WIND :SUNSHINE: SKY :PK WND
================================================================================
1 2 3 4 5 6A 6B 7 8 9 10 11 12 13 14 15 16 17 18
12Z AVG MX 2MIN
DY MAX MIN AVG DEP HDD CDD WTR SNW DPTH SPD SPD DIR MIN PSBL S-S WX SPD DR
================================================================================
1 80 58 69 M 0 4 0.00 0.0 0 M M M M M M M M
2 87 58 73 M 0 8 0.00 0.0 0 M M M M M M M M
3 85 64 75 M 0 10 0.00 0.0 0 M M M M M M M M
4 86 64 75 M 0 10 0.00 0.0 0 M M M M M M M M
5 83 64 74 M 0 9 0.00 0.0 0 M M M M M M M M
6 84 66 75 M 0 10 0.00 0.0 0 M M M M M M M M
7 76 62 69 M 0 4 0.00 0.0 0 M M M M M M M M
8 84 51 68 M 0 3 0.00 0.0 0 M M M M M M M M
9 87 64 76 M 0 11 0.00 0.0 0 M M M M M M M M
10 81 67 74 M 0 9 0.06 0.0 0 M M M M M M M M
11 88 65 77 M 0 12 0.00 0.0 0 M M M M M M M M
12 89 61 75 M 0 10 0.00 0.0 0 M M M M M M M M
13 89 64 77 M 0 12 0.00 0.0 0 M M M M M M M M
14 88 69 79 M 0 14 0.00 0.0 0 M M M M M M M M
15 91 67 79 M 0 14 0.00 0.0 0 M M M M M M M M
16 92 71 82 M 0 17 0.00 0.0 0 M M M M M M M M
17 89 68 79 M 0 14 0.00 0.0 0 M M M M M M M M
18 80 67 74 M 0 9 0.53 0.0 0 M M M M M M 3 M M
19 84 67 76 M 0 11 0.00 0.0 0 M M M M M M M M
20 87 65 76 M 0 11 T 0.0 0 M M M M M M M M
21 93 71 82 M 0 17 T 0.0 0 M M M M M M 3 M M
22 96 69 83 M 0 18 0.47 0.0 0 M M M M M M 3 M M
23 92 69 81 M 0 16 0.20 0.0 0 M M M M M M 3 M M
24 84 72 78 M 0 13 0.09 0.0 0 M M M M M M 3 M M
25 86 72 79 M 0 14 0.05 0.0 0 M M M M M M 3 M M
26 88 72 80 M 0 15 0.02 0.0 0 M M M M M M M M
27 90 74 82 M 0 17 0.06 0.0 0 M M M M M M M M
28 91 70 81 M 0 16 0.72 0.0 0 M M M M M M 13 M M
29 92 69 81 M 0 16 1.26 0.0 0 M M M M M M 13 M M
30 91 71 81 M 0 16 0.00 0.0 0 M M M M M M M M
31 93 71 82 M 0 17 0.00 0.0 0 M M M M M M M M
================================================================================
SM 2706 2062 0 377 3.46 0.0 M M M
================================================================================
AV 87.3 66.5 M FASTST M M 3 MAX(MPH)
MISC ----> M M M M
================================================================================
NOTES:
# LAST OF SEVERAL OCCURRENCES
COLUMN 17 PEAK WIND IN M.P.H.
PRELIMINARY LOCAL CLIMATOLOGICAL DATA (WS FORM: F-6) , PAGE 2
STATION: Ruskin WFO
MONTH: MAY
YEAR: 2020
LATITUDE: 27 42 N
LONGITUDE: 82 24 W
[TEMPERATURE DATA] [PRECIPITATION DATA] SYMBOLS USED IN COLUMN 16
AVERAGE MONTHLY: 76.9 TOTAL FOR MONTH: 3.46 1 = FOG OR MIST
DPTR FM NORMAL: M DPTR FM NORMAL: M 2 = FOG REDUCING VISIBILITY
HIGHEST: 96 ON 22 GRTST 24HR 1.26 ON 29-29 TO 1/4 MILE OR LESS
LOWEST: 51 ON 8 3 = THUNDER
SNOW, ICE PELLETS, HAIL 4 = ICE PELLETS
TOTAL MONTH: 0.0 INCH 5 = HAIL
GRTST 24HR 0.0 6 = FREEZING RAIN OR DRIZZLE
GRTST DEPTH: 0 7 = DUSTSTORM OR SANDSTORM:
VSBY 1/2 MILE OR LESS
8 = SMOKE OR HAZE
[NO. OF DAYS WITH] [WEATHER - DAYS WITH] 9 = BLOWING SNOW
X = TORNADO
MAX 32 OR BELOW: 0 0.01 INCH OR MORE: 10
MAX 90 OR ABOVE: 10 0.10 INCH OR MORE: 5
MIN 32 OR BELOW: 0 0.50 INCH OR MORE: 3
MIN 0 OR BELOW: 0 1.00 INCH OR MORE: 1
[HDD (BASE 65) ]
TOTAL THIS MO. 0 CLEAR (SCALE 0-3) 0
DPTR FM NORMAL M PTCLDY (SCALE 4-7) 0
TOTAL FM JUL 1 298 CLOUDY (SCALE 8-10) 0
DPTR FM NORMAL M
[CDD (BASE 65) ]
TOTAL THIS MO. 377
DPTR FM NORMAL M [PRESSURE DATA]
TOTAL FM JAN 1 1183 HIGHEST SLP M ON M
DPTR FM NORMAL M LOWEST SLP M ON M
[REMARKS]
#FINAL-05-20#