000
CXUS54 KBMX 011010
CF6TCL
PRELIMINARY LOCAL CLIMATOLOGICAL DATA (WS FORM: F-6)
STATION: TUSCALOOSA
MONTH: MARCH
YEAR: 2023
LATITUDE: 33 13 N
LONGITUDE: 87 37 W
TEMPERATURE IN F: :PCPN: SNOW: WIND :SUNSHINE: SKY :PK WND
================================================================================
1 2 3 4 5 6A 6B 7 8 9 10 11 12 13 14 15 16 17 18
12Z AVG MX 2MIN
DY MAX MIN AVG DEP HDD CDD WTR SNW DPTH SPD SPD DIR MIN PSBL S-S WX SPD DR
================================================================================
1 82 57 70 17 0 5 0.00 0.0 0 8.2 20 180 M M 5 18 23 180
2 73 61 67 13 0 2 0.38 0.0 M 7.7 24 320 M M 10 1 34 320
3 78 54 66 12 0 1 0.51 0.0 M 11.0 40 210 M M 6 123 50 200
4 74 48 61 7 4 0 0.00 0.0 M 2.6 12 360 M M 1 15 360
5 75 44 60 6 5 0 0.00 0.0 0 1.6 9 80 M M 0 13 60
6 82 46 64 9 1 0 0.00 0.0 M 3.6 15 220 M M 1 1 17 220
7 85 62 74 19 0 9 0.00 0.0 0 4.4 15 40 M M 5 128 21 10
8 74 52 63 8 2 0 0.02 0.0 0 5.5 15 100 M M 5 21 90
9 61 53 57 2 8 0 0.05 0.0 0 4.6 12 60 M M 9 18 15 60
10 65 45 55 -1 10 0 1.02 0.0 0 5.7 15 350 M M 5 13 20 330
11 66 38 52 -4 13 0 0.00 0.0 0 5.2 14 170 M M 5 20 160
12 67 50 59 3 6 0 0.71 0.0 0 9.0 18 360 M M 10 13 24 200
13 59 40 50 -6 15 0 0.00 0.0 M 9.1 18 300 M M 1 24 300
14 56 33 45 -11 20 0 0.00 0.0 0 7.5 16 30 M M 0 21 20
15 63 29 46 -11 19 0 0.00 0.0 0 2.8 15 50 M M 0 19 40
16 72 36 54 -3 11 0 0.00 0.0 0 7.3 18 170 M M 1 27 170
17 64 41 53 -4 12 0 0.63 0.0 0 7.6 23 280 M M 8 13 33 290
18 55 37 46 -12 19 0 0.00 0.0 0 8.6 18 310 M M 0 28 300
19 47 28 38 -20 27 0 T M M 7.8 17 310 M M 0 28 330
20 55 25 40 -18 25 0 0.00 0.0 0 2.0 13 20 M M 0 16 10
21 66 31 49 -9 16 0 0.00 0.0 0 5.2 15 180 M M 0 8 21 170
22 79 51 65 7 0 0 0.00 0.0 0 6.0 14 170 M M 5 8 20 180
23 85 56 71 13 0 6 0.00 0.0 0 7.6 15 190 M M 0 21 200
24 84 65 75 16 0 10 0.01 0.0 0 12.0 25 170 M M 7 45 170
25 86 55 71 12 0 6 0.19 0.0 M 7.6 22 230 M M 3 123 38 300
26 82 56 69 10 0 4 0.81 0.0 0 3.2 22 40 M M 6 13 25 40
27 81 55 68 9 0 3 0.08 0.0 0 3.3 12 300 M M 3 13 17 280
28 75 51 63 3 2 0 0.00 0.0 0 7.3 20 360 M M 1 29 290
29 68 40 54 -6 11 0 0.00 0.0 0 3.3 10 10 M M 0 16 20
30 77 39 58 -2 7 0 0.00 0.0 0 4.5 12 180 M M 0 8 17 150
31 79 61 70 10 0 5 0.00 0.0 0 12.1 21 190 M M 7 31 180
================================================================================
SM 2215 1439 233 51 4.41 0.0 193.9 M 104
================================================================================
AV 71.5 46.4 6.3 FASTST M M 3 MAX(MPH)
MISC ----> 40 210 50 200
================================================================================
NOTES:
# LAST OF SEVERAL OCCURRENCES
COLUMN 17 PEAK WIND IN M.P.H.
PRELIMINARY LOCAL CLIMATOLOGICAL DATA (WS FORM: F-6) , PAGE 2
STATION: TUSCALOOSA
MONTH: MARCH
YEAR: 2023
LATITUDE: 33 13 N
LONGITUDE: 87 37 W
[TEMPERATURE DATA] [PRECIPITATION DATA] SYMBOLS USED IN COLUMN 16
AVERAGE MONTHLY: 58.9 TOTAL FOR MONTH: 4.41 1 = FOG OR MIST
DPTR FM NORMAL: 2.0 DPTR FM NORMAL: -0.41 2 = FOG REDUCING VISIBILITY
HIGHEST: 86 ON 25 GRTST 24HR 1.07 ON 9-10 TO 1/4 MILE OR LESS
LOWEST: 25 ON 20 3 = THUNDER
SNOW, ICE PELLETS, HAIL 4 = ICE PELLETS
TOTAL MONTH: 0.0 INCH 5 = HAIL
GRTST 24HR 0.0 6 = FREEZING RAIN OR DRIZZLE
GRTST DEPTH: 0 7 = DUSTSTORM OR SANDSTORM:
VSBY 1/2 MILE OR LESS
8 = SMOKE OR HAZE
[NO. OF DAYS WITH] [WEATHER - DAYS WITH] 9 = BLOWING SNOW
X = TORNADO
MAX 32 OR BELOW: 0 0.01 INCH OR MORE: 11
MAX 90 OR ABOVE: 0 0.10 INCH OR MORE: 7
MIN 32 OR BELOW: 4 0.50 INCH OR MORE: 5
MIN 0 OR BELOW: 0 1.00 INCH OR MORE: 1
[HDD (BASE 65) ]
TOTAL THIS MO. 233 CLEAR (SCALE 0-3) 16
DPTR FM NORMAL -41 PTCLDY (SCALE 4-7) 12
TOTAL FM JUL 1 1800 CLOUDY (SCALE 8-10) 3
DPTR FM NORMAL -484
[CDD (BASE 65) ]
TOTAL THIS MO. 51
DPTR FM NORMAL 28 [PRESSURE DATA]
TOTAL FM JAN 1 94 HIGHEST SLP 30.45 ON 20
DPTR FM NORMAL 64 LOWEST SLP 29.36 ON 3
[REMARKS]
#FINAL-03-23#