000
CXUS54 KBMX 011010
CF6TCL
PRELIMINARY LOCAL CLIMATOLOGICAL DATA (WS FORM: F-6)
STATION: TUSCALOOSA
MONTH: AUGUST
YEAR: 2021
LATITUDE: 33 13 N
LONGITUDE: 87 37 W
TEMPERATURE IN F: :PCPN: SNOW: WIND :SUNSHINE: SKY :PK WND
================================================================================
1 2 3 4 5 6A 6B 7 8 9 10 11 12 13 14 15 16 17 18
12Z AVG MX 2MIN
DY MAX MIN AVG DEP HDD CDD WTR SNW DPTH SPD SPD DIR MIN PSBL S-S WX SPD DR
================================================================================
1 93 74 84 2 0 19 0.00 0.0 0 3.2 10 30 M M 1 138 14 180
2 82 73 78 -4 0 13 0.08 0.0 0 4.6 20 320 M M 7 138 25 320
3 89 69 79 -3 0 14 0.00 0.0 0 3.6 15 20 M M 2 18 22 60
4 90 65 78 -4 0 13 0.00 0.0 0 2.6 10 10 M M 1 18 15 330
5 87 68 78 -4 0 13 0.10 0.0 0 2.4 9 70 M M 5 18 12 50
6 86 73 80 -2 0 15 T 0.0 0 2.9 10 190 M M 5 3 13 180
7 91 71 81 -1 0 16 0.00 0.0 0 2.0 9 250 M M 2 1 12 250
8 92 70 81 -1 0 16 0.00 0.0 0 1.3 9 210 M M 0 1 11 250
9 94 75 85 3 0 20 0.00 0.0 M 3.7 13 190 M M 1 18 16 170
10 95 75 85 3 0 20 0.00 0.0 0 3.0 10 240 M M 0 1 14 250
11 94 74 84 2 0 19 0.35 0.0 0 2.9 15 60 M M 0 13 22 60
12 91 73 82 0 0 17 T 0.0 0 3.0 10 190 M M 4 13 13 190
13 92 72 82 0 0 17 0.00 0.0 0 3.1 10 90 M M 1 13 13 90
14 94 73 84 2 0 19 0.01 0.0 M 2.4 10 190 M M 2 3 15 50
15 92 74 83 1 0 18 1.87 0.0 M 4.5 24 60 M M 6 13 35 70
16 90 73 82 0 0 17 T 0.0 M 3.5 13 100 M M 2 1 16 100
17 92 72 82 0 0 17 0.00 0.0 0 3.0 12 20 M M 2 1 15 20
18 94 73 84 2 0 19 0.00 0.0 M 2.3 13 190 M M 1 1 16 190
19 87 75 81 0 0 16 0.54 0.0 M 2.1 20 320 M M 6 138 23 320
20 86 72 79 -2 0 14 0.02 0.0 0 1.9 8 300 M M 5 1 12 310
21 88 73 81 0 0 16 0.51 0.0 0 4.2 17 20 M M 5 138 22 20
22 94 75 85 4 0 20 T 0.0 0 2.2 12 320 M M 5 1 16 330
23 94 73 84 3 0 19 0.00 0.0 0 2.3 10 350 M M 1 1 15 10
24 95 73 84 3 0 19 0.00 0.0 0 2.6 10 50 M M 0 12 13 30
25 97 75 86 5 0 21 0.03 0.0 0 3.5 14 40 M M 2 138 21 60
26 92 73 83 2 0 18 0.00 0.0 0 3.3 12 110 M M 4 1 14 110
27 92 74 83 2 0 18 T 0.0 0 4.2 18 90 M M 2 13 25 100
28 92 74 83 3 0 18 T 0.0 0 6.4 12 80 M M 2 19 70
29 87 75 81 1 0 16 0.55 0.0 0 6.7 18 180 M M 4 13 24 170
30 78 75 77 -3 0 12 1.94 0.0 0 10.7 22 150 M M 7 1 33 150
31 78 73 76 -4 0 11 0.60 0.0 0 10.0 22 170 M M 9 1 30 170
================================================================================
SM 2798 2257 0 520 6.60 0.0 114.1 M 94
================================================================================
AV 90.3 72.8 3.7 FASTST M M 3 MAX(MPH)
MISC ----> 24 60 35 70
================================================================================
NOTES:
# LAST OF SEVERAL OCCURRENCES
COLUMN 17 PEAK WIND IN M.P.H.
PRELIMINARY LOCAL CLIMATOLOGICAL DATA (WS FORM: F-6) , PAGE 2
STATION: TUSCALOOSA
MONTH: AUGUST
YEAR: 2021
LATITUDE: 33 13 N
LONGITUDE: 87 37 W
[TEMPERATURE DATA] [PRECIPITATION DATA] SYMBOLS USED IN COLUMN 16
AVERAGE MONTHLY: 81.5 TOTAL FOR MONTH: 6.60 1 = FOG OR MIST
DPTR FM NORMAL: 0.0 DPTR FM NORMAL: 2.24 2 = FOG REDUCING VISIBILITY
HIGHEST: 97 ON 25 GRTST 24HR 2.19 ON 30-31 TO 1/4 MILE OR LESS
LOWEST: 65 ON 4 3 = THUNDER
SNOW, ICE PELLETS, HAIL 4 = ICE PELLETS
TOTAL MONTH: 0.0 INCH 5 = HAIL
GRTST 24HR 0.0 6 = FREEZING RAIN OR DRIZZLE
GRTST DEPTH: 0 7 = DUSTSTORM OR SANDSTORM:
VSBY 1/2 MILE OR LESS
8 = SMOKE OR HAZE
[NO. OF DAYS WITH] [WEATHER - DAYS WITH] 9 = BLOWING SNOW
X = TORNADO
MAX 32 OR BELOW: 0 0.01 INCH OR MORE: 12
MAX 90 OR ABOVE: 21 0.10 INCH OR MORE: 8
MIN 32 OR BELOW: 0 0.50 INCH OR MORE: 6
MIN 0 OR BELOW: 0 1.00 INCH OR MORE: 2
[HDD (BASE 65) ]
TOTAL THIS MO. 0 CLEAR (SCALE 0-3) 18
DPTR FM NORMAL 0 PTCLDY (SCALE 4-7) 12
TOTAL FM JUL 1 0 CLOUDY (SCALE 8-10) 1
DPTR FM NORMAL 0
[CDD (BASE 65) ]
TOTAL THIS MO. 520
DPTR FM NORMAL 10 [PRESSURE DATA]
TOTAL FM JAN 1 1768 HIGHEST SLP 30.20 ON 12
DPTR FM NORMAL -28 LOWEST SLP 29.55 ON 31
[REMARKS]
#FINAL-08-21#