000
CXUS54 KBMX 011737
CF6TCL
PRELIMINARY LOCAL CLIMATOLOGICAL DATA (WS FORM: F-6)
STATION: TUSCALOOSA
MONTH: MAY
YEAR: 2020
LATITUDE: 33 13 N
LONGITUDE: 87 37 W
TEMPERATURE IN F: :PCPN: SNOW: WIND :SUNSHINE: SKY :PK WND
================================================================================
1 2 3 4 5 6A 6B 7 8 9 10 11 12 13 14 15 16 17 18
12Z AVG MX 2MIN
DY MAX MIN AVG DEP HDD CDD WTR SNW DPTH SPD SPD DIR MIN PSBL S-S WX SPD DR
================================================================================
1 81 47 64 -4 1 0 0.00 0.0 0 2.3 12 300 M M 0 16 260
2 84 52 68 0 0 3 0.00 0.0 0 4.2 13 180 M M 0 1 17 170
3 85 57 71 3 0 6 0.00 0.0 0 4.8 16 190 M M 0 20 190
4 87 63 75 7 0 10 0.00 0.0 0 4.5 14 190 M M 1 19 210
5 83 65 74 5 0 9 0.00 0.0 0 7.4 17 250 M M 5 22 250
6 77 48 63 -6 2 0 T 0.0 0 9.1 25 320 M M 0 1 34 310
7 73 42 58 -11 7 0 0.00 0.0 0 2.5 13 60 M M 0 15 50
8 65 53 59 -11 6 0 0.17 0.0 0 7.0 31 160 M M 6 13 43 180
9 69 43 56 -14 9 0 0.00 0.0 0 5.4 21 40 M M 0 1 25 20
10 76 42 59 -11 6 0 0.00 0.0 0 2.7 12 350 M M 0 15 260
11 74 49 62 -8 3 0 0.00 0.0 0 6.4 17 10 M M 0 23 50
12 80 47 64 -7 1 0 0.00 0.0 0 2.8 12 140 M M 0 8 15 120
13 85 57 71 0 0 6 0.00 0.0 0 3.1 13 170 M M 1 18 190
14 88 61 75 4 0 10 0.00 0.0 0 6.9 16 190 M M 2 22 180
15 86 69 78 6 0 13 0.00 0.0 0 6.5 17 200 M M 3 22 200
16 89 67 78 6 0 13 0.00 0.0 0 5.8 14 170 M M 4 21 170
17 84 67 76 4 0 11 0.03 0.0 0 7.0 17 170 M M 5 3 23 180
18 83 61 72 0 0 7 0.47 0.0 0 3.8 20 310 M M 7 1 26 320
19 79 57 68 -4 0 3 0.00 0.0 0 4.4 14 320 M M 6 1 17 320
20 78 54 66 -7 0 1 0.00 0.0 0 2.3 9 320 M M 3 1 14 340
21 83 60 72 -1 0 7 T 0.0 0 4.1 10 180 M M 5 1 14 190
22 90 67 79 6 0 14 0.15 0.0 0 7.4 35 200 M M 4 138 45 200
23 90 65 78 4 0 13 T 0.0 0 4.0 31 250 M M 3 138 40 270
24 92 67 80 6 0 15 0.00 0.0 0 3.6 10 140 M M 1 17 150
25 91 70 81 7 0 16 0.00 0.0 0 7.7 15 100 M M 1 22 110
26 78 70 74 0 0 9 1.53 0.0 0 6.4 12 100 M M 8 1 19 100
27 78 65 72 -2 0 7 0.62 0.0 M 5.0 15 150 M M 7 13 21 150
28 86 66 76 1 0 11 0.16 0.0 0 4.0 18 280 M M 6 13 26 280
29 87 66 77 2 0 12 0.00 0.0 0 2.0 10 290 M M 3 1 13 290
30 87 65 76 1 0 11 0.00 0.0 0 5.2 15 10 M M 3 19 20
31 87 62 75 0 0 10 0.00 0.0 0 6.7 16 20 M M 0 22 40
================================================================================
SM 2555 1824 35 217 3.13 0.0 155.0 M 84
================================================================================
AV 82.4 58.8 5.0 FASTST M M 3 MAX(MPH)
MISC ----> # 35 200 # 45 200
================================================================================
NOTES:
# LAST OF SEVERAL OCCURRENCES
COLUMN 17 PEAK WIND IN M.P.H.
PRELIMINARY LOCAL CLIMATOLOGICAL DATA (WS FORM: F-6) , PAGE 2
STATION: TUSCALOOSA
MONTH: MAY
YEAR: 2020
LATITUDE: 33 13 N
LONGITUDE: 87 37 W
[TEMPERATURE DATA] [PRECIPITATION DATA] SYMBOLS USED IN COLUMN 16
AVERAGE MONTHLY: 70.6 TOTAL FOR MONTH: 3.13 1 = FOG OR MIST
DPTR FM NORMAL: -1.1 DPTR FM NORMAL: -0.85 2 = FOG REDUCING VISIBILITY
HIGHEST: 92 ON 24 GRTST 24HR 1.53 ON 26-26 TO 1/4 MILE OR LESS
LOWEST: 42 ON 10, 7 3 = THUNDER
SNOW, ICE PELLETS, HAIL 4 = ICE PELLETS
TOTAL MONTH: 0.0 INCH 5 = HAIL
GRTST 24HR 0.0 6 = FREEZING RAIN OR DRIZZLE
GRTST DEPTH: 0 7 = DUSTSTORM OR SANDSTORM:
VSBY 1/2 MILE OR LESS
8 = SMOKE OR HAZE
[NO. OF DAYS WITH] [WEATHER - DAYS WITH] 9 = BLOWING SNOW
X = TORNADO
MAX 32 OR BELOW: 0 0.01 INCH OR MORE: 7
MAX 90 OR ABOVE: 4 0.10 INCH OR MORE: 6
MIN 32 OR BELOW: 0 0.50 INCH OR MORE: 2
MIN 0 OR BELOW: 0 1.00 INCH OR MORE: 1
[HDD (BASE 65) ]
TOTAL THIS MO. 35 CLEAR (SCALE 0-3) 18
DPTR FM NORMAL 19 PTCLDY (SCALE 4-7) 12
TOTAL FM JUL 1 1901 CLOUDY (SCALE 8-10) 1
DPTR FM NORMAL -620
[CDD (BASE 65) ]
TOTAL THIS MO. 217
DPTR FM NORMAL -6 [PRESSURE DATA]
TOTAL FM JAN 1 364 HIGHEST SLP 30.30 ON 11
DPTR FM NORMAL 53 LOWEST SLP 29.69 ON 18
[REMARKS]
#FINAL-05-20#