000
CXUS54 KEPZ 011030
CF6TCS
PRELIMINARY LOCAL CLIMATOLOGICAL DATA (WS FORM: F-6)
STATION: TRUTH OR CONSEQUENCES
MONTH: SEPTEMBER
YEAR: 2020
LATITUDE: 33 13 N
LONGITUDE: 107 16 W
TEMPERATURE IN F: :PCPN: SNOW: WIND :SUNSHINE: SKY :PK WND
================================================================================
1 2 3 4 5 6A 6B 7 8 9 10 11 12 13 14 15 16 17 18
12Z AVG MX 2MIN
DY MAX MIN AVG DEP HDD CDD WTR SNW DPTH SPD SPD DIR MIN PSBL S-S WX SPD DR
================================================================================
1 90 65 78 3 0 13 0.00 M M 8.0 25 50 M M 2 38 330
2 92 58 75 0 0 10 0.00 0.0 0 5.4 13 40 M M 0 20 50
3 98 64 81 7 0 16 0.00 M M 6.1 14 130 M M 0 20 160
4 97 64 81 7 0 16 0.00 M M 5.9 18 190 M M 0 26 200
5 96 67 82 8 0 17 0.00 M M 6.2 18 170 M M 0 23 180
6 95 66 81 7 0 16 0.00 M M 7.2 15 190 M M 0 21 160
7 100 68 84 10 0 19 0.00 M M 5.7 20 180 M M 0 26 170
8 96 50 73 0 0 8 0.01 M M 12.3 30 20 M M 1 38 44 30
9 50 44 47 -26 18 0 0.49 M M 16.4 28 30 M M 10 138 41 20
10 58 45 52 -21 13 0 T M M 7.7 15 30 M M 10 18 22 20
11 71 55 63 -10 2 0 0.00 M M 4.5 12 30 M M 4 16 30
12 80 55 68 -4 0 3 0.00 M M 5.2 10 10 M M 0 13 70
13 84 54 69 -3 0 4 0.00 M M 5.5 17 30 M M 0 24 30
14 83 57 70 -2 0 5 0.00 M M 6.3 14 150 M M 0 19 150
15 84 58 71 -1 0 6 0.00 M M 5.2 12 150 M M 0 8 18 80
16 91 61 76 5 0 11 0.00 M M 8.1 17 30 M M 0 30 40
17 86 64 75 4 0 10 0.00 M M 9.9 18 40 M M 0 26 40
18 85 57 71 0 0 6 0.00 M M 6.4 15 170 M M 0 24 180
19 83 57 70 0 0 5 0.00 M M 5.9 14 150 M M 0 18 220
20 87 55 71 1 0 6 0.00 M M 5.3 14 190 M M 0 17 150
21 89 59 74 4 0 9 0.00 M M 6.8 14 190 M M 0 20 190
22 91 58 75 6 0 10 0.00 M M 6.7 15 210 M M 0 22 330
23 90 65 78 9 0 13 T M M 8.4 22 250 M M 1 27 270
24 93 62 78 9 0 13 0.00 M M 6.0 14 330 M M 0 19 80
25 95 63 79 11 0 14 0.00 M M 6.8 15 210 M M 0 20 200
26 97 70 84 16 0 19 0.00 M M 10.0 20 280 M M 0 33 200
27 95 68 82 14 0 17 0.00 M M 13.0 29 20 M M 0 44 20
28 76 53 65 -2 0 0 0.00 M M 12.7 31 20 M M 0 45 10
29 80 48 64 -3 1 0 0.00 M M 6.2 14 190 M M 0 19 170
30 90 54 72 5 0 7 0.00 M M 5.9 15 300 M M 0 22 310
================================================================================
SM 2602 1764 34 273 0.50 0.0 225.7 M 28
================================================================================
AV 86.7 58.8 7.5 FASTST M M 1 MAX(MPH)
MISC ----> 31 20 45 10
================================================================================
NOTES:
# LAST OF SEVERAL OCCURRENCES
COLUMN 17 PEAK WIND IN M.P.H.
PRELIMINARY LOCAL CLIMATOLOGICAL DATA (WS FORM: F-6) , PAGE 2
STATION: TRUTH OR CONSEQUENCES
MONTH: SEPTEMBER
YEAR: 2020
LATITUDE: 33 13 N
LONGITUDE: 107 16 W
[TEMPERATURE DATA] [PRECIPITATION DATA] SYMBOLS USED IN COLUMN 16
AVERAGE MONTHLY: 72.8 TOTAL FOR MONTH: 0.50 1 = FOG OR MIST
DPTR FM NORMAL: 1.7 DPTR FM NORMAL: -1.23 2 = FOG REDUCING VISIBILITY
HIGHEST: 100 ON 7 GRTST 24HR 0.50 ON 8- 9 TO 1/4 MILE OR LESS
LOWEST: 44 ON 9 3 = THUNDER
SNOW, ICE PELLETS, HAIL 4 = ICE PELLETS
TOTAL MONTH: 0.0 INCH 5 = HAIL
GRTST 24HR 0.0 6 = FREEZING RAIN OR DRIZZLE
GRTST DEPTH: 0 7 = DUSTSTORM OR SANDSTORM:
VSBY 1/2 MILE OR LESS
8 = SMOKE OR HAZE
[NO. OF DAYS WITH] [WEATHER - DAYS WITH] 9 = BLOWING SNOW
X = TORNADO
MAX 32 OR BELOW: 0 0.01 INCH OR MORE: 2
MAX 90 OR ABOVE: 16 0.10 INCH OR MORE: 1
MIN 32 OR BELOW: 0 0.50 INCH OR MORE: 0
MIN 0 OR BELOW: 0 1.00 INCH OR MORE: 0
[HDD (BASE 65) ]
TOTAL THIS MO. 34 CLEAR (SCALE 0-3) 27
DPTR FM NORMAL 22 PTCLDY (SCALE 4-7) 1
TOTAL FM JUL 1 34 CLOUDY (SCALE 8-10) 2
DPTR FM NORMAL 24
[CDD (BASE 65) ]
TOTAL THIS MO. 273
DPTR FM NORMAL 78 [PRESSURE DATA]
TOTAL FM JAN 1 2334 HIGHEST SLP 30.26 ON 10
DPTR FM NORMAL 740 LOWEST SLP 29.36 ON 8
[REMARKS]
#FINAL-09-20#