000
CXUS54 KFWD 010731
CF6TKI
PRELIMINARY LOCAL CLIMATOLOGICAL DATA (WS FORM: F-6)
STATION: MCKINNEY
MONTH: JULY
YEAR: 2023
LATITUDE: 33 10 N
LONGITUDE: 96 35 W
TEMPERATURE IN F: :PCPN: SNOW: WIND :SUNSHINE: SKY :PK WND
================================================================================
1 2 3 4 5 6A 6B 7 8 9 10 11 12 13 14 15 16 17 18
12Z AVG MX 2MIN
DY MAX MIN AVG DEP HDD CDD WTR SNW DPTH SPD SPD DIR MIN PSBL S-S WX SPD DR
================================================================================
1 87 75 81 -2 0 16 0.00 M M 6.1 16 320 M M 0 23 300
2 90 71 81 -2 0 16 0.00 M M 5.5 14 230 M M 1 20 250
3 95 71 83 0 0 18 0.86 M M 7.2 26 30 M M 3 13 39 10
4 92 71 82 -1 0 17 T M M 7.7 16 80 M M 1 22 70
5 94 76 85 2 0 20 0.00 M M 7.8 15 200 M M 1 3 21 200
6 92 76 84 1 0 19 0.00 M M 7.8 20 220 M M 2 3 26 230
7 94 74 84 1 0 19 0.00 M M 10.1 25 190 M M 1 35 200
8 95 75 85 1 0 20 0.01 M M 6.7 18 70 M M 3 3 26 60
9 87 72 80 -4 0 15 0.27 M M 6.0 23 340 M M 3 13 33 360
10 91 74 83 -1 0 18 0.44 M M 5.8 15 140 M M 5 13 20 130
11 91 72 82 -2 0 17 0.38 M M 8.8 28 360 M M 2 13 40 360
12 97 79 88 4 0 23 0.00 M M 9.9 15 140 M M 0 M M
13 95 81 88 4 0 23 M M M 11.3 16 190 M M 2 23 170
14 96 82 89 5 0 24 0.00 M M 10.6 20 180 M M 0 26 180
15 98 80 89 5 0 24 0.00 M M 9.2 16 360 M M 0 24 290
16 84 74 79 -5 0 14 0.43 M M 6.8 30 280 M M 2 13 43 250
17 100 72 86 1 0 21 0.00 M M 6.5 15 230 M M 0 21 220
18 103 75 89 4 0 24 0.00 M M 11.5 21 170 M M 0 26 180
19 99 77 88 3 0 23 0.00 M M 12.0 20 190 M M 0 26 190
20 98 80 89 4 0 24 0.00 M M 9.0 17 190 M M 0 24 200
21 99 74 87 2 0 22 0.00 M M 7.3 17 20 M M 0 25 20
22 91 70 81 -4 0 16 T M M 8.1 17 350 M M 2 22 30
23 94 64 79 -6 0 14 0.00 M M 3.7 12 190 M M 0 15 160
24 98 69 84 -1 0 19 M M M 6.3 14 150 M M 0 20 180
25 100 72 86 1 0 21 0.00 M M 8.2 21 140 M M 0 8 26 130
26 98 73 86 1 0 21 0.00 M M 8.7 18 150 M M 0 28 170
27 98 75 87 1 0 22 0.00 M M 8.6 18 170 M M 0 26 130
28 98 74 86 0 0 21 0.00 M M 7.6 18 150 M M 0 27 140
29 99 74 87 1 0 22 0.00 M M 5.1 13 130 M M 0 23 150
30 101 73 87 1 0 22 0.00 M M 3.6 13 150 M M 0 17 130
31 102 73 88 2 0 23 0.00 M M 5.1 15 130 M M 0 19 140
================================================================================
SM 2956 2298 0 618 2.39 M 238.6 M 28
================================================================================
AV 95.4 74.1 7.7 FASTST M M 1 MAX(MPH)
MISC ----> 30 280 43 250
================================================================================
NOTES:
# LAST OF SEVERAL OCCURRENCES
COLUMN 17 PEAK WIND IN M.P.H.
PRELIMINARY LOCAL CLIMATOLOGICAL DATA (WS FORM: F-6) , PAGE 2
STATION: MCKINNEY
MONTH: JULY
YEAR: 2023
LATITUDE: 33 10 N
LONGITUDE: 96 35 W
[TEMPERATURE DATA] [PRECIPITATION DATA] SYMBOLS USED IN COLUMN 16
AVERAGE MONTHLY: 84.7 TOTAL FOR MONTH: 2.39 1 = FOG OR MIST
DPTR FM NORMAL: 0.3 DPTR FM NORMAL: 0.43 2 = FOG REDUCING VISIBILITY
HIGHEST: 103 ON 18 GRTST 24HR 0.86 ON 3- 3 TO 1/4 MILE OR LESS
LOWEST: 64 ON 23 3 = THUNDER
SNOW, ICE PELLETS, HAIL 4 = ICE PELLETS
TOTAL MONTH: M 5 = HAIL
GRTST 24HR M ON M 6 = FREEZING RAIN OR DRIZZLE
GRTST DEPTH: M ON M 7 = DUSTSTORM OR SANDSTORM:
VSBY 1/2 MILE OR LESS
8 = SMOKE OR HAZE
[NO. OF DAYS WITH] [WEATHER - DAYS WITH] 9 = BLOWING SNOW
X = TORNADO
MAX 32 OR BELOW: 0 0.01 INCH OR MORE: 6
MAX 90 OR ABOVE: 28 0.10 INCH OR MORE: 5
MIN 32 OR BELOW: 0 0.50 INCH OR MORE: 1
MIN 0 OR BELOW: 0 1.00 INCH OR MORE: 0
[HDD (BASE 65) ]
TOTAL THIS MO. 0 CLEAR (SCALE 0-3) 30
DPTR FM NORMAL 0 PTCLDY (SCALE 4-7) 1
TOTAL FM JUL 1 0 CLOUDY (SCALE 8-10) 0
DPTR FM NORMAL 0
[CDD (BASE 65) ]
TOTAL THIS MO. 618
DPTR FM NORMAL 17 [PRESSURE DATA]
TOTAL FM JAN 1 1457 HIGHEST SLP M ON M
DPTR FM NORMAL 32 LOWEST SLP 29.75 ON 14
[REMARKS]
#FINAL-07-23#