000
CXUS54 KFWD 072153
CF6TKI
PRELIMINARY LOCAL CLIMATOLOGICAL DATA (WS FORM: F-6)
STATION: MCKINNEY
MONTH: AUGUST
YEAR: 2022
LATITUDE: 33 10 N
LONGITUDE: 96 35 W
TEMPERATURE IN F: :PCPN: SNOW: WIND :SUNSHINE: SKY :PK WND
================================================================================
1 2 3 4 5 6A 6B 7 8 9 10 11 12 13 14 15 16 17 18
12Z AVG MX 2MIN
DY MAX MIN AVG DEP HDD CDD WTR SNW DPTH SPD SPD DIR MIN PSBL S-S WX SPD DR
================================================================================
1 98 82 90 4 0 25 T M M 8.8 20 200 M M 0 27 200
2 102 82 92 6 0 27 0.00 M M 11.1 21 180 M M 0 29 190
3 102 81 92 6 0 27 0.00 M M 11.5 20 160 M M 0 30 160
4 100 80 90 4 0 25 0.00 M M 9.6 17 190 M M 0 26 210
5 102 79 91 5 0 26 0.00 M M 10.1 28 150 M M 1 39 150
6 96 77 87 1 0 22 0.00 M M 10.5 21 170 M M 1 26 170
7 99 78 89 3 0 24 T M M 10.8 20 160 M M 2 28 180
8 101 80 91 5 0 26 T M M 8.9 16 170 M M 0 23 180
9 98 75 87 2 0 22 T M M 6.6 18 40 M M 1 3 23 50
10 101 72 87 2 0 22 0.58 M M 6.6 26 180 M M 2 13 33 160
11 98 72 85 0 0 20 0.00 M M 5.3 15 50 M M 2 1 23 60
12 97 75 86 1 0 21 0.00 M M 6.6 15 60 M M 2 22 120
13 98 74 86 1 0 21 0.00 M M 4.6 14 70 M M 1 20 80
14 98 70 84 -1 0 19 0.00 M M 4.5 18 160 M M 1 24 150
15 99 77 88 3 0 23 0.00 M M 6.1 15 160 M M 0 22 180
16 99 74 87 2 0 22 0.00 M M 5.8 15 250 M M 0 20 260
17 102 74 88 4 0 23 0.08 M M 7.1 18 40 M M 1 1 25 30
18 80 72 76 -8 0 11 1.45 M M 4.5 13 10 M M 5 13 16 10
19 91 70 81 -3 0 16 0.00 M M 4.1 12 170 M M 4 1 15 150
20 94 73 84 0 0 19 T M M 9.0 23 170 M M 1 28 170
21 87 74 81 -3 0 16 0.01 M M 7.5 20 140 M M 5 3 25 140
22 81 73 77 -7 0 12 0.98 M M 6.8 14 30 M M 10 18 19 20
23 86 73 80 -4 0 15 0.03 M M 6.8 16 350 M M 10 1 21 10
24 90 73 82 -1 0 17 0.00 M M 5.4 15 40 M M 5 20 40
25 92 70 81 -2 0 16 0.00 M M 4.6 15 40 M M 4 19 70
26 93 70 82 -1 0 17 T M M 4.1 13 50 M M 4 18 60
27 93 73 83 0 0 18 0.00 M M 6.4 17 280 M M 1 3 24 280
28 94 76 85 3 0 20 T M M 11.6 22 180 M M 0 31 170
29 93 76 85 3 0 20 T M M 10.3 18 360 M M 3 24 340
30 89 75 82 0 0 17 T M M 5.4 17 150 M M 7 3 22 160
31 91 73 82 0 0 17 T M M 6.8 16 240 M M 4 21 240
================================================================================
SM 2944 2323 0 626 3.13 M 227.8 M 77
================================================================================
AV 95.0 74.9 7.3 FASTST M M 2 MAX(MPH)
MISC ----> 28 150 39 150
================================================================================
NOTES:
# LAST OF SEVERAL OCCURRENCES
COLUMN 17 PEAK WIND IN M.P.H.
PRELIMINARY LOCAL CLIMATOLOGICAL DATA (WS FORM: F-6) , PAGE 2
STATION: MCKINNEY
MONTH: AUGUST
YEAR: 2022
LATITUDE: 33 10 N
LONGITUDE: 96 35 W
[TEMPERATURE DATA] [PRECIPITATION DATA] SYMBOLS USED IN COLUMN 16
AVERAGE MONTHLY: 85.0 TOTAL FOR MONTH: 3.13 1 = FOG OR MIST
DPTR FM NORMAL: 0.7 DPTR FM NORMAL: 1.40 2 = FOG REDUCING VISIBILITY
HIGHEST: 102 ON 17, 5 GRTST 24HR 1.53 ON 17-18 TO 1/4 MILE OR LESS
LOWEST: 70 ON 19,26 3 = THUNDER
SNOW, ICE PELLETS, HAIL 4 = ICE PELLETS
TOTAL MONTH: M 5 = HAIL
GRTST 24HR M ON M 6 = FREEZING RAIN OR DRIZZLE
GRTST DEPTH: M ON M 7 = DUSTSTORM OR SANDSTORM:
VSBY 1/2 MILE OR LESS
8 = SMOKE OR HAZE
[NO. OF DAYS WITH] [WEATHER - DAYS WITH] 9 = BLOWING SNOW
X = TORNADO
MAX 32 OR BELOW: 0 0.01 INCH OR MORE: 6
MAX 90 OR ABOVE: 26 0.10 INCH OR MORE: 3
MIN 32 OR BELOW: 0 0.50 INCH OR MORE: 3
MIN 0 OR BELOW: 0 1.00 INCH OR MORE: 1
[HDD (BASE 65) ]
TOTAL THIS MO. 0 CLEAR (SCALE 0-3) 21
DPTR FM NORMAL 0 PTCLDY (SCALE 4-7) 8
TOTAL FM JUL 1 0 CLOUDY (SCALE 8-10) 2
DPTR FM NORMAL 0
[CDD (BASE 65) ]
TOTAL THIS MO. 626
DPTR FM NORMAL 28 [PRESSURE DATA]
TOTAL FM JAN 1 2371 HIGHEST SLP 30.09 ON 10
DPTR FM NORMAL 348 LOWEST SLP 29.74 ON 28
[REMARKS]
#FINAL-08-22#