000
CXUS54 KFWD 010830
CF6TKI
PRELIMINARY LOCAL CLIMATOLOGICAL DATA (WS FORM: F-6)
STATION: MCKINNEY
MONTH: DECEMBER
YEAR: 2021
LATITUDE: 33 10 N
LONGITUDE: 96 35 W
TEMPERATURE IN F: :PCPN: SNOW: WIND :SUNSHINE: SKY :PK WND
================================================================================
1 2 3 4 5 6A 6B 7 8 9 10 11 12 13 14 15 16 17 18
12Z AVG MX 2MIN
DY MAX MIN AVG DEP HDD CDD WTR SNW DPTH SPD SPD DIR MIN PSBL S-S WX SPD DR
================================================================================
1 74 46 60 10 5 0 0.00 M M 5.3 16 260 M M 0 1 22 250
2 80 40 60 10 5 0 0.00 M M 4.3 12 170 M M 0 16 170
3 74 55 65 16 0 0 0.00 M M 8.8 15 190 M M 4 12 20 180
4 71 60 66 17 0 1 0.00 M M 5.9 14 280 M M 8 12 18 280
5 77 57 67 18 0 2 0.00 M M 10.2 24 190 M M 6 33 190
6 69 36 53 5 12 0 0.00 M M 13.6 32 20 M M 2 45 10
7 57 30 44 -4 21 0 0.00 M M 4.5 14 170 M M 0 19 160
8 58 38 48 0 17 0 0.00 M M 6.3 15 160 M M 4 18 20 150
9 79 55 67 19 0 2 0.00 M M 11.7 21 220 M M 2 18 32 220
10 81 64 73 25 0 8 T M M 13.7 28 180 M M 5 18 35 200
11 73 31 52 5 13 0 T M M 9.8 32 330 M M 1 45 340
12 57 26 42 -5 23 0 0.00 M M 7.0 17 160 M M 0 1 24 170
13 66 37 52 5 13 0 0.01 M M 8.7 18 170 M M 3 1 24 150
14 70 56 63 17 2 0 0.02 M M 9.8 17 170 M M 9 12 26 170
15 80 68 74 28 0 9 T M M 19.7 36 190 M M 8 48 190
16 76 60 68 22 0 3 0.00 M M 9.2 20 190 M M 8 8 27 170
17 78 59 69 23 0 4 0.05 M M 11.7 25 190 M M 9 3 35 180
18 71 38 55 9 10 0 0.67 M M 16.0 26 350 M M 4 13 37 10
19 48 32 40 -6 25 0 0.00 M M 6.1 18 10 M M 1 25 360
20 50 37 44 -1 21 0 0.06 M M 2.4 9 120 M M 8 12 130
21 61 30 46 1 19 0 0.00 M M 3.0 14 150 M M 0 18 17 190
22 67 35 51 6 14 0 0.00 M M 6.5 16 170 M M 0 1 23 150
23 74 50 62 17 3 0 0.00 M M 15.0 24 180 M M 3 35 190
24 77 61 69 24 0 4 0.00 M M 18.2 29 180 M M 1 38 200
25 81 59 70 25 0 5 0.00 M M 7.2 21 200 M M 0 28 210
26 76 55 66 21 0 1 0.00 M M 12.7 24 180 M M 5 128 31 200
27 78 62 70 26 0 5 0.00 M M 8.9 16 220 M M 2 1 22 220
28 79 51 65 21 0 0 T M M 10.3 26 190 M M 3 35 200
29 72 49 61 17 4 0 0.23 M M 3.6 16 300 M M 3 138 21 130
30 73 42 58 14 7 0 0.00 M M 3.5 13 270 M M 2 1 16 280
31 71 49 60 16 5 0 T M M 6.1 18 180 M M 6 128 23 200
================================================================================
SM 2198 1468 219 44 1.04 M 279.7 M 107
================================================================================
AV 70.9 47.4 9.0 FASTST M M 3 MAX(MPH)
MISC ----> 36 190 48 190
================================================================================
NOTES:
# LAST OF SEVERAL OCCURRENCES
COLUMN 17 PEAK WIND IN M.P.H.
PRELIMINARY LOCAL CLIMATOLOGICAL DATA (WS FORM: F-6) , PAGE 2
STATION: MCKINNEY
MONTH: DECEMBER
YEAR: 2021
LATITUDE: 33 10 N
LONGITUDE: 96 35 W
[TEMPERATURE DATA] [PRECIPITATION DATA] SYMBOLS USED IN COLUMN 16
AVERAGE MONTHLY: 59.1 TOTAL FOR MONTH: 1.04 1 = FOG OR MIST
DPTR FM NORMAL: 12.6 DPTR FM NORMAL: -2.45 2 = FOG REDUCING VISIBILITY
HIGHEST: 81 ON 25,10 GRTST 24HR 0.72 ON 17-18 TO 1/4 MILE OR LESS
LOWEST: 26 ON 12 3 = THUNDER
SNOW, ICE PELLETS, HAIL 4 = ICE PELLETS
TOTAL MONTH: M 5 = HAIL
GRTST 24HR M ON M 6 = FREEZING RAIN OR DRIZZLE
GRTST DEPTH: M ON M 7 = DUSTSTORM OR SANDSTORM:
VSBY 1/2 MILE OR LESS
8 = SMOKE OR HAZE
[NO. OF DAYS WITH] [WEATHER - DAYS WITH] 9 = BLOWING SNOW
X = TORNADO
MAX 32 OR BELOW: 0 0.01 INCH OR MORE: 6
MAX 90 OR ABOVE: 0 0.10 INCH OR MORE: 2
MIN 32 OR BELOW: 5 0.50 INCH OR MORE: 1
MIN 0 OR BELOW: 0 1.00 INCH OR MORE: 0
[HDD (BASE 65) ]
TOTAL THIS MO. 219 CLEAR (SCALE 0-3) 16
DPTR FM NORMAL -360 PTCLDY (SCALE 4-7) 11
TOTAL FM JUL 1 539 CLOUDY (SCALE 8-10) 4
DPTR FM NORMAL -455
[CDD (BASE 65) ]
TOTAL THIS MO. 44
DPTR FM NORMAL 40 [PRESSURE DATA]
TOTAL FM JAN 1 2506 HIGHEST SLP 30.46 ON 19
DPTR FM NORMAL -26 LOWEST SLP 29.56 ON 28
[REMARKS]
#FINAL-12-21#