000
CXUS51 KCLE 031849
CF6TOL
PRELIMINARY LOCAL CLIMATOLOGICAL DATA (WS FORM: F-6)
STATION: TOLEDO OH
MONTH: DECEMBER
YEAR: 2021
LATITUDE: 41 35 N
LONGITUDE: 83 48 W
TEMPERATURE IN F: :PCPN: SNOW: WIND :SUNSHINE: SKY :PK WND
================================================================================
1 2 3 4 5 6A 6B 7 8 9 10 11 12 13 14 15 16 17 18
12Z AVG MX 2MIN
DY MAX MIN AVG DEP HDD CDD WTR SNW DPTH SPD SPD DIR MIN PSBL S-S WX SPD DR
================================================================================
1 47 30 39 2 26 0 0.02 0.0 0 5.2 18 240 M M 6 18 25 210
2 59 39 49 12 16 0 0.00 0.0 0 14.8 28 270 M M 3 8 38 270
3 41 37 39 3 26 0 0.05 0.0 0 2.3 8 70 M M 9 1 11 40
4 47 33 40 4 25 0 0.00 0.0 0 8.9 21 270 M M 5 12 26 260
5 57 35 46 10 19 0 0.88 0.0 0 8.6 21 230 M M 9 1 31 240
6 57 29 43 8 22 0 T T 0 18.0 36 250 M M 9 8 46 250
7 29 22 26 -9 39 0 0.00 0.0 0 6.9 21 250 M M 4 24 260
8 34 24 29 -6 36 0 T T 0 5.8 14 280 M M 10 17 240
9 45 25 35 1 30 0 T 0.0 0 4.9 14 110 M M 7 18 21 130
10 57 31 44 10 21 0 0.13 0.0 0 4.7 16 170 M M 8 18 25 150
11 63 35 49 15 16 0 0.74 0.0 0 22.0 48 260 M M 6 13 62 250
12 48 32 40 6 25 0 0.00 0.0 0 12.8 24 230 M M 0 31 250
13 50 32 41 8 24 0 0.00 0.0 0 8.8 18 250 M M 0 28 230
14 51 27 39 6 26 0 0.00 0.0 0 4.2 12 100 M M 3 18 14 100
15 62 46 54 21 11 0 0.19 0.0 0 9.0 22 200 M M 7 33 210
16 61 38 50 18 15 0 0.11 0.0 0 20.0 30 240 M M 4 18 39 200
17 43 30 37 5 28 0 0.01 0.0 0 6.5 20 250 M M 3 24 240
18 39 33 36 4 29 0 0.56 T 0 10.0 17 100 M M 10 18 22 80
19 34 31 33 1 32 0 0.00 0.0 0 6.2 10 210 M M 10 15 210
20 41 28 35 3 30 0 0.00 0.0 0 9.8 17 240 M M 2 24 230
21 43 25 34 3 31 0 0.00 0.0 0 7.3 29 260 M M 4 18 37 260
22 38 24 31 0 34 0 0.00 0.0 0 12.6 28 290 M M 8 36 280
23 45 21 33 2 32 0 0.00 0.0 0 6.6 16 200 M M 8 24 200
24 57 31 44 13 21 0 0.01 0.0 0 6.8 17 190 M M 8 18 25 190
25 58 33 46 16 19 0 0.09 0.0 0 7.0 16 330 M M 8 18 23 320
26 41 29 35 5 30 0 0.00 0.0 0 4.6 17 90 M M 5 128 22 100
27 47 36 42 12 23 0 0.35 0.0 0 11.0 25 70 M M 8 12 33 60
28 40 33 37 7 28 0 0.32 0.6 0 7.7 18 90 M M 6 12 24 90
29 40 35 38 8 27 0 0.00 0.0 0 3.9 16 270 M M 10 128 19 270
30 38 33 36 6 29 0 0.01 0.1 0 4.5 12 30 M M 10 18 14 30
31 49 38 44 15 21 0 0.00 0.0 0 3.3 10 180 M M 10 18 13 170
================================================================================
SM 1461 975 791 0 3.47 0.7 264.7 M 200
================================================================================
AV 47.1 31.5 8.5 FASTST M M 6 MAX(MPH)
MISC ----> 48 260 62 250
================================================================================
NOTES:
# LAST OF SEVERAL OCCURRENCES
COLUMN 17 PEAK WIND IN M.P.H.
PRELIMINARY LOCAL CLIMATOLOGICAL DATA (WS FORM: F-6) , PAGE 2
STATION: TOLEDO OH
MONTH: DECEMBER
YEAR: 2021
LATITUDE: 41 35 N
LONGITUDE: 83 48 W
[TEMPERATURE DATA] [PRECIPITATION DATA] SYMBOLS USED IN COLUMN 16
AVERAGE MONTHLY: 39.3 TOTAL FOR MONTH: 3.47 1 = FOG OR MIST
DPTR FM NORMAL: 6.5 DPTR FM NORMAL: 1.03 2 = FOG REDUCING VISIBILITY
HIGHEST: 63 ON 11 GRTST 24HR 0.88 ON 5- 5 TO 1/4 MILE OR LESS
LOWEST: 21 ON 23 3 = THUNDER
SNOW, ICE PELLETS, HAIL 4 = ICE PELLETS
TOTAL MONTH: 0.7 INCH 5 = HAIL
GRTST 24HR 0.6 ON 28-28 6 = FREEZING RAIN OR DRIZZLE
GRTST DEPTH: 3 ON M 7 = DUSTSTORM OR SANDSTORM:
VSBY 1/2 MILE OR LESS
8 = SMOKE OR HAZE
[NO. OF DAYS WITH] [WEATHER - DAYS WITH] 9 = BLOWING SNOW
X = TORNADO
MAX 32 OR BELOW: 1 0.01 INCH OR MORE: 14
MAX 90 OR ABOVE: 0 0.10 INCH OR MORE: 8
MIN 32 OR BELOW: 17 0.50 INCH OR MORE: 3
MIN 0 OR BELOW: 0 1.00 INCH OR MORE: 0
[HDD (BASE 65) ]
TOTAL THIS MO. 791 CLEAR (SCALE 0-3) 6
DPTR FM NORMAL -209 PTCLDY (SCALE 4-7) 13
TOTAL FM JUL 1 1691 CLOUDY (SCALE 8-10) 12
DPTR FM NORMAL -390
[CDD (BASE 65) ]
TOTAL THIS MO. 0
DPTR FM NORMAL 0 [PRESSURE DATA]
TOTAL FM JAN 1 1317 HIGHEST SLP 30.50 ON 14
DPTR FM NORMAL 297 LOWEST SLP 29.27 ON 11
[REMARKS]
#FINAL-12-21#