000
CXUS53 KTOP 010810
CF6TOP
PRELIMINARY LOCAL CLIMATOLOGICAL DATA (WS FORM: F-6)
STATION: TOPEKA KS
MONTH: MAY
YEAR: 2023
LATITUDE: 39 4 N
LONGITUDE: 95 38 W
TEMPERATURE IN F: :PCPN: SNOW: WIND :SUNSHINE: SKY :PK WND
================================================================================
1 2 3 4 5 6A 6B 7 8 9 10 11 12 13 14 15 16 17 18
12Z AVG MX 2MIN
DY MAX MIN AVG DEP HDD CDD WTR SNW DPTH SPD SPD DIR MIN PSBL S-S WX SPD DR
================================================================================
1 68 41 55 -5 10 0 0.00 0.0 0 11.4 25 320 M M 0 37 340
2 70 39 55 -6 10 0 0.00 0.0 0 8.3 22 310 M M 0 31 360
3 77 35 56 -5 9 0 0.00 0.0 0 1.4 9 310 M M 1 8 15 260
4 65 50 58 -3 7 0 0.13 0.0 0 6.2 16 120 M M 9 3 21 110
5 80 57 69 7 0 4 0.05 0.0 0 9.9 17 150 M M 8 1 24 130
6 98 64 81 19 0 16 0.00 0.0 0 10.0 21 240 M M 4 18 30 230
7 93 65 79 17 0 14 0.07 0.0 0 10.5 22 170 M M 0 138 34 180
8 88 61 75 12 0 10 T 0.0 0 5.5 15 40 M M 0 3 20 40
9 83 60 72 9 0 7 0.38 0.0 0 9.0 29 100 M M 2 13 38 100
10 85 60 73 10 0 8 0.00 0.0 0 6.2 14 150 M M 0 19 160
11 78 63 71 7 0 6 0.09 0.0 0 8.7 18 90 M M 5 18 25 80
12 88 65 77 13 0 12 T 0.0 0 9.5 22 150 M M 4 13 30 150
13 85 65 75 10 0 10 0.00 0.0 0 5.0 14 260 M M 0 22 250
14 86 64 75 10 0 10 T 0.0 0 3.6 14 70 M M 3 3 18 80
15 70 57 64 -1 1 0 0.85 0.0 0 M M M M M 5 1 M M
16 68 55 62 -4 3 0 0.03 0.0 0 M M M M M 4 12 M M
17 85 52 69 3 0 4 0.00 0.0 0 3.1 9 90 M M 3 12 12 60
18 84 57 71 5 0 6 0.00 0.0 0 2.9 13 180 M M 1 19 210
19 70 52 61 -6 4 0 0.13 0.0 0 6.1 17 20 M M 4 18 28 30
20 74 45 60 -7 5 0 0.00 0.0 0 3.5 14 30 M M 0 19 30
21 77 47 62 -6 3 0 0.00 0.0 0 2.9 14 150 M M 1 12 19 130
22 80 51 66 -2 0 1 0.00 0.0 0 3.3 12 150 M M 2 18 17 140
23 84 52 68 0 0 3 0.00 0.0 0 2.6 15 140 M M 1 18 22 140
24 88 52 70 1 0 5 0.00 0.0 0 3.9 24 180 M M 1 35 170
25 87 58 73 4 0 8 0.22 0.0 0 4.0 18 90 M M 3 13 26 30
26 83 55 69 0 0 4 0.00 0.0 0 8.9 16 90 M M 0 22 120
27 83 49 66 -4 0 1 0.00 0.0 0 5.1 16 100 M M 0 21 140
28 85 52 69 -1 0 4 T 0.0 0 3.2 13 140 M M 1 18 130
29 88 66 77 7 0 12 0.00 0.0 0 5.8 16 160 M M 3 25 150
30 91 63 77 6 0 12 0.22 0.0 0 6.0 24 250 M M 3 3 38 260
31 86 64 75 4 0 10 2.48 T 0 7.5 20 90 M M 4 1235 29 90
================================================================================
SM 2527 1716 52 167 4.65 T 174.0 M 72
================================================================================
AV 81.5 55.4 6.0 FASTST M M 2 MAX(MPH)
MISC ----> 29 100 # 38 100
================================================================================
NOTES:
# LAST OF SEVERAL OCCURRENCES
COLUMN 17 PEAK WIND IN M.P.H.
PRELIMINARY LOCAL CLIMATOLOGICAL DATA (WS FORM: F-6) , PAGE 2
STATION: TOPEKA KS
MONTH: MAY
YEAR: 2023
LATITUDE: 39 4 N
LONGITUDE: 95 38 W
[TEMPERATURE DATA] [PRECIPITATION DATA] SYMBOLS USED IN COLUMN 16
AVERAGE MONTHLY: 68.4 TOTAL FOR MONTH: 4.65 1 = FOG OR MIST
DPTR FM NORMAL: 2.7 DPTR FM NORMAL: -0.52 2 = FOG REDUCING VISIBILITY
HIGHEST: 98 ON 6 GRTST 24HR 2.70 ON 30-31 TO 1/4 MILE OR LESS
LOWEST: 35 ON 3 3 = THUNDER
SNOW, ICE PELLETS, HAIL 4 = ICE PELLETS
TOTAL MONTH: T 5 = HAIL
GRTST 24HR T ON 31-31 6 = FREEZING RAIN OR DRIZZLE
GRTST DEPTH: 0 7 = DUSTSTORM OR SANDSTORM:
VSBY 1/2 MILE OR LESS
8 = SMOKE OR HAZE
[NO. OF DAYS WITH] [WEATHER - DAYS WITH] 9 = BLOWING SNOW
X = TORNADO
MAX 32 OR BELOW: 0 0.01 INCH OR MORE: 11
MAX 90 OR ABOVE: 3 0.10 INCH OR MORE: 7
MIN 32 OR BELOW: 0 0.50 INCH OR MORE: 2
MIN 0 OR BELOW: 0 1.00 INCH OR MORE: 1
[HDD (BASE 65) ]
TOTAL THIS MO. 52 CLEAR (SCALE 0-3) 19
DPTR FM NORMAL -44 PTCLDY (SCALE 4-7) 11
TOTAL FM JUL 1 4507 CLOUDY (SCALE 8-10) 1
DPTR FM NORMAL -345
[CDD (BASE 65) ]
TOTAL THIS MO. 167
DPTR FM NORMAL 50 [PRESSURE DATA]
TOTAL FM JAN 1 192 HIGHEST SLP M ON M
DPTR FM NORMAL 48 LOWEST SLP 29.63 ON 7
[REMARKS]
#FINAL-05-23#