000
CXUS53 KTOP 010810
CF6TOP
PRELIMINARY LOCAL CLIMATOLOGICAL DATA (WS FORM: F-6)
STATION: TOPEKA KS
MONTH: JULY
YEAR: 2022
LATITUDE: 39 4 N
LONGITUDE: 95 38 W
TEMPERATURE IN F: :PCPN: SNOW: WIND :SUNSHINE: SKY :PK WND
================================================================================
1 2 3 4 5 6A 6B 7 8 9 10 11 12 13 14 15 16 17 18
12Z AVG MX 2MIN
DY MAX MIN AVG DEP HDD CDD WTR SNW DPTH SPD SPD DIR MIN PSBL S-S WX SPD DR
================================================================================
1 86 73 80 1 0 15 0.11 0.0 0 5.6 13 20 M M 2 13 17 20
2 83 69 76 -3 0 11 0.95 0.0 0 5.8 12 90 M M 7 1 16 70
3 91 72 82 3 0 17 0.00 0.0 0 6.6 22 150 M M 6 1 32 150
4 98 74 86 7 0 21 0.00 0.0 0 9.9 20 210 M M 0 29 210
5 97 80 89 10 0 24 0.00 0.0 0 8.0 18 160 M M 2 24 180
6 93 77 85 6 0 20 0.00 0.0 0 8.2 17 130 M M 1 23 130
7 93 75 84 5 0 19 0.05 0.0 0 7.9 17 120 M M 3 38 24 120
8 91 74 83 4 0 18 0.00 0.0 0 7.3 14 350 M M 4 13 20 340
9 89 72 81 1 0 16 0.00 0.0 0 7.0 16 30 M M 3 23 70
10 94 68 81 1 0 16 0.00 0.0 0 5.8 15 150 M M 0 23 190
11 96 72 84 4 0 19 0.00 0.0 0 6.4 18 360 M M 0 26 360
12 89 65 77 -3 0 12 0.00 0.0 0 4.1 16 350 M M 1 20 340
13 95 62 79 -1 0 14 0.00 0.0 0 3.3 13 120 M M 0 18 16 140
14 99 70 85 5 0 20 0.00 0.0 0 8.5 18 160 M M 0 25 160
15 102 77 90 10 0 25 0.05 0.0 0 7.8 20 230 M M 2 3 30 250
16 91 76 84 4 0 19 0.01 0.0 0 3.3 10 90 M M 0 1 16 70
17 90 72 81 1 0 16 0.06 0.0 0 6.9 16 360 M M 5 18 23 30
18 94 66 80 0 0 15 0.00 0.0 0 2.5 8 80 M M 1 12 13 90
19 100 66 83 3 0 18 0.00 0.0 0 5.2 17 170 M M 0 23 180
20 96 68 82 2 0 17 0.00 0.0 0 5.4 15 350 M M 0 21 340
21 100 65 83 3 0 18 0.00 0.0 0 2.2 14 360 M M 0 1 16 360
22 101 72 87 7 0 22 0.00 0.0 0 7.3 17 210 M M 0 26 200
23 103 81 92 12 0 27 0.00 0.0 0 12.6 25 190 M M 0 41 180
24 92 74 83 3 0 18 0.11 0.0 0 7.5 18 10 M M 3 13 25 30
25 76 67 72 -8 0 7 0.72 0.0 0 8.0 17 50 M M 8 13 22 50
26 77 67 72 -8 0 7 0.39 0.0 0 5.0 13 160 M M 6 13 18 20
27 90 71 81 1 0 16 0.04 0.0 0 2.6 14 150 M M 4 1 18 160
28 86 68 77 -3 0 12 0.12 0.0 0 4.4 16 350 M M 3 13 22 360
29 81 63 72 -8 0 7 0.00 0.0 0 2.9 9 50 M M 1 12 70
30 85 59 72 -8 0 7 0.00 0.0 0 4.8 14 140 M M 3 12 20 100
31 92 69 81 1 0 16 0.00 0.0 0 5.9 13 200 M M 5 12 21 190
================================================================================
SM 2850 2184 0 509 2.61 0.0 188.7 M 70
================================================================================
AV 91.9 70.5 6.1 FASTST M M 2 MAX(MPH)
MISC ----> 25 190 41 180
================================================================================
NOTES:
# LAST OF SEVERAL OCCURRENCES
COLUMN 17 PEAK WIND IN M.P.H.
PRELIMINARY LOCAL CLIMATOLOGICAL DATA (WS FORM: F-6) , PAGE 2
STATION: TOPEKA KS
MONTH: JULY
YEAR: 2022
LATITUDE: 39 4 N
LONGITUDE: 95 38 W
[TEMPERATURE DATA] [PRECIPITATION DATA] SYMBOLS USED IN COLUMN 16
AVERAGE MONTHLY: 81.2 TOTAL FOR MONTH: 2.61 1 = FOG OR MIST
DPTR FM NORMAL: 1.4 DPTR FM NORMAL: -1.38 2 = FOG REDUCING VISIBILITY
HIGHEST: 103 ON 23 GRTST 24HR 1.06 ON 1- 2 TO 1/4 MILE OR LESS
LOWEST: 59 ON 30 3 = THUNDER
SNOW, ICE PELLETS, HAIL 4 = ICE PELLETS
TOTAL MONTH: 0.0 INCH 5 = HAIL
GRTST 24HR 0.0 6 = FREEZING RAIN OR DRIZZLE
GRTST DEPTH: 0 7 = DUSTSTORM OR SANDSTORM:
VSBY 1/2 MILE OR LESS
8 = SMOKE OR HAZE
[NO. OF DAYS WITH] [WEATHER - DAYS WITH] 9 = BLOWING SNOW
X = TORNADO
MAX 32 OR BELOW: 0 0.01 INCH OR MORE: 11
MAX 90 OR ABOVE: 22 0.10 INCH OR MORE: 6
MIN 32 OR BELOW: 0 0.50 INCH OR MORE: 2
MIN 0 OR BELOW: 0 1.00 INCH OR MORE: 0
[HDD (BASE 65) ]
TOTAL THIS MO. 0 CLEAR (SCALE 0-3) 23
DPTR FM NORMAL 0 PTCLDY (SCALE 4-7) 8
TOTAL FM JUL 1 0 CLOUDY (SCALE 8-10) 0
DPTR FM NORMAL 0
[CDD (BASE 65) ]
TOTAL THIS MO. 509
DPTR FM NORMAL 52 [PRESSURE DATA]
TOTAL FM JAN 1 1123 HIGHEST SLP M ON M
DPTR FM NORMAL 202 LOWEST SLP 29.68 ON 19
[REMARKS]
#FINAL-07-22#