000
CXUS55 KCYS 011000
CF6TOR
PRELIMINARY LOCAL CLIMATOLOGICAL DATA (WS FORM: F-6)
STATION: TORRINGTON WY AIRPORT
MONTH: OCTOBER
YEAR: 2020
LATITUDE: 42 3 N
LONGITUDE: 104 9 W
TEMPERATURE IN F: :PCPN: SNOW: WIND :SUNSHINE: SKY :PK WND
================================================================================
1 2 3 4 5 6A 6B 7 8 9 10 11 12 13 14 15 16 17 18
12Z AVG MX 2MIN
DY MAX MIN AVG DEP HDD CDD WTR SNW DPTH SPD SPD DIR MIN PSBL S-S WX SPD DR
================================================================================
1 66 35 51 -3 14 0 0.00 M M 5.9 12 270 M M 0 8 19 300
2 78 34 56 2 9 0 0.00 M M 8.7 33 30 M M 0 8 45 40
3 70 38 54 1 11 0 0.00 M M 6.3 20 300 M M 2 28 340
4 83 34 59 6 6 0 0.00 M M 3.5 10 250 M M 0 8 15 260
5 77 42 60 8 5 0 0.00 M M 10.1 23 320 M M 0 8 35 330
6 85 33 59 7 6 0 0.00 M M 3.6 12 300 M M 0 8 18 330
7 83 41 62 10 3 0 0.00 M M 7.4 17 120 M M 0 8 22 100
8 88 39 64 13 1 0 0.00 M M 5.4 18 260 M M 0 8 25 250
9 83 42 63 12 2 0 0.00 M M 5.8 21 310 M M 0 8 27 300
10 86 36 61 11 4 0 0.00 M M 11.5 28 160 M M 0 8 34 170
11 69 33 51 1 14 0 T M M 12.5 39 310 M M 3 8 58 310
12 72 26 49 -1 16 0 0.00 M M 15.8 37 270 M M 0 52 280
13 76 32 54 5 11 0 0.00 M M 12.9 29 250 M M 0 41 260
14 72 38 55 6 10 0 0.03 M M 14.3 37 10 M M 7 8 53 340
15 50 33 42 -7 23 0 0.00 M M 10.7 33 350 M M 4 42 350
16 68 21 45 -3 20 0 0.00 M M 9.8 25 270 M M 1 36 260
17 58 30 44 -4 21 0 T M M 11.0 30 10 M M 4 16 37 360
18 36 28 32 -16 33 0 T M M 12.0 24 140 M M 9 16 29 140
19 57 30 44 -3 21 0 T M M 9.3 22 110 M M 4 28 120
20 57 33 45 -2 20 0 0.00 M M 10.9 24 330 M M 2 37 340
21 75 31 53 6 12 0 T M M 12.2 22 360 M M 2 30 350
22 37 23 30 -16 35 0 T M M 12.5 26 340 M M 10 16 39 350
23 34 18 26 -20 39 0 0.00 M M 10.7 20 120 M M 5 26 340
24 32 17 25 -21 40 0 T M M 12.3 22 320 M M 8 1 34 330
25 17 6 12 -33 53 0 T M M 7.9 21 360 M M 10 1 27 360
26 18 -9 5 -40 60 0 0.00 M M 2.2 8 180 M M 4 9 180
27 33 -11 11 -33 54 0 0.00 M M 3.6 10 290 M M 0 12 310
28 46 16 31 -13 34 0 0.00 M M 4.2 14 310 M M 3 18 310
29 58 26 42 -2 23 0 0.00 M M 4.6 18 280 M M 1 18 25 280
30 68 27 48 5 17 0 0.00 M M 7.3 22 250 M M 0 30 260
31 57 27 42 -1 23 0 0.00 M M 11.0 25 290 M M 0 38 300
================================================================================
SM 1889 849 640 0 0.03 M 275.9 M 79
================================================================================
AV 60.9 27.4 8.9 FASTST M M 3 MAX(MPH)
MISC ----> # 39 310 # 58 310
================================================================================
NOTES:
# LAST OF SEVERAL OCCURRENCES
COLUMN 17 PEAK WIND IN M.P.H.
PRELIMINARY LOCAL CLIMATOLOGICAL DATA (WS FORM: F-6) , PAGE 2
STATION: TORRINGTON WY AIRPORT
MONTH: OCTOBER
YEAR: 2020
LATITUDE: 42 3 N
LONGITUDE: 104 9 W
[TEMPERATURE DATA] [PRECIPITATION DATA] SYMBOLS USED IN COLUMN 16
AVERAGE MONTHLY: 44.2 TOTAL FOR MONTH: 0.03 1 = FOG OR MIST
DPTR FM NORMAL: -4.1 DPTR FM NORMAL: -1.04 2 = FOG REDUCING VISIBILITY
HIGHEST: 88 ON 8 GRTST 24HR 0.03 ON 14-14 TO 1/4 MILE OR LESS
LOWEST: -11 ON 27 3 = THUNDER
SNOW, ICE PELLETS, HAIL 4 = ICE PELLETS
TOTAL MONTH: M 5 = HAIL
GRTST 24HR M ON M 6 = FREEZING RAIN OR DRIZZLE
GRTST DEPTH: M ON M 7 = DUSTSTORM OR SANDSTORM:
VSBY 1/2 MILE OR LESS
8 = SMOKE OR HAZE
[NO. OF DAYS WITH] [WEATHER - DAYS WITH] 9 = BLOWING SNOW
X = TORNADO
MAX 32 OR BELOW: 3 0.01 INCH OR MORE: 1
MAX 90 OR ABOVE: 0 0.10 INCH OR MORE: 0
MIN 32 OR BELOW: 17 0.50 INCH OR MORE: 0
MIN 0 OR BELOW: 2 1.00 INCH OR MORE: 0
[HDD (BASE 65) ]
TOTAL THIS MO. 640 CLEAR (SCALE 0-3) 21
DPTR FM NORMAL 124 PTCLDY (SCALE 4-7) 7
TOTAL FM JUL 1 805 CLOUDY (SCALE 8-10) 3
DPTR FM NORMAL 95
[CDD (BASE 65) ]
TOTAL THIS MO. 0
DPTR FM NORMAL 0 [PRESSURE DATA]
TOTAL FM JAN 1 934 HIGHEST SLP 30.62 ON 25
DPTR FM NORMAL 256 LOWEST SLP 29.46 ON 11
[REMARKS]
#FINAL-10-20#