000
CXUS51 KPHI 010815
CF6TTN
PRELIMINARY LOCAL CLIMATOLOGICAL DATA (WS FORM: F-6)
STATION: TRENTON NJ
MONTH: MARCH
YEAR: 2024
LATITUDE: 40 16 N
LONGITUDE: 74 49 W
TEMPERATURE IN F: :PCPN: SNOW: WIND :SUNSHINE: SKY :PK WND
================================================================================
1 2 3 4 5 6A 6B 7 8 9 10 11 12 13 14 15 16 17 18
12Z AVG MX 2MIN
DY MAX MIN AVG DEP HDD CDD WTR SNW DPTH SPD SPD DIR MIN PSBL S-S WX SPD DR
================================================================================
1 49 24 37 0 28 0 0.00 0.0 0 6.0 16 180 M M 1 22 210
2 53 37 45 7 20 0 1.33 T 0 7.1 18 80 M M 10 14 29 70
3 65 45 55 17 10 0 0.00 0.0 0 3.7 12 320 M M 3 19 330
4 64 42 53 15 12 0 0.00 0.0 0 7.5 16 100 M M 7 24 90
5 47 42 45 7 20 0 0.44 0.0 0 9.7 21 60 M M 10 1 31 50
6 50 46 48 9 17 0 1.18 0.0 0 6.0 16 40 M M 10 12 21 60
7 57 45 51 12 14 0 0.04 0.0 0 10.0 21 10 M M 9 1 32 360
8 55 35 45 6 20 0 0.00 0.0 0 7.7 15 140 M M 0 23 40
9 47 39 43 3 22 0 1.26 0.0 0 10.6 21 110 M M 9 1 29 110
10 49 35 42 2 23 0 0.01 T 0 12.9 24 270 M M 8 1 40 290
11 53 36 45 5 20 0 0.00 0.0 0 14.7 26 320 M M 4 41 290
12 67 38 53 13 12 0 0.00 0.0 0 8.1 20 270 M M 1 32 270
13 70 38 54 13 11 0 0.00 0.0 0 4.3 13 260 M M 0 19 270
14 74 41 58 17 7 0 0.00 0.0 0 4.2 14 200 M M 1 21 190
15 71 46 59 18 6 0 T 0.0 0 8.6 20 290 M M 4 32 270
16 59 41 50 8 15 0 0.00 0.0 0 6.9 16 260 M M 2 22 250
17 60 45 53 11 12 0 0.00 0.0 0 9.5 23 290 M M 4 36 290
18 48 35 42 0 23 0 0.00 0.0 0 10.6 18 300 M M 7 29 310
19 45 32 39 -3 26 0 T T 0 10.5 21 280 M M 6 33 320
20 58 32 45 2 20 0 T 0.0 0 10.3 26 310 M M 7 42 350
21 42 27 35 -8 30 0 0.00 0.0 0 10.0 21 330 M M 0 35 340
22 44 24 34 -10 31 0 0.00 0.0 0 4.5 15 150 M M 5 8 20 150
23 45 32 39 -5 26 0 2.91 0.0 0 13.5 25 330 M M 8 1 42 340
24 48 28 38 -6 27 0 0.00 0.0 0 9.4 24 340 M M 0 36 340
25 51 31 41 -4 24 0 0.00 0.0 0 8.2 18 100 M M 0 29 100
26 57 35 46 1 19 0 0.00 0.0 0 8.1 15 100 M M 7 22 70
27 47 41 44 -1 21 0 0.31 0.0 0 2.9 9 110 M M 10 1 14 230
28 50 43 47 1 18 0 0.09 0.0 0 6.5 16 340 M M 9 1 25 360
29 55 38 47 1 18 0 0.00 0.0 0 13.1 24 340 M M 0 38 290
30 59 37 48 2 17 0 0.05 0.0 0 9.1 20 250 M M 4 26 260
31 58 43 51 4 14 0 0.00 0.0 0 6.0 17 310 M M 3 25 310
================================================================================
SM 1697 1153 583 0 7.62 T 260.2 M 149
================================================================================
AV 54.7 37.2 8.4 FASTST M M 5 MAX(MPH)
MISC ----> # 26 320 # 42 350
================================================================================
NOTES:
# LAST OF SEVERAL OCCURRENCES
COLUMN 17 PEAK WIND IN M.P.H.
PRELIMINARY LOCAL CLIMATOLOGICAL DATA (WS FORM: F-6) , PAGE 2
STATION: TRENTON NJ
MONTH: MARCH
YEAR: 2024
LATITUDE: 40 16 N
LONGITUDE: 74 49 W
[TEMPERATURE DATA] [PRECIPITATION DATA] SYMBOLS USED IN COLUMN 16
AVERAGE MONTHLY: 46.0 TOTAL FOR MONTH: 7.62 1 = FOG OR MIST
DPTR FM NORMAL: 4.3 DPTR FM NORMAL: 3.62 2 = FOG REDUCING VISIBILITY
HIGHEST: 74 ON 14 GRTST 24HR 2.91 ON 23-23 TO 1/4 MILE OR LESS
LOWEST: 24 ON 22, 1 3 = THUNDER
SNOW, ICE PELLETS, HAIL 4 = ICE PELLETS
TOTAL MONTH: T 5 = HAIL
GRTST 24HR T ON 2- 2 6 = FREEZING RAIN OR DRIZZLE
GRTST DEPTH: 0 7 = DUSTSTORM OR SANDSTORM:
VSBY 1/2 MILE OR LESS
8 = SMOKE OR HAZE
[NO. OF DAYS WITH] [WEATHER - DAYS WITH] 9 = BLOWING SNOW
X = TORNADO
MAX 32 OR BELOW: 0 0.01 INCH OR MORE: 10
MAX 90 OR ABOVE: 0 0.10 INCH OR MORE: 6
MIN 32 OR BELOW: 8 0.50 INCH OR MORE: 4
MIN 0 OR BELOW: 0 1.00 INCH OR MORE: 4
[HDD (BASE 65) ]
TOTAL THIS MO. 583 CLEAR (SCALE 0-3) 12
DPTR FM NORMAL -139 PTCLDY (SCALE 4-7) 12
TOTAL FM JUL 1 4032 CLOUDY (SCALE 8-10) 7
DPTR FM NORMAL -389
[CDD (BASE 65) ]
TOTAL THIS MO. 0
DPTR FM NORMAL -1 [PRESSURE DATA]
TOTAL FM JAN 1 0 HIGHEST SLP 30.63 ON 1
DPTR FM NORMAL -1 LOWEST SLP 29.39 ON 10
[REMARKS]
#FINAL-03-24#